{"id":17259,"date":"2024-05-21T14:13:42","date_gmt":"2024-05-21T12:13:42","guid":{"rendered":"https:\/?post_type=product&#038;p=17259"},"modified":"2024-05-21T14:13:42","modified_gmt":"2024-05-21T12:13:42","slug":"fuxtec-tondeuse-thermique-fx-rm5396pes-pro-largeur-de-coupe-53cm-vitesse-reglable-demarrage-electrique-systeme-autotracte","status":"publish","type":"product","link":"https:\/\/cbs-electro.com\/index.php\/produit\/fuxtec-tondeuse-thermique-fx-rm5396pes-pro-largeur-de-coupe-53cm-vitesse-reglable-demarrage-electrique-systeme-autotracte\/","title":{"rendered":"FUXTEC Tondeuse Thermique FX-RM5396PeS-PRO, Largeur De Coupe 53cm, Vitesse R\u00e9glable, D\u00e9marrage \u00c9lectrique, Syst\u00e8me Autotract\u00e9"},"content":{"rendered":"<p>Informations g\u00e9n\u00e9rales sur le produit Nom du produit FUXTEC Tondeuse Thermique FX-RM5396PeS-PRO, Largeu Cat\u00e9gorie TONDEUSE G\u00e9n\u00e9ral Marque AUCUNE Dimensions et poids Dimensions 53cm 196cm3 6cv vitesse r\u00e9glable E-Start<\/p>\n","protected":false},"excerpt":{"rendered":"<p>Tondeuse \u00e0 gazon PRO \u00e0 essence avec moteur puissant de 196cm3 avec syst\u00e8me E-Start. Moteur 4 temps de 6 CV et 4,4KW de puissance. Avec autopropulsion r\u00e9glable et 53cm de largeur de coupe.DEMARRAGE \u00c9LECTRIQUE \u2013 D\u00e9marre facilement le moteur en appuyant sur un bouton. Recharge automatique de la batterie Li-Ion pendant la tonte.4en1 \u2013 tonte, ramassage, mulching et \u00e9jection lat\u00e9rale. Bac de ramassage de 60l inclus. Optima<\/p>\n","protected":false},"featured_media":17263,"template":"","meta":[],"product_brand":[],"product_cat":[74,99],"product_tag":[],"class_list":{"0":"post-17259","1":"product","2":"type-product","3":"status-publish","4":"has-post-thumbnail","6":"product_cat-maison-jardin","7":"product_cat-tondeuse-a-gazon","9":"first","10":"instock","11":"taxable","12":"shipping-taxable","13":"purchasable","14":"product-type-simple"},"yoast_head":"<!-- This site is optimized with the Yoast SEO plugin v24.8.1 - https:\/\/yoast.com\/wordpress\/plugins\/seo\/ -->\n<title>FUXTEC Tondeuse Thermique FX-RM5396PeS-PRO, Largeur De Coupe 53cm, Vitesse R\u00e9glable, D\u00e9marrage \u00c9lectrique, Syst\u00e8me Autotract\u00e9 - CBS Electro<\/title>\n<meta name=\"robots\" content=\"index, follow, max-snippet:-1, max-image-preview:large, max-video-preview:-1\" \/>\n<link rel=\"canonical\" href=\"https:\/\/cbs-electro.com\/index.php\/produit\/fuxtec-tondeuse-thermique-fx-rm5396pes-pro-largeur-de-coupe-53cm-vitesse-reglable-demarrage-electrique-systeme-autotracte\/\" \/>\n<meta property=\"og:locale\" content=\"fr_FR\" \/>\n<meta property=\"og:type\" content=\"article\" \/>\n<meta property=\"og:title\" content=\"FUXTEC Tondeuse Thermique FX-RM5396PeS-PRO, Largeur De Coupe 53cm, Vitesse R\u00e9glable, D\u00e9marrage \u00c9lectrique, Syst\u00e8me Autotract\u00e9 - CBS Electro\" \/>\n<meta property=\"og:description\" content=\"Tondeuse \u00e0 gazon PRO \u00e0 essence avec moteur puissant de 196cm3 avec syst\u00e8me E-Start. Moteur 4 temps de 6 CV et 4,4KW de puissance. Avec autopropulsion r\u00e9glable et 53cm de largeur de coupe.DEMARRAGE \u00c9LECTRIQUE \u2013 D\u00e9marre facilement le moteur en appuyant sur un bouton. Recharge automatique de la batterie Li-Ion pendant la tonte.4en1 \u2013 tonte, ramassage, mulching et \u00e9jection lat\u00e9rale. Bac de ramassage de 60l inclus. Optima\" \/>\n<meta property=\"og:url\" content=\"https:\/\/cbs-electro.com\/index.php\/produit\/fuxtec-tondeuse-thermique-fx-rm5396pes-pro-largeur-de-coupe-53cm-vitesse-reglable-demarrage-electrique-systeme-autotracte\/\" \/>\n<meta property=\"og:site_name\" content=\"CBS Electro\" \/>\n<meta property=\"og:image\" content=\"https:\/\/cbs-electro.com\/wp-content\/uploads\/2024\/05\/fuxtec-tondeuse-thermique-fx-rm5396pes-pro-largeu-4.jpg\" \/>\n\t<meta property=\"og:image:width\" content=\"1200\" \/>\n\t<meta property=\"og:image:height\" content=\"1200\" \/>\n\t<meta property=\"og:image:type\" content=\"image\/jpeg\" \/>\n<meta name=\"twitter:card\" content=\"summary_large_image\" \/>\n<script type=\"application\/ld+json\" class=\"yoast-schema-graph\">{\"@context\":\"https:\/\/schema.org\",\"@graph\":[{\"@type\":\"WebPage\",\"@id\":\"https:\/\/cbs-electro.com\/index.php\/produit\/fuxtec-tondeuse-thermique-fx-rm5396pes-pro-largeur-de-coupe-53cm-vitesse-reglable-demarrage-electrique-systeme-autotracte\/\",\"url\":\"https:\/\/cbs-electro.com\/index.php\/produit\/fuxtec-tondeuse-thermique-fx-rm5396pes-pro-largeur-de-coupe-53cm-vitesse-reglable-demarrage-electrique-systeme-autotracte\/\",\"name\":\"FUXTEC Tondeuse Thermique FX-RM5396PeS-PRO, Largeur De Coupe 53cm, Vitesse R\u00e9glable, D\u00e9marrage \u00c9lectrique, Syst\u00e8me Autotract\u00e9 - CBS Electro\",\"isPartOf\":{\"@id\":\"https:\/\/www.cbs-electro.com\/#website\"},\"primaryImageOfPage\":{\"@id\":\"https:\/\/cbs-electro.com\/index.php\/produit\/fuxtec-tondeuse-thermique-fx-rm5396pes-pro-largeur-de-coupe-53cm-vitesse-reglable-demarrage-electrique-systeme-autotracte\/#primaryimage\"},\"image\":{\"@id\":\"https:\/\/cbs-electro.com\/index.php\/produit\/fuxtec-tondeuse-thermique-fx-rm5396pes-pro-largeur-de-coupe-53cm-vitesse-reglable-demarrage-electrique-systeme-autotracte\/#primaryimage\"},\"thumbnailUrl\":\"https:\/\/cbs-electro.com\/wp-content\/uploads\/2024\/05\/fuxtec-tondeuse-thermique-fx-rm5396pes-pro-largeu-4.jpg\",\"datePublished\":\"2024-05-21T12:13:42+00:00\",\"breadcrumb\":{\"@id\":\"https:\/\/cbs-electro.com\/index.php\/produit\/fuxtec-tondeuse-thermique-fx-rm5396pes-pro-largeur-de-coupe-53cm-vitesse-reglable-demarrage-electrique-systeme-autotracte\/#breadcrumb\"},\"inLanguage\":\"fr-FR\",\"potentialAction\":[{\"@type\":\"ReadAction\",\"target\":[\"https:\/\/cbs-electro.com\/index.php\/produit\/fuxtec-tondeuse-thermique-fx-rm5396pes-pro-largeur-de-coupe-53cm-vitesse-reglable-demarrage-electrique-systeme-autotracte\/\"]}]},{\"@type\":\"ImageObject\",\"inLanguage\":\"fr-FR\",\"@id\":\"https:\/\/cbs-electro.com\/index.php\/produit\/fuxtec-tondeuse-thermique-fx-rm5396pes-pro-largeur-de-coupe-53cm-vitesse-reglable-demarrage-electrique-systeme-autotracte\/#primaryimage\",\"url\":\"https:\/\/cbs-electro.com\/wp-content\/uploads\/2024\/05\/fuxtec-tondeuse-thermique-fx-rm5396pes-pro-largeu-4.jpg\",\"contentUrl\":\"https:\/\/cbs-electro.com\/wp-content\/uploads\/2024\/05\/fuxtec-tondeuse-thermique-fx-rm5396pes-pro-largeu-4.jpg\",\"width\":1200,\"height\":1200},{\"@type\":\"BreadcrumbList\",\"@id\":\"https:\/\/cbs-electro.com\/index.php\/produit\/fuxtec-tondeuse-thermique-fx-rm5396pes-pro-largeur-de-coupe-53cm-vitesse-reglable-demarrage-electrique-systeme-autotracte\/#breadcrumb\",\"itemListElement\":[{\"@type\":\"ListItem\",\"position\":1,\"name\":\"Accueil\",\"item\":\"https:\/\/www.cbs-electro.com\/\"},{\"@type\":\"ListItem\",\"position\":2,\"name\":\"Boutique\",\"item\":\"https:\/\/www.cbs-electro.com\/index.php\/boutique\/\"},{\"@type\":\"ListItem\",\"position\":3,\"name\":\"FUXTEC Tondeuse Thermique FX-RM5396PeS-PRO, Largeur De Coupe 53cm, Vitesse R\u00e9glable, D\u00e9marrage \u00c9lectrique, Syst\u00e8me Autotract\u00e9\"}]},{\"@type\":\"WebSite\",\"@id\":\"https:\/\/www.cbs-electro.com\/#website\",\"url\":\"https:\/\/www.cbs-electro.com\/\",\"name\":\"CBS Electro\",\"description\":\"Vente des produits neufs - Informatique, Smartphones, livres, jeux vid\u00e9o, photos, jouets et \u00e9lectrom\u00e9nager\",\"potentialAction\":[{\"@type\":\"SearchAction\",\"target\":{\"@type\":\"EntryPoint\",\"urlTemplate\":\"https:\/\/www.cbs-electro.com\/?s={search_term_string}\"},\"query-input\":{\"@type\":\"PropertyValueSpecification\",\"valueRequired\":true,\"valueName\":\"search_term_string\"}}],\"inLanguage\":\"fr-FR\"}]}<\/script>\n<!-- \/ Yoast SEO plugin. -->","yoast_head_json":{"title":"FUXTEC Tondeuse Thermique FX-RM5396PeS-PRO, Largeur De Coupe 53cm, Vitesse R\u00e9glable, D\u00e9marrage \u00c9lectrique, Syst\u00e8me Autotract\u00e9 - CBS Electro","robots":{"index":"index","follow":"follow","max-snippet":"max-snippet:-1","max-image-preview":"max-image-preview:large","max-video-preview":"max-video-preview:-1"},"canonical":"https:\/\/cbs-electro.com\/index.php\/produit\/fuxtec-tondeuse-thermique-fx-rm5396pes-pro-largeur-de-coupe-53cm-vitesse-reglable-demarrage-electrique-systeme-autotracte\/","og_locale":"fr_FR","og_type":"article","og_title":"FUXTEC Tondeuse Thermique FX-RM5396PeS-PRO, Largeur De Coupe 53cm, Vitesse R\u00e9glable, D\u00e9marrage \u00c9lectrique, Syst\u00e8me Autotract\u00e9 - CBS Electro","og_description":"Tondeuse \u00e0 gazon PRO \u00e0 essence avec moteur puissant de 196cm3 avec syst\u00e8me E-Start. Moteur 4 temps de 6 CV et 4,4KW de puissance. Avec autopropulsion r\u00e9glable et 53cm de largeur de coupe.DEMARRAGE \u00c9LECTRIQUE \u2013 D\u00e9marre facilement le moteur en appuyant sur un bouton. Recharge automatique de la batterie Li-Ion pendant la tonte.4en1 \u2013 tonte, ramassage, mulching et \u00e9jection lat\u00e9rale. Bac de ramassage de 60l inclus. Optima","og_url":"https:\/\/cbs-electro.com\/index.php\/produit\/fuxtec-tondeuse-thermique-fx-rm5396pes-pro-largeur-de-coupe-53cm-vitesse-reglable-demarrage-electrique-systeme-autotracte\/","og_site_name":"CBS Electro","og_image":[{"width":1200,"height":1200,"url":"https:\/\/cbs-electro.com\/wp-content\/uploads\/2024\/05\/fuxtec-tondeuse-thermique-fx-rm5396pes-pro-largeu-4.jpg","type":"image\/jpeg"}],"twitter_card":"summary_large_image","schema":{"@context":"https:\/\/schema.org","@graph":[{"@type":"WebPage","@id":"https:\/\/cbs-electro.com\/index.php\/produit\/fuxtec-tondeuse-thermique-fx-rm5396pes-pro-largeur-de-coupe-53cm-vitesse-reglable-demarrage-electrique-systeme-autotracte\/","url":"https:\/\/cbs-electro.com\/index.php\/produit\/fuxtec-tondeuse-thermique-fx-rm5396pes-pro-largeur-de-coupe-53cm-vitesse-reglable-demarrage-electrique-systeme-autotracte\/","name":"FUXTEC Tondeuse Thermique FX-RM5396PeS-PRO, Largeur De Coupe 53cm, Vitesse R\u00e9glable, D\u00e9marrage \u00c9lectrique, Syst\u00e8me Autotract\u00e9 - CBS Electro","isPartOf":{"@id":"https:\/\/www.cbs-electro.com\/#website"},"primaryImageOfPage":{"@id":"https:\/\/cbs-electro.com\/index.php\/produit\/fuxtec-tondeuse-thermique-fx-rm5396pes-pro-largeur-de-coupe-53cm-vitesse-reglable-demarrage-electrique-systeme-autotracte\/#primaryimage"},"image":{"@id":"https:\/\/cbs-electro.com\/index.php\/produit\/fuxtec-tondeuse-thermique-fx-rm5396pes-pro-largeur-de-coupe-53cm-vitesse-reglable-demarrage-electrique-systeme-autotracte\/#primaryimage"},"thumbnailUrl":"https:\/\/cbs-electro.com\/wp-content\/uploads\/2024\/05\/fuxtec-tondeuse-thermique-fx-rm5396pes-pro-largeu-4.jpg","datePublished":"2024-05-21T12:13:42+00:00","breadcrumb":{"@id":"https:\/\/cbs-electro.com\/index.php\/produit\/fuxtec-tondeuse-thermique-fx-rm5396pes-pro-largeur-de-coupe-53cm-vitesse-reglable-demarrage-electrique-systeme-autotracte\/#breadcrumb"},"inLanguage":"fr-FR","potentialAction":[{"@type":"ReadAction","target":["https:\/\/cbs-electro.com\/index.php\/produit\/fuxtec-tondeuse-thermique-fx-rm5396pes-pro-largeur-de-coupe-53cm-vitesse-reglable-demarrage-electrique-systeme-autotracte\/"]}]},{"@type":"ImageObject","inLanguage":"fr-FR","@id":"https:\/\/cbs-electro.com\/index.php\/produit\/fuxtec-tondeuse-thermique-fx-rm5396pes-pro-largeur-de-coupe-53cm-vitesse-reglable-demarrage-electrique-systeme-autotracte\/#primaryimage","url":"https:\/\/cbs-electro.com\/wp-content\/uploads\/2024\/05\/fuxtec-tondeuse-thermique-fx-rm5396pes-pro-largeu-4.jpg","contentUrl":"https:\/\/cbs-electro.com\/wp-content\/uploads\/2024\/05\/fuxtec-tondeuse-thermique-fx-rm5396pes-pro-largeu-4.jpg","width":1200,"height":1200},{"@type":"BreadcrumbList","@id":"https:\/\/cbs-electro.com\/index.php\/produit\/fuxtec-tondeuse-thermique-fx-rm5396pes-pro-largeur-de-coupe-53cm-vitesse-reglable-demarrage-electrique-systeme-autotracte\/#breadcrumb","itemListElement":[{"@type":"ListItem","position":1,"name":"Accueil","item":"https:\/\/www.cbs-electro.com\/"},{"@type":"ListItem","position":2,"name":"Boutique","item":"https:\/\/www.cbs-electro.com\/index.php\/boutique\/"},{"@type":"ListItem","position":3,"name":"FUXTEC Tondeuse Thermique FX-RM5396PeS-PRO, Largeur De Coupe 53cm, Vitesse R\u00e9glable, D\u00e9marrage \u00c9lectrique, Syst\u00e8me Autotract\u00e9"}]},{"@type":"WebSite","@id":"https:\/\/www.cbs-electro.com\/#website","url":"https:\/\/www.cbs-electro.com\/","name":"CBS Electro","description":"Vente des produits neufs - Informatique, Smartphones, livres, jeux vid\u00e9o, photos, jouets et \u00e9lectrom\u00e9nager","potentialAction":[{"@type":"SearchAction","target":{"@type":"EntryPoint","urlTemplate":"https:\/\/www.cbs-electro.com\/?s={search_term_string}"},"query-input":{"@type":"PropertyValueSpecification","valueRequired":true,"valueName":"search_term_string"}}],"inLanguage":"fr-FR"}]}},"_links":{"self":[{"href":"https:\/\/cbs-electro.com\/index.php\/wp-json\/wp\/v2\/product\/17259","targetHints":{"allow":["GET"]}}],"collection":[{"href":"https:\/\/cbs-electro.com\/index.php\/wp-json\/wp\/v2\/product"}],"about":[{"href":"https:\/\/cbs-electro.com\/index.php\/wp-json\/wp\/v2\/types\/product"}],"version-history":[{"count":1,"href":"https:\/\/cbs-electro.com\/index.php\/wp-json\/wp\/v2\/product\/17259\/revisions"}],"predecessor-version":[{"id":17264,"href":"https:\/\/cbs-electro.com\/index.php\/wp-json\/wp\/v2\/product\/17259\/revisions\/17264"}],"wp:featuredmedia":[{"embeddable":true,"href":"https:\/\/cbs-electro.com\/index.php\/wp-json\/wp\/v2\/media\/17263"}],"wp:attachment":[{"href":"https:\/\/cbs-electro.com\/index.php\/wp-json\/wp\/v2\/media?parent=17259"}],"wp:term":[{"taxonomy":"product_brand","embeddable":true,"href":"https:\/\/cbs-electro.com\/index.php\/wp-json\/wp\/v2\/product_brand?post=17259"},{"taxonomy":"product_cat","embeddable":true,"href":"https:\/\/cbs-electro.com\/index.php\/wp-json\/wp\/v2\/product_cat?post=17259"},{"taxonomy":"product_tag","embeddable":true,"href":"https:\/\/cbs-electro.com\/index.php\/wp-json\/wp\/v2\/product_tag?post=17259"}],"curies":[{"name":"wp","href":"https:\/\/api.w.org\/{rel}","templated":true}]}}