{"id":16614,"date":"2023-12-03T16:10:37","date_gmt":"2023-12-03T15:10:37","guid":{"rendered":"https:\/?post_type=product&#038;p=16614"},"modified":"2025-03-13T07:22:33","modified_gmt":"2025-03-13T06:22:33","slug":"apple-macbook-air-m1-argent-mgn93fn-a-16gb","status":"publish","type":"product","link":"https:\/\/cbs-electro.com\/index.php\/produit\/apple-macbook-air-m1-argent-mgn93fn-a-16gb\/","title":{"rendered":"Apple MacBook Air M1 Argent (MGN93FN\/A-16GB)"},"content":{"rendered":"<p class=\"mb-4 d-none d-md-block text-justify\">Le plus l\u00e9ger des MacBook revient dans sa nouvelle version avec le Apple MacBook Air (MGN93FN\/A-16GB) en coloris argent ! R\u00e9alis\u00e9 dans un aluminium 100% recycl\u00e9, il int\u00e8gre une puce Apple M1 pour un gain de performance spectaculaire, 16 Go de RAM et un SSD de 256 Go en plus d&rsquo;un magnifique \u00e9cran Retina. Le tout dans un ch\u00e2ssis poids plume de 1,29 kg qui finira de vous convaincre de faire de lui votre partenaire num\u00e9rique !<\/p>\n<div class=\"row align-items-center justify-content-center justify-content-lg-start my-3\">\n<div class=\"col-auto\">\n<div class=\"d-flex align-items-end\"><\/div>\n<\/div>\n<\/div>\n","protected":false},"excerpt":{"rendered":"<div class=\"col-12 col-md-9\">\n<h2 class=\"c-product__specs\">Bureautique, 13,3&Prime;, Apple M1, RAM 16 Go, SSD 256 Go, Mac OS Big Sur, 1,29 Kg<\/h2>\n<\/div>\n<div class=\"d-none d-md-block col-md-3\"><\/div>\n","protected":false},"featured_media":16612,"template":"","meta":[],"product_brand":[],"product_cat":[104,163],"product_tag":[],"class_list":{"0":"post-16614","1":"product","2":"type-product","3":"status-publish","4":"has-post-thumbnail","6":"product_cat-informatique","7":"product_cat-ordinateur-portable","9":"first","10":"instock","11":"taxable","12":"shipping-taxable","13":"purchasable","14":"product-type-simple"},"yoast_head":"<!-- This site is optimized with the Yoast SEO plugin v24.8.1 - https:\/\/yoast.com\/wordpress\/plugins\/seo\/ -->\n<title>Apple MacBook Air M1 Argent (MGN93FN\/A-16GB) - CBS Electro<\/title>\n<meta name=\"robots\" content=\"index, follow, max-snippet:-1, max-image-preview:large, max-video-preview:-1\" \/>\n<link rel=\"canonical\" href=\"https:\/\/cbs-electro.com\/index.php\/produit\/apple-macbook-air-m1-argent-mgn93fn-a-16gb\/\" \/>\n<meta property=\"og:locale\" content=\"fr_FR\" \/>\n<meta property=\"og:type\" content=\"article\" \/>\n<meta property=\"og:title\" content=\"Apple MacBook Air M1 Argent (MGN93FN\/A-16GB) - CBS Electro\" \/>\n<meta property=\"og:description\" content=\"Bureautique, 13,3&quot;, Apple M1, RAM 16 Go, SSD 256 Go, Mac OS Big Sur, 1,29 Kg\" \/>\n<meta property=\"og:url\" content=\"https:\/\/cbs-electro.com\/index.php\/produit\/apple-macbook-air-m1-argent-mgn93fn-a-16gb\/\" \/>\n<meta property=\"og:site_name\" content=\"CBS Electro\" \/>\n<meta property=\"article:modified_time\" content=\"2025-03-13T06:22:33+00:00\" \/>\n<meta property=\"og:image\" content=\"https:\/\/cbs-electro.com\/wp-content\/uploads\/2023\/12\/MN0005774720_1.jpg\" \/>\n\t<meta property=\"og:image:width\" content=\"550\" \/>\n\t<meta property=\"og:image:height\" content=\"550\" \/>\n\t<meta property=\"og:image:type\" content=\"image\/jpeg\" \/>\n<meta name=\"twitter:card\" content=\"summary_large_image\" \/>\n<script type=\"application\/ld+json\" class=\"yoast-schema-graph\">{\"@context\":\"https:\/\/schema.org\",\"@graph\":[{\"@type\":\"WebPage\",\"@id\":\"https:\/\/cbs-electro.com\/index.php\/produit\/apple-macbook-air-m1-argent-mgn93fn-a-16gb\/\",\"url\":\"https:\/\/cbs-electro.com\/index.php\/produit\/apple-macbook-air-m1-argent-mgn93fn-a-16gb\/\",\"name\":\"Apple MacBook Air M1 Argent (MGN93FN\/A-16GB) - CBS Electro\",\"isPartOf\":{\"@id\":\"https:\/\/www.cbs-electro.com\/#website\"},\"primaryImageOfPage\":{\"@id\":\"https:\/\/cbs-electro.com\/index.php\/produit\/apple-macbook-air-m1-argent-mgn93fn-a-16gb\/#primaryimage\"},\"image\":{\"@id\":\"https:\/\/cbs-electro.com\/index.php\/produit\/apple-macbook-air-m1-argent-mgn93fn-a-16gb\/#primaryimage\"},\"thumbnailUrl\":\"https:\/\/cbs-electro.com\/wp-content\/uploads\/2023\/12\/MN0005774720_1.jpg\",\"datePublished\":\"2023-12-03T15:10:37+00:00\",\"dateModified\":\"2025-03-13T06:22:33+00:00\",\"breadcrumb\":{\"@id\":\"https:\/\/cbs-electro.com\/index.php\/produit\/apple-macbook-air-m1-argent-mgn93fn-a-16gb\/#breadcrumb\"},\"inLanguage\":\"fr-FR\",\"potentialAction\":[{\"@type\":\"ReadAction\",\"target\":[\"https:\/\/cbs-electro.com\/index.php\/produit\/apple-macbook-air-m1-argent-mgn93fn-a-16gb\/\"]}]},{\"@type\":\"ImageObject\",\"inLanguage\":\"fr-FR\",\"@id\":\"https:\/\/cbs-electro.com\/index.php\/produit\/apple-macbook-air-m1-argent-mgn93fn-a-16gb\/#primaryimage\",\"url\":\"https:\/\/cbs-electro.com\/wp-content\/uploads\/2023\/12\/MN0005774720_1.jpg\",\"contentUrl\":\"https:\/\/cbs-electro.com\/wp-content\/uploads\/2023\/12\/MN0005774720_1.jpg\",\"width\":550,\"height\":550},{\"@type\":\"BreadcrumbList\",\"@id\":\"https:\/\/cbs-electro.com\/index.php\/produit\/apple-macbook-air-m1-argent-mgn93fn-a-16gb\/#breadcrumb\",\"itemListElement\":[{\"@type\":\"ListItem\",\"position\":1,\"name\":\"Accueil\",\"item\":\"https:\/\/www.cbs-electro.com\/\"},{\"@type\":\"ListItem\",\"position\":2,\"name\":\"Boutique\",\"item\":\"https:\/\/www.cbs-electro.com\/index.php\/boutique\/\"},{\"@type\":\"ListItem\",\"position\":3,\"name\":\"Apple MacBook Air M1 Argent (MGN93FN\/A-16GB)\"}]},{\"@type\":\"WebSite\",\"@id\":\"https:\/\/www.cbs-electro.com\/#website\",\"url\":\"https:\/\/www.cbs-electro.com\/\",\"name\":\"CBS Electro\",\"description\":\"Vente des produits neufs - Informatique, Smartphones, livres, jeux vid\u00e9o, photos, jouets et \u00e9lectrom\u00e9nager\",\"potentialAction\":[{\"@type\":\"SearchAction\",\"target\":{\"@type\":\"EntryPoint\",\"urlTemplate\":\"https:\/\/www.cbs-electro.com\/?s={search_term_string}\"},\"query-input\":{\"@type\":\"PropertyValueSpecification\",\"valueRequired\":true,\"valueName\":\"search_term_string\"}}],\"inLanguage\":\"fr-FR\"}]}<\/script>\n<!-- \/ Yoast SEO plugin. -->","yoast_head_json":{"title":"Apple MacBook Air M1 Argent (MGN93FN\/A-16GB) - CBS Electro","robots":{"index":"index","follow":"follow","max-snippet":"max-snippet:-1","max-image-preview":"max-image-preview:large","max-video-preview":"max-video-preview:-1"},"canonical":"https:\/\/cbs-electro.com\/index.php\/produit\/apple-macbook-air-m1-argent-mgn93fn-a-16gb\/","og_locale":"fr_FR","og_type":"article","og_title":"Apple MacBook Air M1 Argent (MGN93FN\/A-16GB) - CBS Electro","og_description":"Bureautique, 13,3\", Apple M1, RAM 16 Go, SSD 256 Go, Mac OS Big Sur, 1,29 Kg","og_url":"https:\/\/cbs-electro.com\/index.php\/produit\/apple-macbook-air-m1-argent-mgn93fn-a-16gb\/","og_site_name":"CBS Electro","article_modified_time":"2025-03-13T06:22:33+00:00","og_image":[{"width":550,"height":550,"url":"https:\/\/cbs-electro.com\/wp-content\/uploads\/2023\/12\/MN0005774720_1.jpg","type":"image\/jpeg"}],"twitter_card":"summary_large_image","schema":{"@context":"https:\/\/schema.org","@graph":[{"@type":"WebPage","@id":"https:\/\/cbs-electro.com\/index.php\/produit\/apple-macbook-air-m1-argent-mgn93fn-a-16gb\/","url":"https:\/\/cbs-electro.com\/index.php\/produit\/apple-macbook-air-m1-argent-mgn93fn-a-16gb\/","name":"Apple MacBook Air M1 Argent (MGN93FN\/A-16GB) - CBS Electro","isPartOf":{"@id":"https:\/\/www.cbs-electro.com\/#website"},"primaryImageOfPage":{"@id":"https:\/\/cbs-electro.com\/index.php\/produit\/apple-macbook-air-m1-argent-mgn93fn-a-16gb\/#primaryimage"},"image":{"@id":"https:\/\/cbs-electro.com\/index.php\/produit\/apple-macbook-air-m1-argent-mgn93fn-a-16gb\/#primaryimage"},"thumbnailUrl":"https:\/\/cbs-electro.com\/wp-content\/uploads\/2023\/12\/MN0005774720_1.jpg","datePublished":"2023-12-03T15:10:37+00:00","dateModified":"2025-03-13T06:22:33+00:00","breadcrumb":{"@id":"https:\/\/cbs-electro.com\/index.php\/produit\/apple-macbook-air-m1-argent-mgn93fn-a-16gb\/#breadcrumb"},"inLanguage":"fr-FR","potentialAction":[{"@type":"ReadAction","target":["https:\/\/cbs-electro.com\/index.php\/produit\/apple-macbook-air-m1-argent-mgn93fn-a-16gb\/"]}]},{"@type":"ImageObject","inLanguage":"fr-FR","@id":"https:\/\/cbs-electro.com\/index.php\/produit\/apple-macbook-air-m1-argent-mgn93fn-a-16gb\/#primaryimage","url":"https:\/\/cbs-electro.com\/wp-content\/uploads\/2023\/12\/MN0005774720_1.jpg","contentUrl":"https:\/\/cbs-electro.com\/wp-content\/uploads\/2023\/12\/MN0005774720_1.jpg","width":550,"height":550},{"@type":"BreadcrumbList","@id":"https:\/\/cbs-electro.com\/index.php\/produit\/apple-macbook-air-m1-argent-mgn93fn-a-16gb\/#breadcrumb","itemListElement":[{"@type":"ListItem","position":1,"name":"Accueil","item":"https:\/\/www.cbs-electro.com\/"},{"@type":"ListItem","position":2,"name":"Boutique","item":"https:\/\/www.cbs-electro.com\/index.php\/boutique\/"},{"@type":"ListItem","position":3,"name":"Apple MacBook Air M1 Argent (MGN93FN\/A-16GB)"}]},{"@type":"WebSite","@id":"https:\/\/www.cbs-electro.com\/#website","url":"https:\/\/www.cbs-electro.com\/","name":"CBS Electro","description":"Vente des produits neufs - Informatique, Smartphones, livres, jeux vid\u00e9o, photos, jouets et \u00e9lectrom\u00e9nager","potentialAction":[{"@type":"SearchAction","target":{"@type":"EntryPoint","urlTemplate":"https:\/\/www.cbs-electro.com\/?s={search_term_string}"},"query-input":{"@type":"PropertyValueSpecification","valueRequired":true,"valueName":"search_term_string"}}],"inLanguage":"fr-FR"}]}},"_links":{"self":[{"href":"https:\/\/cbs-electro.com\/index.php\/wp-json\/wp\/v2\/product\/16614","targetHints":{"allow":["GET"]}}],"collection":[{"href":"https:\/\/cbs-electro.com\/index.php\/wp-json\/wp\/v2\/product"}],"about":[{"href":"https:\/\/cbs-electro.com\/index.php\/wp-json\/wp\/v2\/types\/product"}],"version-history":[{"count":1,"href":"https:\/\/cbs-electro.com\/index.php\/wp-json\/wp\/v2\/product\/16614\/revisions"}],"predecessor-version":[{"id":16615,"href":"https:\/\/cbs-electro.com\/index.php\/wp-json\/wp\/v2\/product\/16614\/revisions\/16615"}],"wp:featuredmedia":[{"embeddable":true,"href":"https:\/\/cbs-electro.com\/index.php\/wp-json\/wp\/v2\/media\/16612"}],"wp:attachment":[{"href":"https:\/\/cbs-electro.com\/index.php\/wp-json\/wp\/v2\/media?parent=16614"}],"wp:term":[{"taxonomy":"product_brand","embeddable":true,"href":"https:\/\/cbs-electro.com\/index.php\/wp-json\/wp\/v2\/product_brand?post=16614"},{"taxonomy":"product_cat","embeddable":true,"href":"https:\/\/cbs-electro.com\/index.php\/wp-json\/wp\/v2\/product_cat?post=16614"},{"taxonomy":"product_tag","embeddable":true,"href":"https:\/\/cbs-electro.com\/index.php\/wp-json\/wp\/v2\/product_tag?post=16614"}],"curies":[{"name":"wp","href":"https:\/\/api.w.org\/{rel}","templated":true}]}}