{"id":16498,"date":"2023-12-03T14:56:02","date_gmt":"2023-12-03T13:56:02","guid":{"rendered":"https:\/?post_type=product&#038;p=16498"},"modified":"2025-03-13T07:31:08","modified_gmt":"2025-03-13T06:31:08","slug":"hp-eliteone-870-g9-7b0p5ea","status":"publish","type":"product","link":"https:\/\/cbs-electro.com\/index.php\/produit\/hp-eliteone-870-g9-7b0p5ea\/","title":{"rendered":"HP EliteOne 870 G9 (7B0P5EA)"},"content":{"rendered":"<p>L&rsquo;ordinateur professionnel tout-en-un HP EliteOne 870 G9 (7B0P5EA) est un partenaire de choix pour vos t\u00e2ches quotidiennes avec son \u00e9cran de 27 pouces et sa webcam int\u00e9gr\u00e9e. Le All in One permet de g\u00e9rer simplement le multit\u00e2che pour une meilleure productivit\u00e9. Il est \u00e9quip\u00e9 d&rsquo;un processeur Intel Core i7-13700 associ\u00e9 \u00e0 16 Go de m\u00e9moire. Le disque SSD avec 512 Go permet l&rsquo;ex\u00e9cution rapide de toutes vos applications. Polyvalent et s\u00e9curis\u00e9, cet ordinateur est livr\u00e9 avec Windows 11 Professionnel pr\u00e9install\u00e9. Cette version est livr\u00e9e avec un clavier et une souris USB.<\/p>\n","protected":false},"excerpt":{"rendered":"<div class=\"col-12 col-md-9\">\n<p class=\"c-product__specs\">PC tout en un, \u00e9cran 27&Prime;, Professionnel, Intel Core i7-13700, Intel UHD Graphics 770, SSD 512 Go, 16Go DDR5, Windows 11 Pro<\/p>\n<\/div>\n<div class=\"d-none d-md-block col-md-3\"><\/div>\n","protected":false},"featured_media":16501,"template":"","meta":[],"product_brand":[],"product_cat":[104,164],"product_tag":[],"class_list":{"0":"post-16498","1":"product","2":"type-product","3":"status-publish","4":"has-post-thumbnail","6":"product_cat-informatique","7":"product_cat-ordinateur-tout-en-un","9":"first","10":"instock","11":"taxable","12":"shipping-taxable","13":"purchasable","14":"product-type-simple"},"yoast_head":"<!-- This site is optimized with the Yoast SEO plugin v24.8.1 - https:\/\/yoast.com\/wordpress\/plugins\/seo\/ -->\n<title>HP EliteOne 870 G9 (7B0P5EA) - CBS Electro<\/title>\n<meta name=\"robots\" content=\"index, follow, max-snippet:-1, max-image-preview:large, max-video-preview:-1\" \/>\n<link rel=\"canonical\" href=\"https:\/\/cbs-electro.com\/index.php\/produit\/hp-eliteone-870-g9-7b0p5ea\/\" \/>\n<meta property=\"og:locale\" content=\"fr_FR\" \/>\n<meta property=\"og:type\" content=\"article\" \/>\n<meta property=\"og:title\" content=\"HP EliteOne 870 G9 (7B0P5EA) - CBS Electro\" \/>\n<meta property=\"og:description\" content=\"PC tout en un, \u00e9cran 27&quot;, Professionnel, Intel Core i7-13700, Intel UHD Graphics 770, SSD 512 Go, 16Go DDR5, Windows 11 Pro\" \/>\n<meta property=\"og:url\" content=\"https:\/\/cbs-electro.com\/index.php\/produit\/hp-eliteone-870-g9-7b0p5ea\/\" \/>\n<meta property=\"og:site_name\" content=\"CBS Electro\" \/>\n<meta property=\"article:modified_time\" content=\"2025-03-13T06:31:08+00:00\" \/>\n<meta property=\"og:image\" content=\"https:\/\/cbs-electro.com\/wp-content\/uploads\/2023\/12\/MN0006074721_0006074727.jpg\" \/>\n\t<meta property=\"og:image:width\" content=\"550\" \/>\n\t<meta property=\"og:image:height\" content=\"550\" \/>\n\t<meta property=\"og:image:type\" content=\"image\/jpeg\" \/>\n<meta name=\"twitter:card\" content=\"summary_large_image\" \/>\n<script type=\"application\/ld+json\" class=\"yoast-schema-graph\">{\"@context\":\"https:\/\/schema.org\",\"@graph\":[{\"@type\":\"WebPage\",\"@id\":\"https:\/\/cbs-electro.com\/index.php\/produit\/hp-eliteone-870-g9-7b0p5ea\/\",\"url\":\"https:\/\/cbs-electro.com\/index.php\/produit\/hp-eliteone-870-g9-7b0p5ea\/\",\"name\":\"HP EliteOne 870 G9 (7B0P5EA) - CBS Electro\",\"isPartOf\":{\"@id\":\"https:\/\/www.cbs-electro.com\/#website\"},\"primaryImageOfPage\":{\"@id\":\"https:\/\/cbs-electro.com\/index.php\/produit\/hp-eliteone-870-g9-7b0p5ea\/#primaryimage\"},\"image\":{\"@id\":\"https:\/\/cbs-electro.com\/index.php\/produit\/hp-eliteone-870-g9-7b0p5ea\/#primaryimage\"},\"thumbnailUrl\":\"https:\/\/cbs-electro.com\/wp-content\/uploads\/2023\/12\/MN0006074721_0006074727.jpg\",\"datePublished\":\"2023-12-03T13:56:02+00:00\",\"dateModified\":\"2025-03-13T06:31:08+00:00\",\"breadcrumb\":{\"@id\":\"https:\/\/cbs-electro.com\/index.php\/produit\/hp-eliteone-870-g9-7b0p5ea\/#breadcrumb\"},\"inLanguage\":\"fr-FR\",\"potentialAction\":[{\"@type\":\"ReadAction\",\"target\":[\"https:\/\/cbs-electro.com\/index.php\/produit\/hp-eliteone-870-g9-7b0p5ea\/\"]}]},{\"@type\":\"ImageObject\",\"inLanguage\":\"fr-FR\",\"@id\":\"https:\/\/cbs-electro.com\/index.php\/produit\/hp-eliteone-870-g9-7b0p5ea\/#primaryimage\",\"url\":\"https:\/\/cbs-electro.com\/wp-content\/uploads\/2023\/12\/MN0006074721_0006074727.jpg\",\"contentUrl\":\"https:\/\/cbs-electro.com\/wp-content\/uploads\/2023\/12\/MN0006074721_0006074727.jpg\",\"width\":550,\"height\":550},{\"@type\":\"BreadcrumbList\",\"@id\":\"https:\/\/cbs-electro.com\/index.php\/produit\/hp-eliteone-870-g9-7b0p5ea\/#breadcrumb\",\"itemListElement\":[{\"@type\":\"ListItem\",\"position\":1,\"name\":\"Accueil\",\"item\":\"https:\/\/www.cbs-electro.com\/\"},{\"@type\":\"ListItem\",\"position\":2,\"name\":\"Boutique\",\"item\":\"https:\/\/www.cbs-electro.com\/index.php\/boutique\/\"},{\"@type\":\"ListItem\",\"position\":3,\"name\":\"HP EliteOne 870 G9 (7B0P5EA)\"}]},{\"@type\":\"WebSite\",\"@id\":\"https:\/\/www.cbs-electro.com\/#website\",\"url\":\"https:\/\/www.cbs-electro.com\/\",\"name\":\"CBS Electro\",\"description\":\"Vente des produits neufs - Informatique, Smartphones, livres, jeux vid\u00e9o, photos, jouets et \u00e9lectrom\u00e9nager\",\"potentialAction\":[{\"@type\":\"SearchAction\",\"target\":{\"@type\":\"EntryPoint\",\"urlTemplate\":\"https:\/\/www.cbs-electro.com\/?s={search_term_string}\"},\"query-input\":{\"@type\":\"PropertyValueSpecification\",\"valueRequired\":true,\"valueName\":\"search_term_string\"}}],\"inLanguage\":\"fr-FR\"}]}<\/script>\n<!-- \/ Yoast SEO plugin. -->","yoast_head_json":{"title":"HP EliteOne 870 G9 (7B0P5EA) - CBS Electro","robots":{"index":"index","follow":"follow","max-snippet":"max-snippet:-1","max-image-preview":"max-image-preview:large","max-video-preview":"max-video-preview:-1"},"canonical":"https:\/\/cbs-electro.com\/index.php\/produit\/hp-eliteone-870-g9-7b0p5ea\/","og_locale":"fr_FR","og_type":"article","og_title":"HP EliteOne 870 G9 (7B0P5EA) - CBS Electro","og_description":"PC tout en un, \u00e9cran 27\", Professionnel, Intel Core i7-13700, Intel UHD Graphics 770, SSD 512 Go, 16Go DDR5, Windows 11 Pro","og_url":"https:\/\/cbs-electro.com\/index.php\/produit\/hp-eliteone-870-g9-7b0p5ea\/","og_site_name":"CBS Electro","article_modified_time":"2025-03-13T06:31:08+00:00","og_image":[{"width":550,"height":550,"url":"https:\/\/cbs-electro.com\/wp-content\/uploads\/2023\/12\/MN0006074721_0006074727.jpg","type":"image\/jpeg"}],"twitter_card":"summary_large_image","schema":{"@context":"https:\/\/schema.org","@graph":[{"@type":"WebPage","@id":"https:\/\/cbs-electro.com\/index.php\/produit\/hp-eliteone-870-g9-7b0p5ea\/","url":"https:\/\/cbs-electro.com\/index.php\/produit\/hp-eliteone-870-g9-7b0p5ea\/","name":"HP EliteOne 870 G9 (7B0P5EA) - CBS Electro","isPartOf":{"@id":"https:\/\/www.cbs-electro.com\/#website"},"primaryImageOfPage":{"@id":"https:\/\/cbs-electro.com\/index.php\/produit\/hp-eliteone-870-g9-7b0p5ea\/#primaryimage"},"image":{"@id":"https:\/\/cbs-electro.com\/index.php\/produit\/hp-eliteone-870-g9-7b0p5ea\/#primaryimage"},"thumbnailUrl":"https:\/\/cbs-electro.com\/wp-content\/uploads\/2023\/12\/MN0006074721_0006074727.jpg","datePublished":"2023-12-03T13:56:02+00:00","dateModified":"2025-03-13T06:31:08+00:00","breadcrumb":{"@id":"https:\/\/cbs-electro.com\/index.php\/produit\/hp-eliteone-870-g9-7b0p5ea\/#breadcrumb"},"inLanguage":"fr-FR","potentialAction":[{"@type":"ReadAction","target":["https:\/\/cbs-electro.com\/index.php\/produit\/hp-eliteone-870-g9-7b0p5ea\/"]}]},{"@type":"ImageObject","inLanguage":"fr-FR","@id":"https:\/\/cbs-electro.com\/index.php\/produit\/hp-eliteone-870-g9-7b0p5ea\/#primaryimage","url":"https:\/\/cbs-electro.com\/wp-content\/uploads\/2023\/12\/MN0006074721_0006074727.jpg","contentUrl":"https:\/\/cbs-electro.com\/wp-content\/uploads\/2023\/12\/MN0006074721_0006074727.jpg","width":550,"height":550},{"@type":"BreadcrumbList","@id":"https:\/\/cbs-electro.com\/index.php\/produit\/hp-eliteone-870-g9-7b0p5ea\/#breadcrumb","itemListElement":[{"@type":"ListItem","position":1,"name":"Accueil","item":"https:\/\/www.cbs-electro.com\/"},{"@type":"ListItem","position":2,"name":"Boutique","item":"https:\/\/www.cbs-electro.com\/index.php\/boutique\/"},{"@type":"ListItem","position":3,"name":"HP EliteOne 870 G9 (7B0P5EA)"}]},{"@type":"WebSite","@id":"https:\/\/www.cbs-electro.com\/#website","url":"https:\/\/www.cbs-electro.com\/","name":"CBS Electro","description":"Vente des produits neufs - Informatique, Smartphones, livres, jeux vid\u00e9o, photos, jouets et \u00e9lectrom\u00e9nager","potentialAction":[{"@type":"SearchAction","target":{"@type":"EntryPoint","urlTemplate":"https:\/\/www.cbs-electro.com\/?s={search_term_string}"},"query-input":{"@type":"PropertyValueSpecification","valueRequired":true,"valueName":"search_term_string"}}],"inLanguage":"fr-FR"}]}},"_links":{"self":[{"href":"https:\/\/cbs-electro.com\/index.php\/wp-json\/wp\/v2\/product\/16498","targetHints":{"allow":["GET"]}}],"collection":[{"href":"https:\/\/cbs-electro.com\/index.php\/wp-json\/wp\/v2\/product"}],"about":[{"href":"https:\/\/cbs-electro.com\/index.php\/wp-json\/wp\/v2\/types\/product"}],"version-history":[{"count":1,"href":"https:\/\/cbs-electro.com\/index.php\/wp-json\/wp\/v2\/product\/16498\/revisions"}],"predecessor-version":[{"id":16502,"href":"https:\/\/cbs-electro.com\/index.php\/wp-json\/wp\/v2\/product\/16498\/revisions\/16502"}],"wp:featuredmedia":[{"embeddable":true,"href":"https:\/\/cbs-electro.com\/index.php\/wp-json\/wp\/v2\/media\/16501"}],"wp:attachment":[{"href":"https:\/\/cbs-electro.com\/index.php\/wp-json\/wp\/v2\/media?parent=16498"}],"wp:term":[{"taxonomy":"product_brand","embeddable":true,"href":"https:\/\/cbs-electro.com\/index.php\/wp-json\/wp\/v2\/product_brand?post=16498"},{"taxonomy":"product_cat","embeddable":true,"href":"https:\/\/cbs-electro.com\/index.php\/wp-json\/wp\/v2\/product_cat?post=16498"},{"taxonomy":"product_tag","embeddable":true,"href":"https:\/\/cbs-electro.com\/index.php\/wp-json\/wp\/v2\/product_tag?post=16498"}],"curies":[{"name":"wp","href":"https:\/\/api.w.org\/{rel}","templated":true}]}}