{"id":16477,"date":"2023-12-03T14:42:22","date_gmt":"2023-12-03T13:42:22","guid":{"rendered":"https:\/?post_type=product&#038;p=16477"},"modified":"2023-12-03T14:42:22","modified_gmt":"2023-12-03T13:42:22","slug":"asus-expertcenter-e1-aio-e1600wkat-bd021x-windows-11-pro","status":"publish","type":"product","link":"https:\/\/cbs-electro.com\/index.php\/produit\/asus-expertcenter-e1-aio-e1600wkat-bd021x-windows-11-pro\/","title":{"rendered":"ASUS ExpertCenter E1 AiO E1600WKAT-BD021X &#8211; Windows 11 Pro"},"content":{"rendered":"<p>L&rsquo;ordinateur tout-en-un ASUS ExpertCenter E1 AiO est performant et facile \u00e0 utiliser par les professionnels. Il vient \u00e0 bout des t\u00e2ches les plus pouss\u00e9es afin de vous faire gagner du temps et de l&rsquo;argent. Il fournit une puissance de calcul \u00e9lev\u00e9e gr\u00e2ce \u00e0 son processeur Intel Celeron N4500, 4 Go de m\u00e9moire DDR4 et sa connectique compl\u00e8te. En plus d&rsquo;arborer un design ultra-compact et \u00e9l\u00e9gant, il accueille un SSD 256 Go et une connectivit\u00e9 Wi-Fi AC afin de r\u00e9pondre aux besoins actuels et futurs de votre entreprise.<\/p>\n","protected":false},"excerpt":{"rendered":"<p>L&rsquo;ordinateur tout-en-un ASUS ExpertCenter E1 AiO est performant et facile \u00e0 utiliser par les professionnels. Il vient \u00e0 bout des<\/p>\n","protected":false},"featured_media":16481,"template":"","meta":[],"product_brand":[],"product_cat":[104,164],"product_tag":[],"class_list":{"0":"post-16477","1":"product","2":"type-product","3":"status-publish","4":"has-post-thumbnail","6":"product_cat-informatique","7":"product_cat-ordinateur-tout-en-un","9":"first","10":"instock","11":"taxable","12":"shipping-taxable","13":"purchasable","14":"product-type-simple"},"yoast_head":"<!-- This site is optimized with the Yoast SEO plugin v24.8.1 - https:\/\/yoast.com\/wordpress\/plugins\/seo\/ -->\n<title>ASUS ExpertCenter E1 AiO E1600WKAT-BD021X - Windows 11 Pro - CBS Electro<\/title>\n<meta name=\"robots\" content=\"index, follow, max-snippet:-1, max-image-preview:large, max-video-preview:-1\" \/>\n<link rel=\"canonical\" href=\"https:\/\/cbs-electro.com\/index.php\/produit\/asus-expertcenter-e1-aio-e1600wkat-bd021x-windows-11-pro\/\" \/>\n<meta property=\"og:locale\" content=\"fr_FR\" \/>\n<meta property=\"og:type\" content=\"article\" \/>\n<meta property=\"og:title\" content=\"ASUS ExpertCenter E1 AiO E1600WKAT-BD021X - Windows 11 Pro - CBS Electro\" \/>\n<meta property=\"og:description\" content=\"L&rsquo;ordinateur tout-en-un ASUS ExpertCenter E1 AiO est performant et facile \u00e0 utiliser par les professionnels. Il vient \u00e0 bout des\" \/>\n<meta property=\"og:url\" content=\"https:\/\/cbs-electro.com\/index.php\/produit\/asus-expertcenter-e1-aio-e1600wkat-bd021x-windows-11-pro\/\" \/>\n<meta property=\"og:site_name\" content=\"CBS Electro\" \/>\n<meta property=\"og:image\" content=\"https:\/\/cbs-electro.com\/wp-content\/uploads\/2023\/12\/MN0006014752_0006016162.jpg\" \/>\n\t<meta property=\"og:image:width\" content=\"550\" \/>\n\t<meta property=\"og:image:height\" content=\"550\" \/>\n\t<meta property=\"og:image:type\" content=\"image\/jpeg\" \/>\n<meta name=\"twitter:card\" content=\"summary_large_image\" \/>\n<script type=\"application\/ld+json\" class=\"yoast-schema-graph\">{\"@context\":\"https:\/\/schema.org\",\"@graph\":[{\"@type\":\"WebPage\",\"@id\":\"https:\/\/cbs-electro.com\/index.php\/produit\/asus-expertcenter-e1-aio-e1600wkat-bd021x-windows-11-pro\/\",\"url\":\"https:\/\/cbs-electro.com\/index.php\/produit\/asus-expertcenter-e1-aio-e1600wkat-bd021x-windows-11-pro\/\",\"name\":\"ASUS ExpertCenter E1 AiO E1600WKAT-BD021X - Windows 11 Pro - CBS Electro\",\"isPartOf\":{\"@id\":\"https:\/\/www.cbs-electro.com\/#website\"},\"primaryImageOfPage\":{\"@id\":\"https:\/\/cbs-electro.com\/index.php\/produit\/asus-expertcenter-e1-aio-e1600wkat-bd021x-windows-11-pro\/#primaryimage\"},\"image\":{\"@id\":\"https:\/\/cbs-electro.com\/index.php\/produit\/asus-expertcenter-e1-aio-e1600wkat-bd021x-windows-11-pro\/#primaryimage\"},\"thumbnailUrl\":\"https:\/\/cbs-electro.com\/wp-content\/uploads\/2023\/12\/MN0006014752_0006016162.jpg\",\"datePublished\":\"2023-12-03T13:42:22+00:00\",\"breadcrumb\":{\"@id\":\"https:\/\/cbs-electro.com\/index.php\/produit\/asus-expertcenter-e1-aio-e1600wkat-bd021x-windows-11-pro\/#breadcrumb\"},\"inLanguage\":\"fr-FR\",\"potentialAction\":[{\"@type\":\"ReadAction\",\"target\":[\"https:\/\/cbs-electro.com\/index.php\/produit\/asus-expertcenter-e1-aio-e1600wkat-bd021x-windows-11-pro\/\"]}]},{\"@type\":\"ImageObject\",\"inLanguage\":\"fr-FR\",\"@id\":\"https:\/\/cbs-electro.com\/index.php\/produit\/asus-expertcenter-e1-aio-e1600wkat-bd021x-windows-11-pro\/#primaryimage\",\"url\":\"https:\/\/cbs-electro.com\/wp-content\/uploads\/2023\/12\/MN0006014752_0006016162.jpg\",\"contentUrl\":\"https:\/\/cbs-electro.com\/wp-content\/uploads\/2023\/12\/MN0006014752_0006016162.jpg\",\"width\":550,\"height\":550},{\"@type\":\"BreadcrumbList\",\"@id\":\"https:\/\/cbs-electro.com\/index.php\/produit\/asus-expertcenter-e1-aio-e1600wkat-bd021x-windows-11-pro\/#breadcrumb\",\"itemListElement\":[{\"@type\":\"ListItem\",\"position\":1,\"name\":\"Accueil\",\"item\":\"https:\/\/www.cbs-electro.com\/\"},{\"@type\":\"ListItem\",\"position\":2,\"name\":\"Boutique\",\"item\":\"https:\/\/www.cbs-electro.com\/index.php\/boutique\/\"},{\"@type\":\"ListItem\",\"position\":3,\"name\":\"ASUS ExpertCenter E1 AiO E1600WKAT-BD021X &#8211; Windows 11 Pro\"}]},{\"@type\":\"WebSite\",\"@id\":\"https:\/\/www.cbs-electro.com\/#website\",\"url\":\"https:\/\/www.cbs-electro.com\/\",\"name\":\"CBS Electro\",\"description\":\"Vente des produits neufs - Informatique, Smartphones, livres, jeux vid\u00e9o, photos, jouets et \u00e9lectrom\u00e9nager\",\"potentialAction\":[{\"@type\":\"SearchAction\",\"target\":{\"@type\":\"EntryPoint\",\"urlTemplate\":\"https:\/\/www.cbs-electro.com\/?s={search_term_string}\"},\"query-input\":{\"@type\":\"PropertyValueSpecification\",\"valueRequired\":true,\"valueName\":\"search_term_string\"}}],\"inLanguage\":\"fr-FR\"}]}<\/script>\n<!-- \/ Yoast SEO plugin. -->","yoast_head_json":{"title":"ASUS ExpertCenter E1 AiO E1600WKAT-BD021X - Windows 11 Pro - CBS Electro","robots":{"index":"index","follow":"follow","max-snippet":"max-snippet:-1","max-image-preview":"max-image-preview:large","max-video-preview":"max-video-preview:-1"},"canonical":"https:\/\/cbs-electro.com\/index.php\/produit\/asus-expertcenter-e1-aio-e1600wkat-bd021x-windows-11-pro\/","og_locale":"fr_FR","og_type":"article","og_title":"ASUS ExpertCenter E1 AiO E1600WKAT-BD021X - Windows 11 Pro - CBS Electro","og_description":"L&rsquo;ordinateur tout-en-un ASUS ExpertCenter E1 AiO est performant et facile \u00e0 utiliser par les professionnels. Il vient \u00e0 bout des","og_url":"https:\/\/cbs-electro.com\/index.php\/produit\/asus-expertcenter-e1-aio-e1600wkat-bd021x-windows-11-pro\/","og_site_name":"CBS Electro","og_image":[{"width":550,"height":550,"url":"https:\/\/cbs-electro.com\/wp-content\/uploads\/2023\/12\/MN0006014752_0006016162.jpg","type":"image\/jpeg"}],"twitter_card":"summary_large_image","schema":{"@context":"https:\/\/schema.org","@graph":[{"@type":"WebPage","@id":"https:\/\/cbs-electro.com\/index.php\/produit\/asus-expertcenter-e1-aio-e1600wkat-bd021x-windows-11-pro\/","url":"https:\/\/cbs-electro.com\/index.php\/produit\/asus-expertcenter-e1-aio-e1600wkat-bd021x-windows-11-pro\/","name":"ASUS ExpertCenter E1 AiO E1600WKAT-BD021X - Windows 11 Pro - CBS Electro","isPartOf":{"@id":"https:\/\/www.cbs-electro.com\/#website"},"primaryImageOfPage":{"@id":"https:\/\/cbs-electro.com\/index.php\/produit\/asus-expertcenter-e1-aio-e1600wkat-bd021x-windows-11-pro\/#primaryimage"},"image":{"@id":"https:\/\/cbs-electro.com\/index.php\/produit\/asus-expertcenter-e1-aio-e1600wkat-bd021x-windows-11-pro\/#primaryimage"},"thumbnailUrl":"https:\/\/cbs-electro.com\/wp-content\/uploads\/2023\/12\/MN0006014752_0006016162.jpg","datePublished":"2023-12-03T13:42:22+00:00","breadcrumb":{"@id":"https:\/\/cbs-electro.com\/index.php\/produit\/asus-expertcenter-e1-aio-e1600wkat-bd021x-windows-11-pro\/#breadcrumb"},"inLanguage":"fr-FR","potentialAction":[{"@type":"ReadAction","target":["https:\/\/cbs-electro.com\/index.php\/produit\/asus-expertcenter-e1-aio-e1600wkat-bd021x-windows-11-pro\/"]}]},{"@type":"ImageObject","inLanguage":"fr-FR","@id":"https:\/\/cbs-electro.com\/index.php\/produit\/asus-expertcenter-e1-aio-e1600wkat-bd021x-windows-11-pro\/#primaryimage","url":"https:\/\/cbs-electro.com\/wp-content\/uploads\/2023\/12\/MN0006014752_0006016162.jpg","contentUrl":"https:\/\/cbs-electro.com\/wp-content\/uploads\/2023\/12\/MN0006014752_0006016162.jpg","width":550,"height":550},{"@type":"BreadcrumbList","@id":"https:\/\/cbs-electro.com\/index.php\/produit\/asus-expertcenter-e1-aio-e1600wkat-bd021x-windows-11-pro\/#breadcrumb","itemListElement":[{"@type":"ListItem","position":1,"name":"Accueil","item":"https:\/\/www.cbs-electro.com\/"},{"@type":"ListItem","position":2,"name":"Boutique","item":"https:\/\/www.cbs-electro.com\/index.php\/boutique\/"},{"@type":"ListItem","position":3,"name":"ASUS ExpertCenter E1 AiO E1600WKAT-BD021X &#8211; Windows 11 Pro"}]},{"@type":"WebSite","@id":"https:\/\/www.cbs-electro.com\/#website","url":"https:\/\/www.cbs-electro.com\/","name":"CBS Electro","description":"Vente des produits neufs - Informatique, Smartphones, livres, jeux vid\u00e9o, photos, jouets et \u00e9lectrom\u00e9nager","potentialAction":[{"@type":"SearchAction","target":{"@type":"EntryPoint","urlTemplate":"https:\/\/www.cbs-electro.com\/?s={search_term_string}"},"query-input":{"@type":"PropertyValueSpecification","valueRequired":true,"valueName":"search_term_string"}}],"inLanguage":"fr-FR"}]}},"_links":{"self":[{"href":"https:\/\/cbs-electro.com\/index.php\/wp-json\/wp\/v2\/product\/16477","targetHints":{"allow":["GET"]}}],"collection":[{"href":"https:\/\/cbs-electro.com\/index.php\/wp-json\/wp\/v2\/product"}],"about":[{"href":"https:\/\/cbs-electro.com\/index.php\/wp-json\/wp\/v2\/types\/product"}],"version-history":[{"count":1,"href":"https:\/\/cbs-electro.com\/index.php\/wp-json\/wp\/v2\/product\/16477\/revisions"}],"predecessor-version":[{"id":16482,"href":"https:\/\/cbs-electro.com\/index.php\/wp-json\/wp\/v2\/product\/16477\/revisions\/16482"}],"wp:featuredmedia":[{"embeddable":true,"href":"https:\/\/cbs-electro.com\/index.php\/wp-json\/wp\/v2\/media\/16481"}],"wp:attachment":[{"href":"https:\/\/cbs-electro.com\/index.php\/wp-json\/wp\/v2\/media?parent=16477"}],"wp:term":[{"taxonomy":"product_brand","embeddable":true,"href":"https:\/\/cbs-electro.com\/index.php\/wp-json\/wp\/v2\/product_brand?post=16477"},{"taxonomy":"product_cat","embeddable":true,"href":"https:\/\/cbs-electro.com\/index.php\/wp-json\/wp\/v2\/product_cat?post=16477"},{"taxonomy":"product_tag","embeddable":true,"href":"https:\/\/cbs-electro.com\/index.php\/wp-json\/wp\/v2\/product_tag?post=16477"}],"curies":[{"name":"wp","href":"https:\/\/api.w.org\/{rel}","templated":true}]}}