{"id":16388,"date":"2023-11-25T18:56:46","date_gmt":"2023-11-25T17:56:46","guid":{"rendered":"https:\/?post_type=product&#038;p=16388"},"modified":"2025-03-13T07:39:09","modified_gmt":"2025-03-13T06:39:09","slug":"scrambler-ducati-city-cross-e-x-off-road-edition-scrambler-trottinette-electrique-app-moteur-350-w-autonomie-45-km-max-120-kg-pneus-10-tubeless-noir-jaune-mn-duc-sccty2-taille-unique","status":"publish","type":"product","link":"https:\/\/cbs-electro.com\/index.php\/produit\/scrambler-ducati-city-cross-e-x-off-road-edition-scrambler-trottinette-electrique-app-moteur-350-w-autonomie-45-km-max-120-kg-pneus-10-tubeless-noir-jaune-mn-duc-sccty2-taille-unique\/","title":{"rendered":"Scrambler Ducati City Cross-e X Off-Road Edition Scrambler Trottinette \u00e9lectrique, App, Moteur 350 W, autonomie 45 km, Max 120 kg, pneus 10&Prime; tubeless, Noir Jaune MN-DUC-SCCTY2 Taille Unique"},"content":{"rendered":"<h1 class=\"a-size-base-plus a-text-bold\">\u00c0 propos de cet article<\/h1>\n<ul class=\"a-unordered-list a-vertical a-spacing-mini\">\n<li class=\"a-spacing-mini\"><span class=\"a-list-item\">\u00c9quip\u00e9 d&rsquo;un moteur sans balais de 350W<\/span><\/li>\n<li class=\"a-spacing-mini\"><span class=\"a-list-item\">Les roues en nid d&rsquo;abeille sont sans chambre \u00e0 air et confortables, sans risque de crevaison<\/span><\/li>\n<li class=\"a-spacing-mini\"><span class=\"a-list-item\">Technologie extr\u00eamement silencieuse n\u00e9cessitant un minimum de maintenance<\/span><\/li>\n<li class=\"a-spacing-mini\"><span class=\"a-list-item\">Absorbe les vibrations et att\u00e9nue les irr\u00e9gularit\u00e9s de la surface de la route<\/span><\/li>\n<li class=\"a-spacing-mini\"><span class=\"a-list-item\">\u00c9quip\u00e9 de deux freins, \u00e0 l&rsquo;avant et \u00e0 l&rsquo;arri\u00e8re, et de lumi\u00e8res LED sous le marchepied<\/span><\/li>\n<\/ul>\n<div class=\"a-row\">\n<div class=\"a-column a-span6\">\n<h1 class=\"a-size-medium a-spacing-small\">Descriptif technique<\/h1>\n<\/div>\n<\/div>\n<div class=\"a-expander-content a-expander-extend-content\" aria-expanded=\"true\">\n<div class=\"a-row a-expander-container a-expander-inline-container\">\n<div class=\"a-expander-content a-expander-section-content a-section-expander-inner\" aria-expanded=\"true\">\n<table id=\"productDetails_techSpec_section_1\" class=\"a-keyvalue prodDetTable\" role=\"presentation\">\n<tbody>\n<tr>\n<th class=\"a-color-secondary a-size-base prodDetSectionEntry\">Tranche d&rsquo;\u00e2ge<\/th>\n<td class=\"a-size-base prodDetAttrValue\">\u200eAdulte<\/td>\n<\/tr>\n<tr>\n<th class=\"a-color-secondary a-size-base prodDetSectionEntry\">Type de frein<\/th>\n<td class=\"a-size-base prodDetAttrValue\">\u200eFreinage avant, Freinage arri\u00e8re<\/td>\n<\/tr>\n<tr>\n<th class=\"a-color-secondary a-size-base prodDetSectionEntry\">Couleur<\/th>\n<td class=\"a-size-base prodDetAttrValue\">\u200eJaune<\/td>\n<\/tr>\n<tr>\n<th class=\"a-color-secondary a-size-base prodDetSectionEntry\">Taille<\/th>\n<td class=\"a-size-base prodDetAttrValue\">\u200eTaille unique<\/td>\n<\/tr>\n<tr>\n<th class=\"a-color-secondary a-size-base prodDetSectionEntry\">Style<\/th>\n<td class=\"a-size-base prodDetAttrValue\">\u200eOff Road<\/td>\n<\/tr>\n<tr>\n<th class=\"a-color-secondary a-size-base prodDetSectionEntry\">Mat\u00e9riau du cadre<\/th>\n<td class=\"a-size-base prodDetAttrValue\">\u200eAluminium<\/td>\n<\/tr>\n<tr>\n<th class=\"a-color-secondary a-size-base prodDetSectionEntry\">Type de mat\u00e9riau<\/th>\n<td class=\"a-size-base prodDetAttrValue\">\u200eAluminium<\/td>\n<\/tr>\n<tr>\n<th class=\"a-color-secondary a-size-base prodDetSectionEntry\">Nombre d&rsquo;\u00e9l\u00e9ments<\/th>\n<td class=\"a-size-base prodDetAttrValue\">\u200e1<\/td>\n<\/tr>\n<tr>\n<th class=\"a-color-secondary a-size-base prodDetSectionEntry\">Fonctionnalit\u00e9s<\/th>\n<td class=\"a-size-base prodDetAttrValue\">\u200eUnisexe<\/td>\n<\/tr>\n<tr>\n<th class=\"a-color-secondary a-size-base prodDetSectionEntry\">Taille de la roue<\/th>\n<td class=\"a-size-base prodDetAttrValue\">\u200e10 Pouces<\/td>\n<\/tr>\n<tr>\n<th class=\"a-color-secondary a-size-base prodDetSectionEntry\">Composants inclus<\/th>\n<td class=\"a-size-base prodDetAttrValue\">\u200e1 x Scrambler Ducati City Cross-E X Off-Road Edition 350W Sans Balais Moteur \u00c9lectrique Scooter, Jaune<\/td>\n<\/tr>\n<tr>\n<th class=\"a-color-secondary a-size-base prodDetSectionEntry\">Piles incluses ?<\/th>\n<td class=\"a-size-base prodDetAttrValue\">\u200eOui<\/td>\n<\/tr>\n<tr>\n<th class=\"a-color-secondary a-size-base prodDetSectionEntry\">Marque<\/th>\n<td class=\"a-size-base prodDetAttrValue\">\u200eScrambler Ducati<\/td>\n<\/tr>\n<tr>\n<th class=\"a-color-secondary a-size-base prodDetSectionEntry\">Capacit\u00e9 maximale de poids<\/th>\n<td class=\"a-size-base prodDetAttrValue\">\u200e120 Kilogrammes<\/td>\n<\/tr>\n<tr>\n<th class=\"a-color-secondary a-size-base prodDetSectionEntry\">Service<\/th>\n<td class=\"a-size-base prodDetAttrValue\">\u200eMixte<\/td>\n<\/tr>\n<tr>\n<th class=\"a-color-secondary a-size-base prodDetSectionEntry\">Fabricant<\/th>\n<td class=\"a-size-base prodDetAttrValue\">\u200eDucati Motor Holding S.p.A<\/td>\n<\/tr>\n<tr>\n<th class=\"a-color-secondary a-size-base prodDetSectionEntry\">Num\u00e9ro du mod\u00e8le de l&rsquo;article<\/th>\n<td class=\"a-size-base prodDetAttrValue\">\u200eDU-MO-210003<\/td>\n<\/tr>\n<tr>\n<th class=\"a-color-secondary a-size-base prodDetSectionEntry\">Dimensions du produit (L x l x h)<\/th>\n<td class=\"a-size-base prodDetAttrValue\">\u200e180 x 52 x 210 cm; 19 kilogrammes<\/td>\n<\/tr>\n<tr>\n<th class=\"a-color-secondary a-size-base prodDetSectionEntry\">ASIN<\/th>\n<td class=\"a-size-base prodDetAttrValue\">\u200eB08XKD9QGC<\/td>\n<\/tr>\n<\/tbody>\n<\/table>\n<\/div>\n<\/div>\n<\/div>\n","protected":false},"excerpt":{"rendered":"<table class=\"a-normal a-spacing-micro\">\n<tbody>\n<tr class=\"a-spacing-small po-brand\">\n<td class=\"a-span3\"><span class=\"a-size-base a-text-bold\">Marque<\/span><\/td>\n<td class=\"a-span9\"><span class=\"a-size-base po-break-word\">Scrambler Ducati<\/span><\/td>\n<\/tr>\n<tr class=\"a-spacing-small po-color\">\n<td class=\"a-span3\"><span class=\"a-size-base a-text-bold\">Couleur<\/span><\/td>\n<td class=\"a-span9\"><span class=\"a-size-base po-break-word\">Jaune<\/span><\/td>\n<\/tr>\n<tr class=\"a-spacing-small po-age_range_description\">\n<td class=\"a-span3\"><span class=\"a-size-base a-text-bold\">Tranche d&rsquo;\u00e2ge (description)<\/span><\/td>\n<td class=\"a-span9\"><span class=\"a-size-base po-break-word\">Adulte<\/span><\/td>\n<\/tr>\n<tr class=\"a-spacing-small po-special_feature\">\n<td class=\"a-span3\"><span class=\"a-size-base a-text-bold\">Caract\u00e9ristique sp\u00e9ciale<\/span><\/td>\n<td class=\"a-span9\"><span class=\"a-size-base po-break-word\">Unisexe<\/span><\/td>\n<\/tr>\n<tr class=\"a-spacing-small po-weight_capacity.maximum\">\n<td class=\"a-span3\"><span class=\"a-size-base a-text-bold\">Limite de poids<\/span><\/td>\n<td class=\"a-span9\"><span class=\"a-size-base po-break-word\">120 Kilogrammes<\/span><\/td>\n<\/tr>\n<tr class=\"a-spacing-small po-number_of_wheels\">\n<td class=\"a-span3\"><span class=\"a-size-base a-text-bold\">Nombre de roues<\/span><\/td>\n<td class=\"a-span9\"><span class=\"a-size-base po-break-word\">2<\/span><\/td>\n<\/tr>\n<tr class=\"a-spacing-small po-model_name\">\n<td class=\"a-span3\"><span class=\"a-size-base a-text-bold\">Nom de mod\u00e8le<\/span><\/td>\n<td class=\"a-span9\"><span class=\"a-size-base po-break-word\">City Cross-e X Off-road Edition<\/span><\/td>\n<\/tr>\n<tr class=\"a-spacing-small po-wheel.material\">\n<td class=\"a-span3\"><span class=\"a-size-base a-text-bold\">Mat\u00e9riau de la roue<\/span><\/td>\n<td class=\"a-span9\"><span class=\"a-size-base po-break-word\">Caoutchouc<\/span><\/td>\n<\/tr>\n<tr class=\"a-spacing-small po-frame.material\">\n<td class=\"a-span3\"><span class=\"a-size-base a-text-bold\">Mat\u00e9riau du cadre<\/span><\/td>\n<td class=\"a-span9\"><span class=\"a-size-base po-break-word\">Aluminium<\/span><\/td>\n<\/tr>\n<tr class=\"a-spacing-small po-item_weight\">\n<td class=\"a-span3\"><span class=\"a-size-base a-text-bold\">Poids de l&rsquo;article<\/span><\/td>\n<td class=\"a-span9\"><span class=\"a-size-base po-break-word\">19 Kilogrammes<\/span><\/td>\n<\/tr>\n<\/tbody>\n<\/table>\n","protected":false},"featured_media":16393,"template":"","meta":[],"product_brand":[],"product_cat":[77,223],"product_tag":[],"class_list":{"0":"post-16388","1":"product","2":"type-product","3":"status-publish","4":"has-post-thumbnail","6":"product_cat-sports-loisirs","7":"product_cat-trotinette","9":"first","10":"instock","11":"taxable","12":"shipping-taxable","13":"purchasable","14":"product-type-simple"},"yoast_head":"<!-- This site is optimized with the Yoast SEO plugin v24.8.1 - https:\/\/yoast.com\/wordpress\/plugins\/seo\/ -->\n<title>Scrambler Ducati City Cross-e X Off-Road Edition Scrambler Trottinette \u00e9lectrique, App, Moteur 350 W, autonomie 45 km, Max 120 kg, pneus 10&quot; tubeless, Noir Jaune MN-DUC-SCCTY2 Taille Unique - CBS Electro<\/title>\n<meta name=\"robots\" content=\"index, follow, max-snippet:-1, max-image-preview:large, max-video-preview:-1\" \/>\n<link rel=\"canonical\" href=\"https:\/\/cbs-electro.com\/index.php\/produit\/scrambler-ducati-city-cross-e-x-off-road-edition-scrambler-trottinette-electrique-app-moteur-350-w-autonomie-45-km-max-120-kg-pneus-10-tubeless-noir-jaune-mn-duc-sccty2-taille-unique\/\" \/>\n<meta property=\"og:locale\" content=\"fr_FR\" \/>\n<meta property=\"og:type\" content=\"article\" \/>\n<meta property=\"og:title\" content=\"Scrambler Ducati City Cross-e X Off-Road Edition Scrambler Trottinette \u00e9lectrique, App, Moteur 350 W, autonomie 45 km, Max 120 kg, pneus 10&quot; tubeless, Noir Jaune MN-DUC-SCCTY2 Taille Unique - CBS Electro\" \/>\n<meta property=\"og:description\" content=\"Marque Scrambler Ducati   Couleur Jaune   Tranche d&#039;\u00e2ge (description) Adulte   Caract\u00e9ristique sp\u00e9ciale Unisexe   Limite de poids 120 Kilogrammes   Nombre de roues 2   Nom de mod\u00e8le City Cross-e X Off-road Edition   Mat\u00e9riau de la roue Caoutchouc   Mat\u00e9riau du cadre Aluminium   Poids de l&#039;article 19 Kilogrammes\" \/>\n<meta property=\"og:url\" content=\"https:\/\/cbs-electro.com\/index.php\/produit\/scrambler-ducati-city-cross-e-x-off-road-edition-scrambler-trottinette-electrique-app-moteur-350-w-autonomie-45-km-max-120-kg-pneus-10-tubeless-noir-jaune-mn-duc-sccty2-taille-unique\/\" \/>\n<meta property=\"og:site_name\" content=\"CBS Electro\" \/>\n<meta property=\"article:modified_time\" content=\"2025-03-13T06:39:09+00:00\" \/>\n<meta property=\"og:image\" content=\"https:\/\/cbs-electro.com\/wp-content\/uploads\/2023\/11\/613pNQk7NDL._AC_SL1500_.jpg\" \/>\n\t<meta property=\"og:image:width\" content=\"1320\" \/>\n\t<meta property=\"og:image:height\" content=\"1403\" \/>\n\t<meta property=\"og:image:type\" content=\"image\/jpeg\" \/>\n<meta name=\"twitter:card\" content=\"summary_large_image\" \/>\n<meta name=\"twitter:label1\" content=\"Dur\u00e9e de lecture estim\u00e9e\" \/>\n\t<meta name=\"twitter:data1\" content=\"1 minute\" \/>\n<script type=\"application\/ld+json\" class=\"yoast-schema-graph\">{\"@context\":\"https:\/\/schema.org\",\"@graph\":[{\"@type\":\"WebPage\",\"@id\":\"https:\/\/cbs-electro.com\/index.php\/produit\/scrambler-ducati-city-cross-e-x-off-road-edition-scrambler-trottinette-electrique-app-moteur-350-w-autonomie-45-km-max-120-kg-pneus-10-tubeless-noir-jaune-mn-duc-sccty2-taille-unique\/\",\"url\":\"https:\/\/cbs-electro.com\/index.php\/produit\/scrambler-ducati-city-cross-e-x-off-road-edition-scrambler-trottinette-electrique-app-moteur-350-w-autonomie-45-km-max-120-kg-pneus-10-tubeless-noir-jaune-mn-duc-sccty2-taille-unique\/\",\"name\":\"Scrambler Ducati City Cross-e X Off-Road Edition Scrambler Trottinette \u00e9lectrique, App, Moteur 350 W, autonomie 45 km, Max 120 kg, pneus 10\\\" tubeless, Noir Jaune MN-DUC-SCCTY2 Taille Unique - CBS Electro\",\"isPartOf\":{\"@id\":\"https:\/\/www.cbs-electro.com\/#website\"},\"primaryImageOfPage\":{\"@id\":\"https:\/\/cbs-electro.com\/index.php\/produit\/scrambler-ducati-city-cross-e-x-off-road-edition-scrambler-trottinette-electrique-app-moteur-350-w-autonomie-45-km-max-120-kg-pneus-10-tubeless-noir-jaune-mn-duc-sccty2-taille-unique\/#primaryimage\"},\"image\":{\"@id\":\"https:\/\/cbs-electro.com\/index.php\/produit\/scrambler-ducati-city-cross-e-x-off-road-edition-scrambler-trottinette-electrique-app-moteur-350-w-autonomie-45-km-max-120-kg-pneus-10-tubeless-noir-jaune-mn-duc-sccty2-taille-unique\/#primaryimage\"},\"thumbnailUrl\":\"https:\/\/cbs-electro.com\/wp-content\/uploads\/2023\/11\/613pNQk7NDL._AC_SL1500_.jpg\",\"datePublished\":\"2023-11-25T17:56:46+00:00\",\"dateModified\":\"2025-03-13T06:39:09+00:00\",\"breadcrumb\":{\"@id\":\"https:\/\/cbs-electro.com\/index.php\/produit\/scrambler-ducati-city-cross-e-x-off-road-edition-scrambler-trottinette-electrique-app-moteur-350-w-autonomie-45-km-max-120-kg-pneus-10-tubeless-noir-jaune-mn-duc-sccty2-taille-unique\/#breadcrumb\"},\"inLanguage\":\"fr-FR\",\"potentialAction\":[{\"@type\":\"ReadAction\",\"target\":[\"https:\/\/cbs-electro.com\/index.php\/produit\/scrambler-ducati-city-cross-e-x-off-road-edition-scrambler-trottinette-electrique-app-moteur-350-w-autonomie-45-km-max-120-kg-pneus-10-tubeless-noir-jaune-mn-duc-sccty2-taille-unique\/\"]}]},{\"@type\":\"ImageObject\",\"inLanguage\":\"fr-FR\",\"@id\":\"https:\/\/cbs-electro.com\/index.php\/produit\/scrambler-ducati-city-cross-e-x-off-road-edition-scrambler-trottinette-electrique-app-moteur-350-w-autonomie-45-km-max-120-kg-pneus-10-tubeless-noir-jaune-mn-duc-sccty2-taille-unique\/#primaryimage\",\"url\":\"https:\/\/cbs-electro.com\/wp-content\/uploads\/2023\/11\/613pNQk7NDL._AC_SL1500_.jpg\",\"contentUrl\":\"https:\/\/cbs-electro.com\/wp-content\/uploads\/2023\/11\/613pNQk7NDL._AC_SL1500_.jpg\",\"width\":1320,\"height\":1403},{\"@type\":\"BreadcrumbList\",\"@id\":\"https:\/\/cbs-electro.com\/index.php\/produit\/scrambler-ducati-city-cross-e-x-off-road-edition-scrambler-trottinette-electrique-app-moteur-350-w-autonomie-45-km-max-120-kg-pneus-10-tubeless-noir-jaune-mn-duc-sccty2-taille-unique\/#breadcrumb\",\"itemListElement\":[{\"@type\":\"ListItem\",\"position\":1,\"name\":\"Accueil\",\"item\":\"https:\/\/www.cbs-electro.com\/\"},{\"@type\":\"ListItem\",\"position\":2,\"name\":\"Boutique\",\"item\":\"https:\/\/www.cbs-electro.com\/index.php\/boutique\/\"},{\"@type\":\"ListItem\",\"position\":3,\"name\":\"Scrambler Ducati City Cross-e X Off-Road Edition Scrambler Trottinette \u00e9lectrique, App, Moteur 350 W, autonomie 45 km, Max 120 kg, pneus 10&Prime; tubeless, Noir Jaune MN-DUC-SCCTY2 Taille Unique\"}]},{\"@type\":\"WebSite\",\"@id\":\"https:\/\/www.cbs-electro.com\/#website\",\"url\":\"https:\/\/www.cbs-electro.com\/\",\"name\":\"CBS Electro\",\"description\":\"Vente des produits neufs - Informatique, Smartphones, livres, jeux vid\u00e9o, photos, jouets et \u00e9lectrom\u00e9nager\",\"potentialAction\":[{\"@type\":\"SearchAction\",\"target\":{\"@type\":\"EntryPoint\",\"urlTemplate\":\"https:\/\/www.cbs-electro.com\/?s={search_term_string}\"},\"query-input\":{\"@type\":\"PropertyValueSpecification\",\"valueRequired\":true,\"valueName\":\"search_term_string\"}}],\"inLanguage\":\"fr-FR\"}]}<\/script>\n<!-- \/ Yoast SEO plugin. -->","yoast_head_json":{"title":"Scrambler Ducati City Cross-e X Off-Road Edition Scrambler Trottinette \u00e9lectrique, App, Moteur 350 W, autonomie 45 km, Max 120 kg, pneus 10\" tubeless, Noir Jaune MN-DUC-SCCTY2 Taille Unique - CBS Electro","robots":{"index":"index","follow":"follow","max-snippet":"max-snippet:-1","max-image-preview":"max-image-preview:large","max-video-preview":"max-video-preview:-1"},"canonical":"https:\/\/cbs-electro.com\/index.php\/produit\/scrambler-ducati-city-cross-e-x-off-road-edition-scrambler-trottinette-electrique-app-moteur-350-w-autonomie-45-km-max-120-kg-pneus-10-tubeless-noir-jaune-mn-duc-sccty2-taille-unique\/","og_locale":"fr_FR","og_type":"article","og_title":"Scrambler Ducati City Cross-e X Off-Road Edition Scrambler Trottinette \u00e9lectrique, App, Moteur 350 W, autonomie 45 km, Max 120 kg, pneus 10\" tubeless, Noir Jaune MN-DUC-SCCTY2 Taille Unique - CBS Electro","og_description":"Marque Scrambler Ducati   Couleur Jaune   Tranche d'\u00e2ge (description) Adulte   Caract\u00e9ristique sp\u00e9ciale Unisexe   Limite de poids 120 Kilogrammes   Nombre de roues 2   Nom de mod\u00e8le City Cross-e X Off-road Edition   Mat\u00e9riau de la roue Caoutchouc   Mat\u00e9riau du cadre Aluminium   Poids de l'article 19 Kilogrammes","og_url":"https:\/\/cbs-electro.com\/index.php\/produit\/scrambler-ducati-city-cross-e-x-off-road-edition-scrambler-trottinette-electrique-app-moteur-350-w-autonomie-45-km-max-120-kg-pneus-10-tubeless-noir-jaune-mn-duc-sccty2-taille-unique\/","og_site_name":"CBS Electro","article_modified_time":"2025-03-13T06:39:09+00:00","og_image":[{"width":1320,"height":1403,"url":"https:\/\/cbs-electro.com\/wp-content\/uploads\/2023\/11\/613pNQk7NDL._AC_SL1500_.jpg","type":"image\/jpeg"}],"twitter_card":"summary_large_image","twitter_misc":{"Dur\u00e9e de lecture estim\u00e9e":"1 minute"},"schema":{"@context":"https:\/\/schema.org","@graph":[{"@type":"WebPage","@id":"https:\/\/cbs-electro.com\/index.php\/produit\/scrambler-ducati-city-cross-e-x-off-road-edition-scrambler-trottinette-electrique-app-moteur-350-w-autonomie-45-km-max-120-kg-pneus-10-tubeless-noir-jaune-mn-duc-sccty2-taille-unique\/","url":"https:\/\/cbs-electro.com\/index.php\/produit\/scrambler-ducati-city-cross-e-x-off-road-edition-scrambler-trottinette-electrique-app-moteur-350-w-autonomie-45-km-max-120-kg-pneus-10-tubeless-noir-jaune-mn-duc-sccty2-taille-unique\/","name":"Scrambler Ducati City Cross-e X Off-Road Edition Scrambler Trottinette \u00e9lectrique, App, Moteur 350 W, autonomie 45 km, Max 120 kg, pneus 10\" tubeless, Noir Jaune MN-DUC-SCCTY2 Taille Unique - CBS Electro","isPartOf":{"@id":"https:\/\/www.cbs-electro.com\/#website"},"primaryImageOfPage":{"@id":"https:\/\/cbs-electro.com\/index.php\/produit\/scrambler-ducati-city-cross-e-x-off-road-edition-scrambler-trottinette-electrique-app-moteur-350-w-autonomie-45-km-max-120-kg-pneus-10-tubeless-noir-jaune-mn-duc-sccty2-taille-unique\/#primaryimage"},"image":{"@id":"https:\/\/cbs-electro.com\/index.php\/produit\/scrambler-ducati-city-cross-e-x-off-road-edition-scrambler-trottinette-electrique-app-moteur-350-w-autonomie-45-km-max-120-kg-pneus-10-tubeless-noir-jaune-mn-duc-sccty2-taille-unique\/#primaryimage"},"thumbnailUrl":"https:\/\/cbs-electro.com\/wp-content\/uploads\/2023\/11\/613pNQk7NDL._AC_SL1500_.jpg","datePublished":"2023-11-25T17:56:46+00:00","dateModified":"2025-03-13T06:39:09+00:00","breadcrumb":{"@id":"https:\/\/cbs-electro.com\/index.php\/produit\/scrambler-ducati-city-cross-e-x-off-road-edition-scrambler-trottinette-electrique-app-moteur-350-w-autonomie-45-km-max-120-kg-pneus-10-tubeless-noir-jaune-mn-duc-sccty2-taille-unique\/#breadcrumb"},"inLanguage":"fr-FR","potentialAction":[{"@type":"ReadAction","target":["https:\/\/cbs-electro.com\/index.php\/produit\/scrambler-ducati-city-cross-e-x-off-road-edition-scrambler-trottinette-electrique-app-moteur-350-w-autonomie-45-km-max-120-kg-pneus-10-tubeless-noir-jaune-mn-duc-sccty2-taille-unique\/"]}]},{"@type":"ImageObject","inLanguage":"fr-FR","@id":"https:\/\/cbs-electro.com\/index.php\/produit\/scrambler-ducati-city-cross-e-x-off-road-edition-scrambler-trottinette-electrique-app-moteur-350-w-autonomie-45-km-max-120-kg-pneus-10-tubeless-noir-jaune-mn-duc-sccty2-taille-unique\/#primaryimage","url":"https:\/\/cbs-electro.com\/wp-content\/uploads\/2023\/11\/613pNQk7NDL._AC_SL1500_.jpg","contentUrl":"https:\/\/cbs-electro.com\/wp-content\/uploads\/2023\/11\/613pNQk7NDL._AC_SL1500_.jpg","width":1320,"height":1403},{"@type":"BreadcrumbList","@id":"https:\/\/cbs-electro.com\/index.php\/produit\/scrambler-ducati-city-cross-e-x-off-road-edition-scrambler-trottinette-electrique-app-moteur-350-w-autonomie-45-km-max-120-kg-pneus-10-tubeless-noir-jaune-mn-duc-sccty2-taille-unique\/#breadcrumb","itemListElement":[{"@type":"ListItem","position":1,"name":"Accueil","item":"https:\/\/www.cbs-electro.com\/"},{"@type":"ListItem","position":2,"name":"Boutique","item":"https:\/\/www.cbs-electro.com\/index.php\/boutique\/"},{"@type":"ListItem","position":3,"name":"Scrambler Ducati City Cross-e X Off-Road Edition Scrambler Trottinette \u00e9lectrique, App, Moteur 350 W, autonomie 45 km, Max 120 kg, pneus 10&Prime; tubeless, Noir Jaune MN-DUC-SCCTY2 Taille Unique"}]},{"@type":"WebSite","@id":"https:\/\/www.cbs-electro.com\/#website","url":"https:\/\/www.cbs-electro.com\/","name":"CBS Electro","description":"Vente des produits neufs - Informatique, Smartphones, livres, jeux vid\u00e9o, photos, jouets et \u00e9lectrom\u00e9nager","potentialAction":[{"@type":"SearchAction","target":{"@type":"EntryPoint","urlTemplate":"https:\/\/www.cbs-electro.com\/?s={search_term_string}"},"query-input":{"@type":"PropertyValueSpecification","valueRequired":true,"valueName":"search_term_string"}}],"inLanguage":"fr-FR"}]}},"_links":{"self":[{"href":"https:\/\/cbs-electro.com\/index.php\/wp-json\/wp\/v2\/product\/16388","targetHints":{"allow":["GET"]}}],"collection":[{"href":"https:\/\/cbs-electro.com\/index.php\/wp-json\/wp\/v2\/product"}],"about":[{"href":"https:\/\/cbs-electro.com\/index.php\/wp-json\/wp\/v2\/types\/product"}],"version-history":[{"count":1,"href":"https:\/\/cbs-electro.com\/index.php\/wp-json\/wp\/v2\/product\/16388\/revisions"}],"predecessor-version":[{"id":16394,"href":"https:\/\/cbs-electro.com\/index.php\/wp-json\/wp\/v2\/product\/16388\/revisions\/16394"}],"wp:featuredmedia":[{"embeddable":true,"href":"https:\/\/cbs-electro.com\/index.php\/wp-json\/wp\/v2\/media\/16393"}],"wp:attachment":[{"href":"https:\/\/cbs-electro.com\/index.php\/wp-json\/wp\/v2\/media?parent=16388"}],"wp:term":[{"taxonomy":"product_brand","embeddable":true,"href":"https:\/\/cbs-electro.com\/index.php\/wp-json\/wp\/v2\/product_brand?post=16388"},{"taxonomy":"product_cat","embeddable":true,"href":"https:\/\/cbs-electro.com\/index.php\/wp-json\/wp\/v2\/product_cat?post=16388"},{"taxonomy":"product_tag","embeddable":true,"href":"https:\/\/cbs-electro.com\/index.php\/wp-json\/wp\/v2\/product_tag?post=16388"}],"curies":[{"name":"wp","href":"https:\/\/api.w.org\/{rel}","templated":true}]}}