{"id":16132,"date":"2023-11-24T09:17:55","date_gmt":"2023-11-24T08:17:55","guid":{"rendered":"https:\/?post_type=product&#038;p=16132"},"modified":"2023-11-24T09:19:03","modified_gmt":"2023-11-24T08:19:03","slug":"machine-a-cafe-nespresso-krups-inissia-blanche-cafetiere-espresso-xn100110","status":"publish","type":"product","link":"https:\/\/cbs-electro.com\/index.php\/produit\/machine-a-cafe-nespresso-krups-inissia-blanche-cafetiere-espresso-xn100110\/","title":{"rendered":"Machine \u00e0 Caf\u00e9 Nespresso Krups Inissia Blanche Cafeti\u00e8re Espresso XN100110"},"content":{"rendered":"<table class=\"a-normal a-spacing-micro\">\n<tbody>\n<tr class=\"a-spacing-small po-brand\">\n<td class=\"a-span3\"><span class=\"a-size-base a-text-bold\">Marque<\/span><\/td>\n<td class=\"a-span9\"><span class=\"a-size-base po-break-word\">Nespresso<\/span><\/td>\n<\/tr>\n<tr class=\"a-spacing-small po-color\">\n<td class=\"a-span3\"><span class=\"a-size-base a-text-bold\">Couleur<\/span><\/td>\n<td class=\"a-span9\"><span class=\"a-size-base po-break-word\">Blanc<\/span><\/td>\n<\/tr>\n<tr class=\"a-spacing-small po-item_depth_width_height\">\n<td class=\"a-span3\"><span class=\"a-size-base a-text-bold\">Dimensions du produit<\/span><\/td>\n<td class=\"a-span9\"><span class=\"a-size-base po-break-word\">32,1P x 12l x 23H centim\u00e8tres<\/span><\/td>\n<\/tr>\n<tr class=\"a-spacing-small po-special_feature\">\n<td class=\"a-span3\"><span class=\"a-size-base a-text-bold\">Caract\u00e9ristique sp\u00e9ciale<\/span><\/td>\n<td class=\"a-span9\"><span class=\"a-size-base po-break-word\">2 longueurs de caf\u00e9 personnalisables, Mod\u00e8le compacte, Pr\u00e9-chauffage rapide, Arr\u00eat automatique<\/span><\/td>\n<\/tr>\n<tr class=\"a-spacing-small po-coffee_maker_type\">\n<td class=\"a-span3\"><span class=\"a-size-base a-text-bold\">Type de cafeti\u00e8re<\/span><\/td>\n<td class=\"a-span9\"><span class=\"a-size-base po-break-word\">Machine \u00e0 espresso<\/span><\/td>\n<\/tr>\n<tr class=\"a-spacing-small po-filter_type\">\n<td class=\"a-span3\"><span class=\"a-size-base a-text-bold\">Type de filtre<\/span><\/td>\n<td class=\"a-span9\"><span class=\"a-size-base po-break-word\">R\u00e9utilisable<\/span><\/td>\n<\/tr>\n<tr class=\"a-spacing-small po-style\">\n<td class=\"a-span3\"><span class=\"a-size-base a-text-bold\">Style<\/span><\/td>\n<td class=\"a-span9\"><span class=\"a-size-base po-break-word\">Moderne<\/span><\/td>\n<\/tr>\n<tr class=\"a-spacing-small po-specific_uses_for_product\">\n<td class=\"a-span3\"><span class=\"a-size-base a-text-bold\">Usages sp\u00e9cifiques pour le produit<\/span><\/td>\n<td class=\"a-span9\"><span class=\"a-size-base po-break-word\">Bonnet, Minuteur, Programmable, Thermal<\/span><\/td>\n<\/tr>\n<tr class=\"a-spacing-small po-recommended_uses_for_product\">\n<td class=\"a-span3\"><span class=\"a-size-base a-text-bold\">Usages recommand\u00e9s pour le produit<\/span><\/td>\n<td class=\"a-span9\"><span class=\"a-size-base po-break-word\">Reisen<\/span><\/td>\n<\/tr>\n<tr class=\"a-spacing-small po-included_components\">\n<td class=\"a-span3\"><span class=\"a-size-base a-text-bold\">Composants inclus<\/span><\/td>\n<td class=\"a-span9\"><span class=\"a-size-base po-break-word\">machine \u00e0 caf\u00e9 bac \u00e0 eau notice<\/span><\/td>\n<\/tr>\n<\/tbody>\n<\/table>\n<div id=\"productOverview_feature_div\" class=\"celwidget\" data-feature-name=\"productOverview\" data-csa-c-type=\"widget\" data-csa-c-content-id=\"productOverview\" data-csa-c-slot-id=\"productOverview_feature_div\" data-csa-c-asin=\"B00G98EJHM\" data-csa-c-is-in-initial-active-row=\"false\" data-cel-widget=\"productOverview_feature_div\" data-csa-c-id=\"90k7vt-8pjg7i-ipb5dm-o7p3bs\">\n<div id=\"glance_icons_div\" class=\"a-section a-spacing-top-base\">\n<table class=\"a-normal\" style=\"height: 118px;\" width=\"803\">\n<tbody>\n<tr class=\"a-spacing-base\">\n<td class=\"a-span6\">\n<table class=\"a-normal\">\n<tbody>\n<tr>\n<td><img decoding=\"async\" src=\"https:\/\/m.media-amazon.com\/images\/I\/01a9-dByS4L.svg\" alt=\"\" width=\"36px\" height=\"36px\" \/><\/td>\n<td><span class=\"a-size-base handle-overflow a-text-bold\">Mat\u00e9riau<\/span><br \/>\n<span class=\"a-size-base handle-overflow\">M\u00e9tal<\/span><\/td>\n<\/tr>\n<\/tbody>\n<\/table>\n<\/td>\n<td class=\"a-span6\">\n<table class=\"a-normal\">\n<tbody>\n<tr>\n<td><img decoding=\"async\" src=\"https:\/\/m.media-amazon.com\/images\/I\/015-tk7Ca2L.svg\" alt=\"\" width=\"36px\" height=\"36px\" \/><\/td>\n<td><span class=\"a-size-base handle-overflow a-text-bold\">Poids de l&rsquo;article<\/span><br \/>\n<span class=\"a-size-base handle-overflow\">2,5 Kilogrammes<\/span><\/td>\n<\/tr>\n<\/tbody>\n<\/table>\n<\/td>\n<\/tr>\n<tr class=\"a-spacing-base\">\n<td class=\"a-span6\">\n<table class=\"a-normal\">\n<tbody>\n<tr>\n<td><img decoding=\"async\" src=\"https:\/\/m.media-amazon.com\/images\/I\/01MMjwidAUL.svg\" alt=\"\" width=\"36px\" height=\"36px\" \/><\/td>\n<td><span class=\"a-size-base handle-overflow a-text-bold\">Puissance<\/span><br \/>\n<span class=\"a-size-base handle-overflow\">1260 Watts<\/span><\/td>\n<\/tr>\n<\/tbody>\n<\/table>\n<\/td>\n<td class=\"a-span6\">\n<table class=\"a-normal\">\n<tbody>\n<tr>\n<td><img decoding=\"async\" src=\"https:\/\/m.media-amazon.com\/images\/I\/01IY5kEWkBL.svg\" alt=\"\" width=\"36px\" height=\"36px\" \/><\/td>\n<td><span class=\"a-size-base handle-overflow a-text-bold\">Tension<\/span><br \/>\n<span class=\"a-size-base handle-overflow\">230<\/span><\/td>\n<\/tr>\n<\/tbody>\n<\/table>\n<\/td>\n<\/tr>\n<\/tbody>\n<\/table>\n<\/div>\n<\/div>\n<div id=\"featurebullets_feature_div\" class=\"celwidget\" data-feature-name=\"featurebullets\" data-csa-c-type=\"widget\" data-csa-c-content-id=\"featurebullets\" data-csa-c-slot-id=\"featurebullets_feature_div\" data-csa-c-asin=\"B00G98EJHM\" data-csa-c-is-in-initial-active-row=\"false\" data-cel-widget=\"featurebullets_feature_div\" data-csa-c-id=\"fezx3b-hyoa7y-68pade-1l6fu0\">\n<div id=\"feature-bullets\" class=\"a-section a-spacing-medium a-spacing-top-small\">\n<hr \/>\n<h1 class=\"a-size-base-plus a-text-bold\">\u00c0 propos de cet article<\/h1>\n<ul class=\"a-unordered-list a-vertical a-spacing-mini\">\n<li class=\"a-spacing-mini\"><span class=\"a-list-item\">Une machine \u00e0 caf\u00e9 au design simple et \u00e9pur\u00e9<\/span><\/li>\n<li class=\"a-spacing-mini\"><span class=\"a-list-item\">2 tailles de tasse : Espresso et Lungo<\/span><\/li>\n<li class=\"a-spacing-mini\"><span class=\"a-list-item\">Un assortiment de 14 capsules offert<\/span><\/li>\n<li class=\"a-spacing-mini\"><span class=\"a-list-item\">Pr\u00e9chauffage rapide en 25 secondes<\/span><\/li>\n<li class=\"a-spacing-mini\"><span class=\"a-list-item\">Arr\u00eat automatique apr\u00e8s 9 minutes d&rsquo;inutilisation<\/span><\/li>\n<li class=\"a-spacing-mini\"><span class=\"a-list-item\">Engagement de r\u00e9parabilit\u00e9 15 ans au juste prix gr\u00e2ce \u00e0 notre r\u00e9seau de 6200 r\u00e9parateurs dans le monde, pour contribuer \u00e0 la protection de l\u2019environnement et \u00e0 la r\u00e9duction des d\u00e9chets<\/span><\/li>\n<\/ul>\n<\/div>\n<\/div>\n<p>&nbsp;<\/p>\n","protected":false},"excerpt":{"rendered":"<p>Marque Nespresso Couleur Blanc Dimensions du produit 32,1P x 12l x 23H centim\u00e8tres Caract\u00e9ristique sp\u00e9ciale 2 longueurs de caf\u00e9 personnalisables,<\/p>\n","protected":false},"featured_media":16254,"template":"","meta":[],"product_brand":[],"product_cat":[243],"product_tag":[],"class_list":{"0":"post-16132","1":"product","2":"type-product","3":"status-publish","4":"has-post-thumbnail","6":"product_cat-machine-a-cafe","8":"first","9":"instock","10":"sale","11":"taxable","12":"shipping-taxable","13":"purchasable","14":"product-type-simple"},"yoast_head":"<!-- This site is optimized with the Yoast SEO plugin v24.8.1 - https:\/\/yoast.com\/wordpress\/plugins\/seo\/ -->\n<title>Machine \u00e0 Caf\u00e9 Nespresso Krups Inissia Blanche Cafeti\u00e8re Espresso XN100110 - CBS Electro<\/title>\n<meta name=\"robots\" content=\"index, follow, max-snippet:-1, max-image-preview:large, max-video-preview:-1\" \/>\n<link rel=\"canonical\" href=\"https:\/\/cbs-electro.com\/index.php\/produit\/machine-a-cafe-nespresso-krups-inissia-blanche-cafetiere-espresso-xn100110\/\" \/>\n<meta property=\"og:locale\" content=\"fr_FR\" \/>\n<meta property=\"og:type\" content=\"article\" \/>\n<meta property=\"og:title\" content=\"Machine \u00e0 Caf\u00e9 Nespresso Krups Inissia Blanche Cafeti\u00e8re Espresso XN100110 - CBS Electro\" \/>\n<meta property=\"og:description\" content=\"Marque Nespresso Couleur Blanc Dimensions du produit 32,1P x 12l x 23H centim\u00e8tres Caract\u00e9ristique sp\u00e9ciale 2 longueurs de caf\u00e9 personnalisables,\" \/>\n<meta property=\"og:url\" content=\"https:\/\/cbs-electro.com\/index.php\/produit\/machine-a-cafe-nespresso-krups-inissia-blanche-cafetiere-espresso-xn100110\/\" \/>\n<meta property=\"og:site_name\" content=\"CBS Electro\" \/>\n<meta property=\"article:modified_time\" content=\"2023-11-24T08:19:03+00:00\" \/>\n<meta property=\"og:image\" content=\"https:\/\/cbs-electro.com\/wp-content\/uploads\/2023\/11\/61iD0RjBFHL._AC_SL1500_.jpg\" \/>\n\t<meta property=\"og:image:width\" content=\"915\" \/>\n\t<meta property=\"og:image:height\" content=\"1500\" \/>\n\t<meta property=\"og:image:type\" content=\"image\/jpeg\" \/>\n<meta name=\"twitter:card\" content=\"summary_large_image\" \/>\n<meta name=\"twitter:label1\" content=\"Dur\u00e9e de lecture estim\u00e9e\" \/>\n\t<meta name=\"twitter:data1\" content=\"1 minute\" \/>\n<script type=\"application\/ld+json\" class=\"yoast-schema-graph\">{\"@context\":\"https:\/\/schema.org\",\"@graph\":[{\"@type\":\"WebPage\",\"@id\":\"https:\/\/cbs-electro.com\/index.php\/produit\/machine-a-cafe-nespresso-krups-inissia-blanche-cafetiere-espresso-xn100110\/\",\"url\":\"https:\/\/cbs-electro.com\/index.php\/produit\/machine-a-cafe-nespresso-krups-inissia-blanche-cafetiere-espresso-xn100110\/\",\"name\":\"Machine \u00e0 Caf\u00e9 Nespresso Krups Inissia Blanche Cafeti\u00e8re Espresso XN100110 - CBS Electro\",\"isPartOf\":{\"@id\":\"https:\/\/www.cbs-electro.com\/#website\"},\"primaryImageOfPage\":{\"@id\":\"https:\/\/cbs-electro.com\/index.php\/produit\/machine-a-cafe-nespresso-krups-inissia-blanche-cafetiere-espresso-xn100110\/#primaryimage\"},\"image\":{\"@id\":\"https:\/\/cbs-electro.com\/index.php\/produit\/machine-a-cafe-nespresso-krups-inissia-blanche-cafetiere-espresso-xn100110\/#primaryimage\"},\"thumbnailUrl\":\"https:\/\/cbs-electro.com\/wp-content\/uploads\/2023\/11\/61iD0RjBFHL._AC_SL1500_.jpg\",\"datePublished\":\"2023-11-24T08:17:55+00:00\",\"dateModified\":\"2023-11-24T08:19:03+00:00\",\"breadcrumb\":{\"@id\":\"https:\/\/cbs-electro.com\/index.php\/produit\/machine-a-cafe-nespresso-krups-inissia-blanche-cafetiere-espresso-xn100110\/#breadcrumb\"},\"inLanguage\":\"fr-FR\",\"potentialAction\":[{\"@type\":\"ReadAction\",\"target\":[\"https:\/\/cbs-electro.com\/index.php\/produit\/machine-a-cafe-nespresso-krups-inissia-blanche-cafetiere-espresso-xn100110\/\"]}]},{\"@type\":\"ImageObject\",\"inLanguage\":\"fr-FR\",\"@id\":\"https:\/\/cbs-electro.com\/index.php\/produit\/machine-a-cafe-nespresso-krups-inissia-blanche-cafetiere-espresso-xn100110\/#primaryimage\",\"url\":\"https:\/\/cbs-electro.com\/wp-content\/uploads\/2023\/11\/61iD0RjBFHL._AC_SL1500_.jpg\",\"contentUrl\":\"https:\/\/cbs-electro.com\/wp-content\/uploads\/2023\/11\/61iD0RjBFHL._AC_SL1500_.jpg\",\"width\":915,\"height\":1500},{\"@type\":\"BreadcrumbList\",\"@id\":\"https:\/\/cbs-electro.com\/index.php\/produit\/machine-a-cafe-nespresso-krups-inissia-blanche-cafetiere-espresso-xn100110\/#breadcrumb\",\"itemListElement\":[{\"@type\":\"ListItem\",\"position\":1,\"name\":\"Accueil\",\"item\":\"https:\/\/www.cbs-electro.com\/\"},{\"@type\":\"ListItem\",\"position\":2,\"name\":\"Boutique\",\"item\":\"https:\/\/www.cbs-electro.com\/index.php\/boutique\/\"},{\"@type\":\"ListItem\",\"position\":3,\"name\":\"Machine \u00e0 Caf\u00e9 Nespresso Krups Inissia Blanche Cafeti\u00e8re Espresso XN100110\"}]},{\"@type\":\"WebSite\",\"@id\":\"https:\/\/www.cbs-electro.com\/#website\",\"url\":\"https:\/\/www.cbs-electro.com\/\",\"name\":\"CBS Electro\",\"description\":\"Vente des produits neufs - Informatique, Smartphones, livres, jeux vid\u00e9o, photos, jouets et \u00e9lectrom\u00e9nager\",\"potentialAction\":[{\"@type\":\"SearchAction\",\"target\":{\"@type\":\"EntryPoint\",\"urlTemplate\":\"https:\/\/www.cbs-electro.com\/?s={search_term_string}\"},\"query-input\":{\"@type\":\"PropertyValueSpecification\",\"valueRequired\":true,\"valueName\":\"search_term_string\"}}],\"inLanguage\":\"fr-FR\"}]}<\/script>\n<!-- \/ Yoast SEO plugin. -->","yoast_head_json":{"title":"Machine \u00e0 Caf\u00e9 Nespresso Krups Inissia Blanche Cafeti\u00e8re Espresso XN100110 - CBS Electro","robots":{"index":"index","follow":"follow","max-snippet":"max-snippet:-1","max-image-preview":"max-image-preview:large","max-video-preview":"max-video-preview:-1"},"canonical":"https:\/\/cbs-electro.com\/index.php\/produit\/machine-a-cafe-nespresso-krups-inissia-blanche-cafetiere-espresso-xn100110\/","og_locale":"fr_FR","og_type":"article","og_title":"Machine \u00e0 Caf\u00e9 Nespresso Krups Inissia Blanche Cafeti\u00e8re Espresso XN100110 - CBS Electro","og_description":"Marque Nespresso Couleur Blanc Dimensions du produit 32,1P x 12l x 23H centim\u00e8tres Caract\u00e9ristique sp\u00e9ciale 2 longueurs de caf\u00e9 personnalisables,","og_url":"https:\/\/cbs-electro.com\/index.php\/produit\/machine-a-cafe-nespresso-krups-inissia-blanche-cafetiere-espresso-xn100110\/","og_site_name":"CBS Electro","article_modified_time":"2023-11-24T08:19:03+00:00","og_image":[{"width":915,"height":1500,"url":"https:\/\/cbs-electro.com\/wp-content\/uploads\/2023\/11\/61iD0RjBFHL._AC_SL1500_.jpg","type":"image\/jpeg"}],"twitter_card":"summary_large_image","twitter_misc":{"Dur\u00e9e de lecture estim\u00e9e":"1 minute"},"schema":{"@context":"https:\/\/schema.org","@graph":[{"@type":"WebPage","@id":"https:\/\/cbs-electro.com\/index.php\/produit\/machine-a-cafe-nespresso-krups-inissia-blanche-cafetiere-espresso-xn100110\/","url":"https:\/\/cbs-electro.com\/index.php\/produit\/machine-a-cafe-nespresso-krups-inissia-blanche-cafetiere-espresso-xn100110\/","name":"Machine \u00e0 Caf\u00e9 Nespresso Krups Inissia Blanche Cafeti\u00e8re Espresso XN100110 - CBS Electro","isPartOf":{"@id":"https:\/\/www.cbs-electro.com\/#website"},"primaryImageOfPage":{"@id":"https:\/\/cbs-electro.com\/index.php\/produit\/machine-a-cafe-nespresso-krups-inissia-blanche-cafetiere-espresso-xn100110\/#primaryimage"},"image":{"@id":"https:\/\/cbs-electro.com\/index.php\/produit\/machine-a-cafe-nespresso-krups-inissia-blanche-cafetiere-espresso-xn100110\/#primaryimage"},"thumbnailUrl":"https:\/\/cbs-electro.com\/wp-content\/uploads\/2023\/11\/61iD0RjBFHL._AC_SL1500_.jpg","datePublished":"2023-11-24T08:17:55+00:00","dateModified":"2023-11-24T08:19:03+00:00","breadcrumb":{"@id":"https:\/\/cbs-electro.com\/index.php\/produit\/machine-a-cafe-nespresso-krups-inissia-blanche-cafetiere-espresso-xn100110\/#breadcrumb"},"inLanguage":"fr-FR","potentialAction":[{"@type":"ReadAction","target":["https:\/\/cbs-electro.com\/index.php\/produit\/machine-a-cafe-nespresso-krups-inissia-blanche-cafetiere-espresso-xn100110\/"]}]},{"@type":"ImageObject","inLanguage":"fr-FR","@id":"https:\/\/cbs-electro.com\/index.php\/produit\/machine-a-cafe-nespresso-krups-inissia-blanche-cafetiere-espresso-xn100110\/#primaryimage","url":"https:\/\/cbs-electro.com\/wp-content\/uploads\/2023\/11\/61iD0RjBFHL._AC_SL1500_.jpg","contentUrl":"https:\/\/cbs-electro.com\/wp-content\/uploads\/2023\/11\/61iD0RjBFHL._AC_SL1500_.jpg","width":915,"height":1500},{"@type":"BreadcrumbList","@id":"https:\/\/cbs-electro.com\/index.php\/produit\/machine-a-cafe-nespresso-krups-inissia-blanche-cafetiere-espresso-xn100110\/#breadcrumb","itemListElement":[{"@type":"ListItem","position":1,"name":"Accueil","item":"https:\/\/www.cbs-electro.com\/"},{"@type":"ListItem","position":2,"name":"Boutique","item":"https:\/\/www.cbs-electro.com\/index.php\/boutique\/"},{"@type":"ListItem","position":3,"name":"Machine \u00e0 Caf\u00e9 Nespresso Krups Inissia Blanche Cafeti\u00e8re Espresso XN100110"}]},{"@type":"WebSite","@id":"https:\/\/www.cbs-electro.com\/#website","url":"https:\/\/www.cbs-electro.com\/","name":"CBS Electro","description":"Vente des produits neufs - Informatique, Smartphones, livres, jeux vid\u00e9o, photos, jouets et \u00e9lectrom\u00e9nager","potentialAction":[{"@type":"SearchAction","target":{"@type":"EntryPoint","urlTemplate":"https:\/\/www.cbs-electro.com\/?s={search_term_string}"},"query-input":{"@type":"PropertyValueSpecification","valueRequired":true,"valueName":"search_term_string"}}],"inLanguage":"fr-FR"}]}},"_links":{"self":[{"href":"https:\/\/cbs-electro.com\/index.php\/wp-json\/wp\/v2\/product\/16132","targetHints":{"allow":["GET"]}}],"collection":[{"href":"https:\/\/cbs-electro.com\/index.php\/wp-json\/wp\/v2\/product"}],"about":[{"href":"https:\/\/cbs-electro.com\/index.php\/wp-json\/wp\/v2\/types\/product"}],"version-history":[{"count":1,"href":"https:\/\/cbs-electro.com\/index.php\/wp-json\/wp\/v2\/product\/16132\/revisions"}],"predecessor-version":[{"id":16258,"href":"https:\/\/cbs-electro.com\/index.php\/wp-json\/wp\/v2\/product\/16132\/revisions\/16258"}],"wp:featuredmedia":[{"embeddable":true,"href":"https:\/\/cbs-electro.com\/index.php\/wp-json\/wp\/v2\/media\/16254"}],"wp:attachment":[{"href":"https:\/\/cbs-electro.com\/index.php\/wp-json\/wp\/v2\/media?parent=16132"}],"wp:term":[{"taxonomy":"product_brand","embeddable":true,"href":"https:\/\/cbs-electro.com\/index.php\/wp-json\/wp\/v2\/product_brand?post=16132"},{"taxonomy":"product_cat","embeddable":true,"href":"https:\/\/cbs-electro.com\/index.php\/wp-json\/wp\/v2\/product_cat?post=16132"},{"taxonomy":"product_tag","embeddable":true,"href":"https:\/\/cbs-electro.com\/index.php\/wp-json\/wp\/v2\/product_tag?post=16132"}],"curies":[{"name":"wp","href":"https:\/\/api.w.org\/{rel}","templated":true}]}}