{"id":15422,"date":"2023-11-22T18:17:20","date_gmt":"2023-11-22T17:17:20","guid":{"rendered":"https:\/?post_type=product&#038;p=15422"},"modified":"2025-03-13T19:17:34","modified_gmt":"2025-03-13T18:17:34","slug":"refrigerateur-1-porte-whirlpool-sw8am2cxwr2","status":"publish","type":"product","link":"https:\/\/cbs-electro.com\/index.php\/produit\/refrigerateur-1-porte-whirlpool-sw8am2cxwr2\/","title":{"rendered":"R\u00e9frig\u00e9rateur 1 porte WHIRLPOOL SW8AM2CXWR2"},"content":{"rendered":"<header class=\"title-block cursor-pointer text-uppercase\">\n<h2 role=\"button\" data-toggle=\"collapse\">CARACT\u00c9RISTIQUES<\/h2>\n<\/header>\n<div id=\"characteristics\" class=\"collapse show\">\n<table class=\"characteristics-table\">\n<tbody>\n<tr>\n<td class=\"characteristics-title\" colspan=\"2\">NORMES EUROPEENNES (Mars 2021)<\/td>\n<\/tr>\n<tr>\n<td class=\"characteristics-label\">Type de construction<\/td>\n<td class=\"characteristics-value\">Pose libre<\/td>\n<\/tr>\n<tr>\n<td class=\"characteristics-label\">IEE<\/td>\n<td class=\"characteristics-value\">100<\/td>\n<\/tr>\n<tr>\n<td class=\"characteristics-label\">Volume total (L)<\/td>\n<td class=\"characteristics-value\">359<\/td>\n<\/tr>\n<tr>\n<td class=\"characteristics-label\">Classe d&rsquo;efficacit\u00e9 \u00e9nerg\u00e9tique<\/td>\n<td class=\"characteristics-value\">E<\/td>\n<\/tr>\n<tr>\n<td class=\"characteristics-label\">Niveau sonore (dB)<\/td>\n<td class=\"characteristics-value\">38<\/td>\n<\/tr>\n<tr>\n<td class=\"characteristics-label\">Classe d&rsquo;\u00e9mission de bruit acoustique dans l&rsquo;air<\/td>\n<td class=\"characteristics-value\">C<\/td>\n<\/tr>\n<tr>\n<td class=\"characteristics-label\">Conso. d&rsquo;\u00e9nergie annuelle (kWh\/an)<\/td>\n<td class=\"characteristics-value\">118<\/td>\n<\/tr>\n<tr>\n<td class=\"characteristics-label\">Classe climatique<\/td>\n<td class=\"characteristics-value\">SN-T. Cet appareil est con\u00e7u pour \u00eatre utilis\u00e9 \u00e0 une temp\u00e9rature ambiante comprise entre 10\u00b0C et 43\u00b0C<\/td>\n<\/tr>\n<tr>\n<td class=\"characteristics-label\">R\u00e9glage hiver<\/td>\n<td class=\"characteristics-value\">Non<\/td>\n<\/tr>\n<tr>\n<td class=\"characteristics-label\">Volume r\u00e9frig\u00e9rateur (L)<\/td>\n<td class=\"characteristics-value\">359<\/td>\n<\/tr>\n<tr>\n<td class=\"characteristics-label\">T\u00b0C recommand\u00e9e pour stockage optimis\u00e9 des denr\u00e9es alimentaires fra\u00eeches (\u00b0C)<\/td>\n<td class=\"characteristics-value\">4<\/td>\n<\/tr>\n<tr>\n<td class=\"characteristics-label\">Volume cong\u00e9lateur (L)<\/td>\n<td class=\"characteristics-value\">0<\/td>\n<\/tr>\n<tr>\n<td class=\"characteristics-label\">Type de source lumineuse<\/td>\n<td class=\"characteristics-value\">LED<\/td>\n<\/tr>\n<tr>\n<td class=\"characteristics-label\">Classe d&rsquo;efficacit\u00e9 \u00e9nerg\u00e9tique de la source lumineuse<\/td>\n<td class=\"characteristics-value\">F<\/td>\n<\/tr>\n<tr>\n<td class=\"characteristics-title\" colspan=\"2\">GENERAL<\/td>\n<\/tr>\n<tr>\n<td class=\"characteristics-label\">Type<\/td>\n<td class=\"characteristics-value\">R\u00e9frig\u00e9rateur 1 porte<\/td>\n<\/tr>\n<tr>\n<td class=\"characteristics-label\">Type r\u00e9frig\u00e9rateur<\/td>\n<td class=\"characteristics-value\">R\u00e9frig\u00e9rateur 1 porte<\/td>\n<\/tr>\n<tr>\n<td class=\"characteristics-label\">Classe \u00e9nerg\u00e9tique<\/td>\n<td class=\"characteristics-value\">E<\/td>\n<\/tr>\n<tr>\n<td class=\"characteristics-label\">Volume (L)<\/td>\n<td class=\"characteristics-value\">359<\/td>\n<\/tr>\n<tr>\n<td class=\"characteristics-label\">Nbre de porte(s)<\/td>\n<td class=\"characteristics-value\">1<\/td>\n<\/tr>\n<tr>\n<td class=\"characteristics-label\">R\u00e9gulation de la temp\u00e9rature<\/td>\n<td class=\"characteristics-value\">Electronique<\/td>\n<\/tr>\n<tr>\n<td class=\"characteristics-label\">Connect\u00e9<\/td>\n<td class=\"characteristics-value\">Non<\/td>\n<\/tr>\n<tr>\n<td class=\"characteristics-label\">Distributeur 3 fonctions<\/td>\n<td class=\"characteristics-value\">Non<\/td>\n<\/tr>\n<tr>\n<td class=\"characteristics-label\">Bar int\u00e9gr\u00e9 (Home Bar)<\/td>\n<td class=\"characteristics-value\">Non<\/td>\n<\/tr>\n<tr>\n<td class=\"characteristics-label\">Couleur<\/td>\n<td class=\"characteristics-value\">Inox<\/td>\n<\/tr>\n<tr>\n<td class=\"characteristics-title\" colspan=\"2\">REFRIGERATEUR<\/td>\n<\/tr>\n<tr>\n<td class=\"characteristics-label\">Type de d\u00e9givrage<\/td>\n<td class=\"characteristics-value\">Automatique<\/td>\n<\/tr>\n<tr>\n<td class=\"characteristics-label\">Froid r\u00e9frig\u00e9rateur<\/td>\n<td class=\"characteristics-value\">Brass\u00e9<\/td>\n<\/tr>\n<tr>\n<td class=\"characteristics-label\">Type de clayette(s)<\/td>\n<td class=\"characteristics-value\">Verre<\/td>\n<\/tr>\n<tr>\n<td class=\"characteristics-label\">Nbre total de clayette(s)<\/td>\n<td class=\"characteristics-value\">6<\/td>\n<\/tr>\n<tr>\n<td class=\"characteristics-label\">Nbre de clayettes r\u00e9glables<\/td>\n<td class=\"characteristics-value\">4<\/td>\n<\/tr>\n<tr>\n<td class=\"characteristics-label\">Nbre de clayettes bouteilles<\/td>\n<td class=\"characteristics-value\">1<\/td>\n<\/tr>\n<tr>\n<td class=\"characteristics-label\">Nbre de balconnets contre-porte<\/td>\n<td class=\"characteristics-value\">5<\/td>\n<\/tr>\n<tr>\n<td class=\"characteristics-title\" colspan=\"2\">CONGELATEUR<\/td>\n<\/tr>\n<tr>\n<td class=\"characteristics-label\">Position du cong\u00e9lateur<\/td>\n<td class=\"characteristics-value\">Pas de cong\u00e9lateur<\/td>\n<\/tr>\n<tr>\n<td class=\"characteristics-title\" colspan=\"2\">EQUIPEMENTS<\/td>\n<\/tr>\n<tr>\n<td class=\"characteristics-label\">Porte r\u00e9versible<\/td>\n<td class=\"characteristics-value\">Oui<\/td>\n<\/tr>\n<tr>\n<td class=\"characteristics-label\">Distributeur d&rsquo;eau<\/td>\n<td class=\"characteristics-value\">Oui<\/td>\n<\/tr>\n<tr>\n<td class=\"characteristics-label\">Traitement anti-bact\u00e9rien<\/td>\n<td class=\"characteristics-value\">Filtre 2 en 1 antibact\u00e9rien et antiodeurs<\/td>\n<\/tr>\n<tr>\n<td class=\"characteristics-title\" colspan=\"2\">ECRAN &amp; AFFICHAGE<\/td>\n<\/tr>\n<tr>\n<td class=\"characteristics-label\">Ecran<\/td>\n<td class=\"characteristics-value\">Non<\/td>\n<\/tr>\n<tr>\n<td class=\"characteristics-title\" colspan=\"2\">DIMENSIONS &amp; POIDS<\/td>\n<\/tr>\n<tr>\n<td class=\"characteristics-label\">Hauteur (cm)<\/td>\n<td class=\"characteristics-value\">187.5<\/td>\n<\/tr>\n<tr>\n<td class=\"characteristics-label\">Largeur (cm)<\/td>\n<td class=\"characteristics-value\">59.5<\/td>\n<\/tr>\n<tr>\n<td class=\"characteristics-label\">Profondeur (cm)<\/td>\n<td class=\"characteristics-value\">63<\/td>\n<\/tr>\n<tr>\n<td class=\"characteristics-label\">Poids (kg)<\/td>\n<td class=\"characteristics-value\">59<\/td>\n<\/tr>\n<tr>\n<td class=\"characteristics-title\" colspan=\"2\">PIECES DETACHEES ET REPARABILITES<\/td>\n<\/tr>\n<tr>\n<td class=\"characteristics-label\">Date d&rsquo;effet<\/td>\n<td class=\"characteristics-value\">Achat du consommateur.<\/td>\n<\/tr>\n<tr>\n<td class=\"characteristics-label\">Disponibilit\u00e9 pi\u00e8ces d\u00e9tach\u00e9es (an)<\/td>\n<td class=\"characteristics-value\">010<\/td>\n<\/tr>\n<\/tbody>\n<\/table>\n<\/div>\n","protected":false},"excerpt":{"rendered":"<p data-start=\"0\" data-end=\"193\">Le <strong data-start=\"3\" data-end=\"28\">Whirlpool SW8AM2CXWR2<\/strong> est un r\u00e9frig\u00e9rateur une porte en pose libre, offrant une capacit\u00e9 g\u00e9n\u00e9reuse et des fonctionnalit\u00e9s avanc\u00e9es pour assurer une conservation optimale de vos aliments.<\/p>\n<p data-start=\"195\" data-end=\"229\"><strong data-start=\"195\" data-end=\"229\">Caract\u00e9ristiques principales :<\/strong><\/p>\n<ul data-start=\"231\" data-end=\"577\">\n<li data-start=\"231\" data-end=\"265\">\n<p data-start=\"233\" data-end=\"265\"><strong data-start=\"233\" data-end=\"254\">Capacit\u00e9 totale :<\/strong> 364 litres<\/p>\n<\/li>\n<li data-start=\"267\" data-end=\"318\">\n<p data-start=\"269\" data-end=\"318\"><strong data-start=\"269\" data-end=\"297\">Dimensions (H x L x P) :<\/strong> 187,5 x 59,5 x 63 cm<\/p>\n<\/li>\n<li data-start=\"320\" data-end=\"348\">\n<p data-start=\"322\" data-end=\"348\"><strong data-start=\"322\" data-end=\"346\">Classe \u00e9nerg\u00e9tique :<\/strong> E<\/p>\n<\/li>\n<li data-start=\"350\" data-end=\"377\">\n<p data-start=\"352\" data-end=\"377\"><strong data-start=\"352\" data-end=\"371\">Niveau sonore :<\/strong> 38 dB<\/p>\n<\/li>\n<li data-start=\"379\" data-end=\"428\">\n<p data-start=\"381\" data-end=\"428\"><strong data-start=\"381\" data-end=\"420\">Consommation \u00e9nerg\u00e9tique annuelle :<\/strong> 114 kWh<\/p>\n<\/li>\n<li data-start=\"430\" data-end=\"577\">\n<p data-start=\"432\" data-end=\"577\"><strong data-start=\"432\" data-end=\"455\">Classe climatique :<\/strong> SN-T (adapt\u00e9 pour une utilisation dans des environnements avec des temp\u00e9ratures ambiantes comprises entre 10 \u00b0C et 43 \u00b0C)<\/p>\n<\/li>\n<\/ul>\n<p data-start=\"579\" data-end=\"600\"><strong data-start=\"579\" data-end=\"600\">Fonctionnalit\u00e9s :<\/strong><\/p>\n<ul data-start=\"602\" data-end=\"1212\">\n<li data-start=\"602\" data-end=\"805\">\n<p data-start=\"604\" data-end=\"805\"><strong data-start=\"604\" data-end=\"645\">Technologie 6\u00e8me Sens Fresh Control :<\/strong> Cette technologie adapte la temp\u00e9rature et le taux d&rsquo;humidit\u00e9 pour maintenir des conditions optimales, garantissant ainsi une fra\u00eecheur prolong\u00e9e des aliments.<\/p>\n<\/li>\n<li data-start=\"807\" data-end=\"987\">\n<p data-start=\"809\" data-end=\"987\"><strong data-start=\"809\" data-end=\"832\">Syst\u00e8me Multiflow :<\/strong> Assure une circulation homog\u00e8ne de l&rsquo;air \u00e0 l&rsquo;int\u00e9rieur du r\u00e9frig\u00e9rateur, garantissant une temp\u00e9rature uniforme et une meilleure conservation des aliments.<\/p>\n<\/li>\n<li data-start=\"989\" data-end=\"1104\">\n<p data-start=\"991\" data-end=\"1104\"><strong data-start=\"991\" data-end=\"1010\">\u00c9clairage LED :<\/strong> Offre une visibilit\u00e9 claire de l&rsquo;int\u00e9rieur du r\u00e9frig\u00e9rateur tout en \u00e9tant \u00e9conome en \u00e9nergie.<\/p>\n<\/li>\n<li data-start=\"1106\" data-end=\"1212\">\n<p data-start=\"1108\" data-end=\"1212\"><strong data-start=\"1108\" data-end=\"1153\">Design Optic Inox anti-traces de doigts :<\/strong> Facilite le nettoyage et maintient une apparence \u00e9l\u00e9gante.<\/p>\n<\/li>\n<\/ul>\n<p data-start=\"1214\" data-end=\"1331\">Pour plus de d\u00e9tails, vous pouvez consulter la fiche technique disponible ici :<\/p>\n<p data-start=\"1333\" data-end=\"1539\">En r\u00e9sum\u00e9, le Whirlpool SW8AM2CXWR2 est une solution spacieuse et fonctionnelle pour ceux qui recherchent un r\u00e9frig\u00e9rateur performant avec des fonctionnalit\u00e9s modernes, id\u00e9al pour une utilisation familiale.<\/p>\n","protected":false},"featured_media":17543,"template":"","meta":[],"product_brand":[],"product_cat":[81,193,196],"product_tag":[],"class_list":{"0":"post-15422","1":"product","2":"type-product","3":"status-publish","4":"has-post-thumbnail","6":"product_cat-gros-electromenagers","7":"product_cat-refrigerateur","8":"product_cat-refrigerateur-1-porte","10":"first","11":"instock","12":"taxable","13":"shipping-taxable","14":"purchasable","15":"product-type-simple"},"yoast_head":"<!-- This site is optimized with the Yoast SEO plugin v24.8.1 - https:\/\/yoast.com\/wordpress\/plugins\/seo\/ -->\n<title>R\u00e9frig\u00e9rateur 1 porte WHIRLPOOL SW8AM2CXWR2 - CBS Electro<\/title>\n<meta name=\"robots\" content=\"index, follow, max-snippet:-1, max-image-preview:large, max-video-preview:-1\" \/>\n<link rel=\"canonical\" href=\"https:\/\/cbs-electro.com\/index.php\/produit\/refrigerateur-1-porte-whirlpool-sw8am2cxwr2\/\" \/>\n<meta property=\"og:locale\" content=\"fr_FR\" \/>\n<meta property=\"og:type\" content=\"article\" \/>\n<meta property=\"og:title\" content=\"R\u00e9frig\u00e9rateur 1 porte WHIRLPOOL SW8AM2CXWR2 - CBS Electro\" \/>\n<meta property=\"og:description\" content=\"Le Whirlpool SW8AM2CXWR2 est un r\u00e9frig\u00e9rateur une porte en pose libre, offrant une capacit\u00e9 g\u00e9n\u00e9reuse et des fonctionnalit\u00e9s avanc\u00e9es pour assurer une conservation optimale de vos aliments. Caract\u00e9ristiques principales :     Capacit\u00e9 totale : 364 litres    Dimensions (H x L x P) : 187,5 x 59,5 x 63 cm    Classe \u00e9nerg\u00e9tique : E    Niveau sonore : 38 dB    Consommation \u00e9nerg\u00e9tique annuelle : 114 kWh    Classe climatique : SN-T (adapt\u00e9 pour une utilisation dans des environnements avec des temp\u00e9ratures ambiantes comprises entre 10 \u00b0C et 43 \u00b0C)   Fonctionnalit\u00e9s :     Technologie 6\u00e8me Sens Fresh Control : Cette technologie adapte la temp\u00e9rature et le taux d&#039;humidit\u00e9 pour maintenir des conditions optimales, garantissant ainsi une fra\u00eecheur prolong\u00e9e des aliments.    Syst\u00e8me Multiflow : Assure une circulation homog\u00e8ne de l&#039;air \u00e0 l&#039;int\u00e9rieur du r\u00e9frig\u00e9rateur, garantissant une temp\u00e9rature uniforme et une meilleure conservation des aliments.    \u00c9clairage LED : Offre une visibilit\u00e9 claire de l&#039;int\u00e9rieur du r\u00e9frig\u00e9rateur tout en \u00e9tant \u00e9conome en \u00e9nergie.    Design Optic Inox anti-traces de doigts : Facilite le nettoyage et maintient une apparence \u00e9l\u00e9gante.   Pour plus de d\u00e9tails, vous pouvez consulter la fiche technique disponible ici : En r\u00e9sum\u00e9, le Whirlpool SW8AM2CXWR2 est une solution spacieuse et fonctionnelle pour ceux qui recherchent un r\u00e9frig\u00e9rateur performant avec des fonctionnalit\u00e9s modernes, id\u00e9al pour une utilisation familiale.\" \/>\n<meta property=\"og:url\" content=\"https:\/\/cbs-electro.com\/index.php\/produit\/refrigerateur-1-porte-whirlpool-sw8am2cxwr2\/\" \/>\n<meta property=\"og:site_name\" content=\"CBS Electro\" \/>\n<meta property=\"article:modified_time\" content=\"2025-03-13T18:17:34+00:00\" \/>\n<meta property=\"og:image\" content=\"https:\/\/cbs-electro.com\/wp-content\/uploads\/2023\/11\/WHIRLPOOL-SW8AM2CXWR2.webp\" \/>\n\t<meta property=\"og:image:width\" content=\"500\" \/>\n\t<meta property=\"og:image:height\" content=\"500\" \/>\n\t<meta property=\"og:image:type\" content=\"image\/webp\" \/>\n<meta name=\"twitter:card\" content=\"summary_large_image\" \/>\n<meta name=\"twitter:label1\" content=\"Dur\u00e9e de lecture estim\u00e9e\" \/>\n\t<meta name=\"twitter:data1\" content=\"1 minute\" \/>\n<script type=\"application\/ld+json\" class=\"yoast-schema-graph\">{\"@context\":\"https:\/\/schema.org\",\"@graph\":[{\"@type\":\"WebPage\",\"@id\":\"https:\/\/cbs-electro.com\/index.php\/produit\/refrigerateur-1-porte-whirlpool-sw8am2cxwr2\/\",\"url\":\"https:\/\/cbs-electro.com\/index.php\/produit\/refrigerateur-1-porte-whirlpool-sw8am2cxwr2\/\",\"name\":\"R\u00e9frig\u00e9rateur 1 porte WHIRLPOOL SW8AM2CXWR2 - CBS Electro\",\"isPartOf\":{\"@id\":\"https:\/\/www.cbs-electro.com\/#website\"},\"primaryImageOfPage\":{\"@id\":\"https:\/\/cbs-electro.com\/index.php\/produit\/refrigerateur-1-porte-whirlpool-sw8am2cxwr2\/#primaryimage\"},\"image\":{\"@id\":\"https:\/\/cbs-electro.com\/index.php\/produit\/refrigerateur-1-porte-whirlpool-sw8am2cxwr2\/#primaryimage\"},\"thumbnailUrl\":\"https:\/\/cbs-electro.com\/wp-content\/uploads\/2023\/11\/WHIRLPOOL-SW8AM2CXWR2.webp\",\"datePublished\":\"2023-11-22T17:17:20+00:00\",\"dateModified\":\"2025-03-13T18:17:34+00:00\",\"breadcrumb\":{\"@id\":\"https:\/\/cbs-electro.com\/index.php\/produit\/refrigerateur-1-porte-whirlpool-sw8am2cxwr2\/#breadcrumb\"},\"inLanguage\":\"fr-FR\",\"potentialAction\":[{\"@type\":\"ReadAction\",\"target\":[\"https:\/\/cbs-electro.com\/index.php\/produit\/refrigerateur-1-porte-whirlpool-sw8am2cxwr2\/\"]}]},{\"@type\":\"ImageObject\",\"inLanguage\":\"fr-FR\",\"@id\":\"https:\/\/cbs-electro.com\/index.php\/produit\/refrigerateur-1-porte-whirlpool-sw8am2cxwr2\/#primaryimage\",\"url\":\"https:\/\/cbs-electro.com\/wp-content\/uploads\/2023\/11\/WHIRLPOOL-SW8AM2CXWR2.webp\",\"contentUrl\":\"https:\/\/cbs-electro.com\/wp-content\/uploads\/2023\/11\/WHIRLPOOL-SW8AM2CXWR2.webp\",\"width\":500,\"height\":500},{\"@type\":\"BreadcrumbList\",\"@id\":\"https:\/\/cbs-electro.com\/index.php\/produit\/refrigerateur-1-porte-whirlpool-sw8am2cxwr2\/#breadcrumb\",\"itemListElement\":[{\"@type\":\"ListItem\",\"position\":1,\"name\":\"Accueil\",\"item\":\"https:\/\/www.cbs-electro.com\/\"},{\"@type\":\"ListItem\",\"position\":2,\"name\":\"Boutique\",\"item\":\"https:\/\/www.cbs-electro.com\/index.php\/boutique\/\"},{\"@type\":\"ListItem\",\"position\":3,\"name\":\"R\u00e9frig\u00e9rateur 1 porte WHIRLPOOL SW8AM2CXWR2\"}]},{\"@type\":\"WebSite\",\"@id\":\"https:\/\/www.cbs-electro.com\/#website\",\"url\":\"https:\/\/www.cbs-electro.com\/\",\"name\":\"CBS Electro\",\"description\":\"Vente des produits neufs - Informatique, Smartphones, livres, jeux vid\u00e9o, photos, jouets et \u00e9lectrom\u00e9nager\",\"potentialAction\":[{\"@type\":\"SearchAction\",\"target\":{\"@type\":\"EntryPoint\",\"urlTemplate\":\"https:\/\/www.cbs-electro.com\/?s={search_term_string}\"},\"query-input\":{\"@type\":\"PropertyValueSpecification\",\"valueRequired\":true,\"valueName\":\"search_term_string\"}}],\"inLanguage\":\"fr-FR\"}]}<\/script>\n<!-- \/ Yoast SEO plugin. -->","yoast_head_json":{"title":"R\u00e9frig\u00e9rateur 1 porte WHIRLPOOL SW8AM2CXWR2 - CBS Electro","robots":{"index":"index","follow":"follow","max-snippet":"max-snippet:-1","max-image-preview":"max-image-preview:large","max-video-preview":"max-video-preview:-1"},"canonical":"https:\/\/cbs-electro.com\/index.php\/produit\/refrigerateur-1-porte-whirlpool-sw8am2cxwr2\/","og_locale":"fr_FR","og_type":"article","og_title":"R\u00e9frig\u00e9rateur 1 porte WHIRLPOOL SW8AM2CXWR2 - CBS Electro","og_description":"Le Whirlpool SW8AM2CXWR2 est un r\u00e9frig\u00e9rateur une porte en pose libre, offrant une capacit\u00e9 g\u00e9n\u00e9reuse et des fonctionnalit\u00e9s avanc\u00e9es pour assurer une conservation optimale de vos aliments. Caract\u00e9ristiques principales :     Capacit\u00e9 totale : 364 litres    Dimensions (H x L x P) : 187,5 x 59,5 x 63 cm    Classe \u00e9nerg\u00e9tique : E    Niveau sonore : 38 dB    Consommation \u00e9nerg\u00e9tique annuelle : 114 kWh    Classe climatique : SN-T (adapt\u00e9 pour une utilisation dans des environnements avec des temp\u00e9ratures ambiantes comprises entre 10 \u00b0C et 43 \u00b0C)   Fonctionnalit\u00e9s :     Technologie 6\u00e8me Sens Fresh Control : Cette technologie adapte la temp\u00e9rature et le taux d'humidit\u00e9 pour maintenir des conditions optimales, garantissant ainsi une fra\u00eecheur prolong\u00e9e des aliments.    Syst\u00e8me Multiflow : Assure une circulation homog\u00e8ne de l'air \u00e0 l'int\u00e9rieur du r\u00e9frig\u00e9rateur, garantissant une temp\u00e9rature uniforme et une meilleure conservation des aliments.    \u00c9clairage LED : Offre une visibilit\u00e9 claire de l'int\u00e9rieur du r\u00e9frig\u00e9rateur tout en \u00e9tant \u00e9conome en \u00e9nergie.    Design Optic Inox anti-traces de doigts : Facilite le nettoyage et maintient une apparence \u00e9l\u00e9gante.   Pour plus de d\u00e9tails, vous pouvez consulter la fiche technique disponible ici : En r\u00e9sum\u00e9, le Whirlpool SW8AM2CXWR2 est une solution spacieuse et fonctionnelle pour ceux qui recherchent un r\u00e9frig\u00e9rateur performant avec des fonctionnalit\u00e9s modernes, id\u00e9al pour une utilisation familiale.","og_url":"https:\/\/cbs-electro.com\/index.php\/produit\/refrigerateur-1-porte-whirlpool-sw8am2cxwr2\/","og_site_name":"CBS Electro","article_modified_time":"2025-03-13T18:17:34+00:00","og_image":[{"width":500,"height":500,"url":"https:\/\/cbs-electro.com\/wp-content\/uploads\/2023\/11\/WHIRLPOOL-SW8AM2CXWR2.webp","type":"image\/webp"}],"twitter_card":"summary_large_image","twitter_misc":{"Dur\u00e9e de lecture estim\u00e9e":"1 minute"},"schema":{"@context":"https:\/\/schema.org","@graph":[{"@type":"WebPage","@id":"https:\/\/cbs-electro.com\/index.php\/produit\/refrigerateur-1-porte-whirlpool-sw8am2cxwr2\/","url":"https:\/\/cbs-electro.com\/index.php\/produit\/refrigerateur-1-porte-whirlpool-sw8am2cxwr2\/","name":"R\u00e9frig\u00e9rateur 1 porte WHIRLPOOL SW8AM2CXWR2 - CBS Electro","isPartOf":{"@id":"https:\/\/www.cbs-electro.com\/#website"},"primaryImageOfPage":{"@id":"https:\/\/cbs-electro.com\/index.php\/produit\/refrigerateur-1-porte-whirlpool-sw8am2cxwr2\/#primaryimage"},"image":{"@id":"https:\/\/cbs-electro.com\/index.php\/produit\/refrigerateur-1-porte-whirlpool-sw8am2cxwr2\/#primaryimage"},"thumbnailUrl":"https:\/\/cbs-electro.com\/wp-content\/uploads\/2023\/11\/WHIRLPOOL-SW8AM2CXWR2.webp","datePublished":"2023-11-22T17:17:20+00:00","dateModified":"2025-03-13T18:17:34+00:00","breadcrumb":{"@id":"https:\/\/cbs-electro.com\/index.php\/produit\/refrigerateur-1-porte-whirlpool-sw8am2cxwr2\/#breadcrumb"},"inLanguage":"fr-FR","potentialAction":[{"@type":"ReadAction","target":["https:\/\/cbs-electro.com\/index.php\/produit\/refrigerateur-1-porte-whirlpool-sw8am2cxwr2\/"]}]},{"@type":"ImageObject","inLanguage":"fr-FR","@id":"https:\/\/cbs-electro.com\/index.php\/produit\/refrigerateur-1-porte-whirlpool-sw8am2cxwr2\/#primaryimage","url":"https:\/\/cbs-electro.com\/wp-content\/uploads\/2023\/11\/WHIRLPOOL-SW8AM2CXWR2.webp","contentUrl":"https:\/\/cbs-electro.com\/wp-content\/uploads\/2023\/11\/WHIRLPOOL-SW8AM2CXWR2.webp","width":500,"height":500},{"@type":"BreadcrumbList","@id":"https:\/\/cbs-electro.com\/index.php\/produit\/refrigerateur-1-porte-whirlpool-sw8am2cxwr2\/#breadcrumb","itemListElement":[{"@type":"ListItem","position":1,"name":"Accueil","item":"https:\/\/www.cbs-electro.com\/"},{"@type":"ListItem","position":2,"name":"Boutique","item":"https:\/\/www.cbs-electro.com\/index.php\/boutique\/"},{"@type":"ListItem","position":3,"name":"R\u00e9frig\u00e9rateur 1 porte WHIRLPOOL SW8AM2CXWR2"}]},{"@type":"WebSite","@id":"https:\/\/www.cbs-electro.com\/#website","url":"https:\/\/www.cbs-electro.com\/","name":"CBS Electro","description":"Vente des produits neufs - Informatique, Smartphones, livres, jeux vid\u00e9o, photos, jouets et \u00e9lectrom\u00e9nager","potentialAction":[{"@type":"SearchAction","target":{"@type":"EntryPoint","urlTemplate":"https:\/\/www.cbs-electro.com\/?s={search_term_string}"},"query-input":{"@type":"PropertyValueSpecification","valueRequired":true,"valueName":"search_term_string"}}],"inLanguage":"fr-FR"}]}},"_links":{"self":[{"href":"https:\/\/cbs-electro.com\/index.php\/wp-json\/wp\/v2\/product\/15422","targetHints":{"allow":["GET"]}}],"collection":[{"href":"https:\/\/cbs-electro.com\/index.php\/wp-json\/wp\/v2\/product"}],"about":[{"href":"https:\/\/cbs-electro.com\/index.php\/wp-json\/wp\/v2\/types\/product"}],"version-history":[{"count":2,"href":"https:\/\/cbs-electro.com\/index.php\/wp-json\/wp\/v2\/product\/15422\/revisions"}],"predecessor-version":[{"id":17544,"href":"https:\/\/cbs-electro.com\/index.php\/wp-json\/wp\/v2\/product\/15422\/revisions\/17544"}],"wp:featuredmedia":[{"embeddable":true,"href":"https:\/\/cbs-electro.com\/index.php\/wp-json\/wp\/v2\/media\/17543"}],"wp:attachment":[{"href":"https:\/\/cbs-electro.com\/index.php\/wp-json\/wp\/v2\/media?parent=15422"}],"wp:term":[{"taxonomy":"product_brand","embeddable":true,"href":"https:\/\/cbs-electro.com\/index.php\/wp-json\/wp\/v2\/product_brand?post=15422"},{"taxonomy":"product_cat","embeddable":true,"href":"https:\/\/cbs-electro.com\/index.php\/wp-json\/wp\/v2\/product_cat?post=15422"},{"taxonomy":"product_tag","embeddable":true,"href":"https:\/\/cbs-electro.com\/index.php\/wp-json\/wp\/v2\/product_tag?post=15422"}],"curies":[{"name":"wp","href":"https:\/\/api.w.org\/{rel}","templated":true}]}}