{"id":14158,"date":"2023-11-15T14:49:28","date_gmt":"2023-11-15T13:49:28","guid":{"rendered":"https:\/?post_type=product&#038;p=14158"},"modified":"2025-03-12T17:27:27","modified_gmt":"2025-03-12T16:27:27","slug":"tondeuse-a-gazon-sans-fil-37cm-batterie-lithium-ion-samsung-25ah-chargeur-voltr-autonomaxs-40v","status":"publish","type":"product","link":"https:\/\/cbs-electro.com\/index.php\/produit\/tondeuse-a-gazon-sans-fil-37cm-batterie-lithium-ion-samsung-25ah-chargeur-voltr-autonomaxs-40v\/","title":{"rendered":"Tondeuse \u00e0 gazon sans fil 37cm batterie Lithium-ion Samsung 2,5Ah +chargeur \u2013 VOLTR AutonoMAX[S] 40V"},"content":{"rendered":"<p>Type d\u2019\u00e9nergie: Batterie<br \/>\nMati\u00e8re: Polypropyl\u00e8ne<br \/>\nS\u00e9curit\u00e9: Triple s\u00e9curit\u00e9 : bouton \u00e0 enclencher + g\u00e2chette de puissance + cl\u00e9 coupe-circuit<br \/>\nType: Tondeuse<br \/>\nGarantie: 2 ans<br \/>\nBatterie: 40V Li-Ion (2 500mAh)<br \/>\nTemps de charge: 3 \u00e0 5 h<br \/>\nAutonomie: 40 min<br \/>\nUsage: usage domestique uniquement<\/p>\n<p>Tondeuse compl\u00e8te : L129,5xl44xH99,5cm (15kgs sans batterie)<br \/>\nBatterie : L13xP7.9xH8,2cm (770g)<br \/>\nChargeur : L13XP10XH5,3cm (370g), longueur c\u00e2ble alimentation 2m.<\/p>\n<p>Colis 1\/1: 83.00cm x 47.00cm x 45.00cm (18.0kg)<\/p>\n","protected":false},"excerpt":{"rendered":"<div class=\"cms\">\n<div class=\"description_content\">Moteur sans balais \u2018Brushless\u2019,<br \/>\nNouvelle gamme AutonoMAX [S] 40V ultra-puissante,<br \/>\nPoign\u00e9e ajustable et repliable,<br \/>\nBatterie 40V 2,5Ah et chargeur fournis !Caract\u00e9ristiques d\u00e9taill\u00e9es<br \/>\nMoteur : 36V, brushless, 3800tr\/min.<br \/>\nLargeur de coupe : \u00d837cm<br \/>\nPoids avec batterie : 15,2kgs<br \/>\nBatterie : Lithium-Ion 40V, 2500mAh (90Wh), avec jauge LED, compatible outils 40V VOLTR AutonoMAX [S]<br \/>\nChargeur : ~220-230V, 42V, 1000 mA, t\u00e9moin LED de charge<br \/>\nAutonomie : environ 40mn \u00e0 plein r\u00e9gime<br \/>\nTemps de charge : 3 \u00e0 5 heures<br \/>\nR\u00e9glage hauteur de coupe : 5 niveaux, de 25 \u00e0 75mm, \u00e0 l\u2019aide d\u2019une manette unique !<br \/>\nCapacit\u00e9 bac r\u00e9cup\u00e9ration : 40L<br \/>\nTriple s\u00e9curit\u00e9 : bouton \u00e0 enclencher + g\u00e2chette de puissance + cl\u00e9 coupe-circuit.<br \/>\nChassis : en polypropyl\u00e8ne inject\u00e9 thermomoul\u00e9<br \/>\nLame de coupe : acier, peinte en gris. D\u00e9montable et aff\u00fbtable.<br \/>\n4 roues<br \/>\nSurface de tonte max. recommand\u00e9e : 500m2<\/p>\n<p>Normes<br \/>\nConforme aux normes CE en vigueur<br \/>\nCE\/GS\/EMC<\/p>\n<p>Informations compl\u00e9mentaires<br \/>\nUne premi\u00e8re charge compl\u00e8te de la batterie est imp\u00e9rative avant la premi\u00e8re utilisation.<br \/>\nLire attentivement les conseils d\u2019utilisation et les instructions avant d\u2019utiliser votre machine.<br \/>\nVous trouverez batteries suppl\u00e9mentaires et chargeurs AutonoMAX [S] (rapide ou standard), au sein de notre catalogue en ligne.<br \/>\nAttention : les produits VOLTR AutonoMAX de l\u2019ancienne g\u00e9n\u00e9ration (batterie verte) ne sont pas compatibles avec la nouvelle g\u00e9n\u00e9ration AutonoMAX [S] (batterie noire).<\/p>\n<p>Type d\u2019\u00e9nergie: Batterie<br \/>\nMati\u00e8re: Polypropyl\u00e8ne<br \/>\nS\u00e9curit\u00e9: Triple s\u00e9curit\u00e9 : bouton \u00e0 enclencher + g\u00e2chette de puissance + cl\u00e9 coupe-circuit<br \/>\nType: Tondeuse<br \/>\nGarantie: 2 ans<br \/>\nBatterie: 40V Li-Ion (2 500mAh)<br \/>\nTemps de charge: 3 \u00e0 5 h<br \/>\nAutonomie: 40 min<br \/>\nUsage: usage domestique uniquement<\/p>\n<p>Tondeuse compl\u00e8te : L129,5xl44xH99,5cm (15kgs sans batterie)<br \/>\nBatterie : L13xP7.9xH8,2cm (770g)<br \/>\nChargeur : L13XP10XH5,3cm (370g), longueur c\u00e2ble alimentation 2m.<\/p>\n<p>Colis 1\/1: 83.00cm x 47.00cm x 45.00cm (18.0kg)<\/p>\n<\/div>\n<\/div>\n<ul class=\"list-table\" data-gtm-vis-recent-on-screen-2047254_1465=\"435311\" data-gtm-vis-first-on-screen-2047254_1465=\"435311\" data-gtm-vis-total-visible-time-2047254_1465=\"3000\" data-gtm-vis-has-fired-2047254_1465=\"1\">\n<li class=\"list-table__row\"><span class=\"list-table__cell\">Marque\u00a0<\/span><span class=\"list-table__cell\"><a class=\"link link--no-decoration\" href=\"https:\/\/www.manomano.fr\/marque\/alices-garden-4327\"><span data-qa=\"brandCta\">ALICE\u2019S GARDEN<\/span><\/a><\/span><\/li>\n<li class=\"list-table__row\"><span class=\"list-table__cell\">Caract\u00e9ristiques\u00a0<\/span><span class=\"list-table__cell\">Bac de ramassage \/ Guidon pliable \/ Hauteur de coupe r\u00e9glable<\/span><\/li>\n<li class=\"list-table__row\"><span class=\"list-table__cell\">Mati\u00e8re du carter\u00a0<\/span><span class=\"list-table__cell\">Acier<\/span><\/li>\n<li class=\"list-table__row\"><span class=\"list-table__cell\">Traction\u00a0<\/span><span class=\"list-table__cell\">Manuelle<\/span><\/li>\n<li class=\"list-table__row\"><span class=\"list-table__cell\">Surface du jardin\u00a0<\/span><span class=\"list-table__cell\">500 m\u00b2<\/span><\/li>\n<li class=\"list-table__row\"><span class=\"list-table__cell\">Hauteur de coup e<\/span><span class=\"list-table__cell\">75 mm<\/span><\/li>\n<li class=\"list-table__row\"><span class=\"list-table__cell\">Largeur de coupe\u00a0<\/span><span class=\"list-table__cell\">37 cm<\/span><\/li>\n<li class=\"list-table__row\"><span class=\"list-table__cell\">Capacit\u00e9 du bac\u00a0<\/span><span class=\"list-table__cell\">40 l<\/span><\/li>\n<li class=\"list-table__row\"><span class=\"list-table__cell\">Garantie :<\/span><span class=\"list-table__cell\">\u00a02 ans<\/span><\/li>\n<\/ul>\n","protected":false},"featured_media":14271,"template":"","meta":[],"product_brand":[],"product_cat":[74,99],"product_tag":[97],"class_list":{"0":"post-14158","1":"product","2":"type-product","3":"status-publish","4":"has-post-thumbnail","6":"product_cat-maison-jardin","7":"product_cat-tondeuse-a-gazon","8":"product_tag-jardin","10":"first","11":"instock","12":"taxable","13":"shipping-taxable","14":"purchasable","15":"product-type-simple"},"yoast_head":"<!-- This site is optimized with the Yoast SEO plugin v24.8.1 - https:\/\/yoast.com\/wordpress\/plugins\/seo\/ -->\n<title>Tondeuse \u00e0 gazon sans fil 37cm batterie Lithium-ion Samsung 2,5Ah +chargeur \u2013 VOLTR AutonoMAX[S] 40V - CBS Electro<\/title>\n<meta name=\"robots\" content=\"index, follow, max-snippet:-1, max-image-preview:large, max-video-preview:-1\" \/>\n<link rel=\"canonical\" href=\"https:\/\/cbs-electro.com\/index.php\/produit\/tondeuse-a-gazon-sans-fil-37cm-batterie-lithium-ion-samsung-25ah-chargeur-voltr-autonomaxs-40v\/\" \/>\n<meta property=\"og:locale\" content=\"fr_FR\" \/>\n<meta property=\"og:type\" content=\"article\" \/>\n<meta property=\"og:title\" content=\"Tondeuse \u00e0 gazon sans fil 37cm batterie Lithium-ion Samsung 2,5Ah +chargeur \u2013 VOLTR AutonoMAX[S] 40V - CBS Electro\" \/>\n<meta property=\"og:description\" content=\"Moteur sans balais \u2018Brushless\u2019, Nouvelle gamme AutonoMAX [S] 40V ultra-puissante, Poign\u00e9e ajustable et repliable, Batterie 40V 2,5Ah et chargeur fournis !Caract\u00e9ristiques d\u00e9taill\u00e9es Moteur : 36V, brushless, 3800tr\/min. Largeur de coupe : \u00d837cm Poids avec batterie : 15,2kgs Batterie : Lithium-Ion 40V, 2500mAh (90Wh), avec jauge LED, compatible outils 40V VOLTR AutonoMAX [S] Chargeur : ~220-230V, 42V, 1000 mA, t\u00e9moin LED de charge Autonomie : environ 40mn \u00e0 plein r\u00e9gime Temps de charge : 3 \u00e0 5 heures R\u00e9glage hauteur de coupe : 5 niveaux, de 25 \u00e0 75mm, \u00e0 l\u2019aide d\u2019une manette unique ! Capacit\u00e9 bac r\u00e9cup\u00e9ration : 40L Triple s\u00e9curit\u00e9 : bouton \u00e0 enclencher + g\u00e2chette de puissance + cl\u00e9 coupe-circuit. Chassis : en polypropyl\u00e8ne inject\u00e9 thermomoul\u00e9 Lame de coupe : acier, peinte en gris. D\u00e9montable et aff\u00fbtable. 4 roues Surface de tonte max. recommand\u00e9e : 500m2  Normes Conforme aux normes CE en vigueur CE\/GS\/EMC  Informations compl\u00e9mentaires Une premi\u00e8re charge compl\u00e8te de la batterie est imp\u00e9rative avant la premi\u00e8re utilisation. Lire attentivement les conseils d\u2019utilisation et les instructions avant d\u2019utiliser votre machine. Vous trouverez batteries suppl\u00e9mentaires et chargeurs AutonoMAX [S] (rapide ou standard), au sein de notre catalogue en ligne. Attention : les produits VOLTR AutonoMAX de l\u2019ancienne g\u00e9n\u00e9ration (batterie verte) ne sont pas compatibles avec la nouvelle g\u00e9n\u00e9ration AutonoMAX [S] (batterie noire).  Type d\u2019\u00e9nergie: Batterie Mati\u00e8re: Polypropyl\u00e8ne S\u00e9curit\u00e9: Triple s\u00e9curit\u00e9 : bouton \u00e0 enclencher + g\u00e2chette de puissance + cl\u00e9 coupe-circuit Type: Tondeuse Garantie: 2 ans Batterie: 40V Li-Ion (2 500mAh) Temps de charge: 3 \u00e0 5 h Autonomie: 40 min Usage: usage domestique uniquement  Tondeuse compl\u00e8te : L129,5xl44xH99,5cm (15kgs sans batterie) Batterie : L13xP7.9xH8,2cm (770g) Chargeur : L13XP10XH5,3cm (370g), longueur c\u00e2ble alimentation 2m.  Colis 1\/1: 83.00cm x 47.00cm x 45.00cm (18.0kg)      Marque\u00a0ALICE\u2019S GARDEN  Caract\u00e9ristiques\u00a0Bac de ramassage \/ Guidon pliable \/ Hauteur de coupe r\u00e9glable  Mati\u00e8re du carter\u00a0Acier  Traction\u00a0Manuelle  Surface du jardin\u00a0500 m\u00b2  Hauteur de coup e75 mm  Largeur de coupe\u00a037 cm  Capacit\u00e9 du bac\u00a040 l  Garantie :\u00a02 ans\" \/>\n<meta property=\"og:url\" content=\"https:\/\/cbs-electro.com\/index.php\/produit\/tondeuse-a-gazon-sans-fil-37cm-batterie-lithium-ion-samsung-25ah-chargeur-voltr-autonomaxs-40v\/\" \/>\n<meta property=\"og:site_name\" content=\"CBS Electro\" \/>\n<meta property=\"article:modified_time\" content=\"2025-03-12T16:27:27+00:00\" \/>\n<meta property=\"og:image\" content=\"https:\/\/cbs-electro.com\/wp-content\/uploads\/2023\/11\/a-262.jpg\" \/>\n\t<meta property=\"og:image:width\" content=\"470\" \/>\n\t<meta property=\"og:image:height\" content=\"470\" \/>\n\t<meta property=\"og:image:type\" content=\"image\/jpeg\" \/>\n<meta name=\"twitter:card\" content=\"summary_large_image\" \/>\n<script type=\"application\/ld+json\" class=\"yoast-schema-graph\">{\"@context\":\"https:\/\/schema.org\",\"@graph\":[{\"@type\":\"WebPage\",\"@id\":\"https:\/\/cbs-electro.com\/index.php\/produit\/tondeuse-a-gazon-sans-fil-37cm-batterie-lithium-ion-samsung-25ah-chargeur-voltr-autonomaxs-40v\/\",\"url\":\"https:\/\/cbs-electro.com\/index.php\/produit\/tondeuse-a-gazon-sans-fil-37cm-batterie-lithium-ion-samsung-25ah-chargeur-voltr-autonomaxs-40v\/\",\"name\":\"Tondeuse \u00e0 gazon sans fil 37cm batterie Lithium-ion Samsung 2,5Ah +chargeur \u2013 VOLTR AutonoMAX[S] 40V - CBS Electro\",\"isPartOf\":{\"@id\":\"https:\/\/www.cbs-electro.com\/#website\"},\"primaryImageOfPage\":{\"@id\":\"https:\/\/cbs-electro.com\/index.php\/produit\/tondeuse-a-gazon-sans-fil-37cm-batterie-lithium-ion-samsung-25ah-chargeur-voltr-autonomaxs-40v\/#primaryimage\"},\"image\":{\"@id\":\"https:\/\/cbs-electro.com\/index.php\/produit\/tondeuse-a-gazon-sans-fil-37cm-batterie-lithium-ion-samsung-25ah-chargeur-voltr-autonomaxs-40v\/#primaryimage\"},\"thumbnailUrl\":\"https:\/\/cbs-electro.com\/wp-content\/uploads\/2023\/11\/a-262.jpg\",\"datePublished\":\"2023-11-15T13:49:28+00:00\",\"dateModified\":\"2025-03-12T16:27:27+00:00\",\"breadcrumb\":{\"@id\":\"https:\/\/cbs-electro.com\/index.php\/produit\/tondeuse-a-gazon-sans-fil-37cm-batterie-lithium-ion-samsung-25ah-chargeur-voltr-autonomaxs-40v\/#breadcrumb\"},\"inLanguage\":\"fr-FR\",\"potentialAction\":[{\"@type\":\"ReadAction\",\"target\":[\"https:\/\/cbs-electro.com\/index.php\/produit\/tondeuse-a-gazon-sans-fil-37cm-batterie-lithium-ion-samsung-25ah-chargeur-voltr-autonomaxs-40v\/\"]}]},{\"@type\":\"ImageObject\",\"inLanguage\":\"fr-FR\",\"@id\":\"https:\/\/cbs-electro.com\/index.php\/produit\/tondeuse-a-gazon-sans-fil-37cm-batterie-lithium-ion-samsung-25ah-chargeur-voltr-autonomaxs-40v\/#primaryimage\",\"url\":\"https:\/\/cbs-electro.com\/wp-content\/uploads\/2023\/11\/a-262.jpg\",\"contentUrl\":\"https:\/\/cbs-electro.com\/wp-content\/uploads\/2023\/11\/a-262.jpg\",\"width\":470,\"height\":470},{\"@type\":\"BreadcrumbList\",\"@id\":\"https:\/\/cbs-electro.com\/index.php\/produit\/tondeuse-a-gazon-sans-fil-37cm-batterie-lithium-ion-samsung-25ah-chargeur-voltr-autonomaxs-40v\/#breadcrumb\",\"itemListElement\":[{\"@type\":\"ListItem\",\"position\":1,\"name\":\"Accueil\",\"item\":\"https:\/\/www.cbs-electro.com\/\"},{\"@type\":\"ListItem\",\"position\":2,\"name\":\"Boutique\",\"item\":\"https:\/\/www.cbs-electro.com\/index.php\/boutique\/\"},{\"@type\":\"ListItem\",\"position\":3,\"name\":\"Tondeuse \u00e0 gazon sans fil 37cm batterie Lithium-ion Samsung 2,5Ah +chargeur \u2013 VOLTR AutonoMAX[S] 40V\"}]},{\"@type\":\"WebSite\",\"@id\":\"https:\/\/www.cbs-electro.com\/#website\",\"url\":\"https:\/\/www.cbs-electro.com\/\",\"name\":\"CBS Electro\",\"description\":\"Vente des produits neufs - Informatique, Smartphones, livres, jeux vid\u00e9o, photos, jouets et \u00e9lectrom\u00e9nager\",\"potentialAction\":[{\"@type\":\"SearchAction\",\"target\":{\"@type\":\"EntryPoint\",\"urlTemplate\":\"https:\/\/www.cbs-electro.com\/?s={search_term_string}\"},\"query-input\":{\"@type\":\"PropertyValueSpecification\",\"valueRequired\":true,\"valueName\":\"search_term_string\"}}],\"inLanguage\":\"fr-FR\"}]}<\/script>\n<!-- \/ Yoast SEO plugin. -->","yoast_head_json":{"title":"Tondeuse \u00e0 gazon sans fil 37cm batterie Lithium-ion Samsung 2,5Ah +chargeur \u2013 VOLTR AutonoMAX[S] 40V - CBS Electro","robots":{"index":"index","follow":"follow","max-snippet":"max-snippet:-1","max-image-preview":"max-image-preview:large","max-video-preview":"max-video-preview:-1"},"canonical":"https:\/\/cbs-electro.com\/index.php\/produit\/tondeuse-a-gazon-sans-fil-37cm-batterie-lithium-ion-samsung-25ah-chargeur-voltr-autonomaxs-40v\/","og_locale":"fr_FR","og_type":"article","og_title":"Tondeuse \u00e0 gazon sans fil 37cm batterie Lithium-ion Samsung 2,5Ah +chargeur \u2013 VOLTR AutonoMAX[S] 40V - CBS Electro","og_description":"Moteur sans balais \u2018Brushless\u2019, Nouvelle gamme AutonoMAX [S] 40V ultra-puissante, Poign\u00e9e ajustable et repliable, Batterie 40V 2,5Ah et chargeur fournis !Caract\u00e9ristiques d\u00e9taill\u00e9es Moteur : 36V, brushless, 3800tr\/min. Largeur de coupe : \u00d837cm Poids avec batterie : 15,2kgs Batterie : Lithium-Ion 40V, 2500mAh (90Wh), avec jauge LED, compatible outils 40V VOLTR AutonoMAX [S] Chargeur : ~220-230V, 42V, 1000 mA, t\u00e9moin LED de charge Autonomie : environ 40mn \u00e0 plein r\u00e9gime Temps de charge : 3 \u00e0 5 heures R\u00e9glage hauteur de coupe : 5 niveaux, de 25 \u00e0 75mm, \u00e0 l\u2019aide d\u2019une manette unique ! Capacit\u00e9 bac r\u00e9cup\u00e9ration : 40L Triple s\u00e9curit\u00e9 : bouton \u00e0 enclencher + g\u00e2chette de puissance + cl\u00e9 coupe-circuit. Chassis : en polypropyl\u00e8ne inject\u00e9 thermomoul\u00e9 Lame de coupe : acier, peinte en gris. D\u00e9montable et aff\u00fbtable. 4 roues Surface de tonte max. recommand\u00e9e : 500m2  Normes Conforme aux normes CE en vigueur CE\/GS\/EMC  Informations compl\u00e9mentaires Une premi\u00e8re charge compl\u00e8te de la batterie est imp\u00e9rative avant la premi\u00e8re utilisation. Lire attentivement les conseils d\u2019utilisation et les instructions avant d\u2019utiliser votre machine. Vous trouverez batteries suppl\u00e9mentaires et chargeurs AutonoMAX [S] (rapide ou standard), au sein de notre catalogue en ligne. Attention : les produits VOLTR AutonoMAX de l\u2019ancienne g\u00e9n\u00e9ration (batterie verte) ne sont pas compatibles avec la nouvelle g\u00e9n\u00e9ration AutonoMAX [S] (batterie noire).  Type d\u2019\u00e9nergie: Batterie Mati\u00e8re: Polypropyl\u00e8ne S\u00e9curit\u00e9: Triple s\u00e9curit\u00e9 : bouton \u00e0 enclencher + g\u00e2chette de puissance + cl\u00e9 coupe-circuit Type: Tondeuse Garantie: 2 ans Batterie: 40V Li-Ion (2 500mAh) Temps de charge: 3 \u00e0 5 h Autonomie: 40 min Usage: usage domestique uniquement  Tondeuse compl\u00e8te : L129,5xl44xH99,5cm (15kgs sans batterie) Batterie : L13xP7.9xH8,2cm (770g) Chargeur : L13XP10XH5,3cm (370g), longueur c\u00e2ble alimentation 2m.  Colis 1\/1: 83.00cm x 47.00cm x 45.00cm (18.0kg)      Marque\u00a0ALICE\u2019S GARDEN  Caract\u00e9ristiques\u00a0Bac de ramassage \/ Guidon pliable \/ Hauteur de coupe r\u00e9glable  Mati\u00e8re du carter\u00a0Acier  Traction\u00a0Manuelle  Surface du jardin\u00a0500 m\u00b2  Hauteur de coup e75 mm  Largeur de coupe\u00a037 cm  Capacit\u00e9 du bac\u00a040 l  Garantie :\u00a02 ans","og_url":"https:\/\/cbs-electro.com\/index.php\/produit\/tondeuse-a-gazon-sans-fil-37cm-batterie-lithium-ion-samsung-25ah-chargeur-voltr-autonomaxs-40v\/","og_site_name":"CBS Electro","article_modified_time":"2025-03-12T16:27:27+00:00","og_image":[{"width":470,"height":470,"url":"https:\/\/cbs-electro.com\/wp-content\/uploads\/2023\/11\/a-262.jpg","type":"image\/jpeg"}],"twitter_card":"summary_large_image","schema":{"@context":"https:\/\/schema.org","@graph":[{"@type":"WebPage","@id":"https:\/\/cbs-electro.com\/index.php\/produit\/tondeuse-a-gazon-sans-fil-37cm-batterie-lithium-ion-samsung-25ah-chargeur-voltr-autonomaxs-40v\/","url":"https:\/\/cbs-electro.com\/index.php\/produit\/tondeuse-a-gazon-sans-fil-37cm-batterie-lithium-ion-samsung-25ah-chargeur-voltr-autonomaxs-40v\/","name":"Tondeuse \u00e0 gazon sans fil 37cm batterie Lithium-ion Samsung 2,5Ah +chargeur \u2013 VOLTR AutonoMAX[S] 40V - CBS Electro","isPartOf":{"@id":"https:\/\/www.cbs-electro.com\/#website"},"primaryImageOfPage":{"@id":"https:\/\/cbs-electro.com\/index.php\/produit\/tondeuse-a-gazon-sans-fil-37cm-batterie-lithium-ion-samsung-25ah-chargeur-voltr-autonomaxs-40v\/#primaryimage"},"image":{"@id":"https:\/\/cbs-electro.com\/index.php\/produit\/tondeuse-a-gazon-sans-fil-37cm-batterie-lithium-ion-samsung-25ah-chargeur-voltr-autonomaxs-40v\/#primaryimage"},"thumbnailUrl":"https:\/\/cbs-electro.com\/wp-content\/uploads\/2023\/11\/a-262.jpg","datePublished":"2023-11-15T13:49:28+00:00","dateModified":"2025-03-12T16:27:27+00:00","breadcrumb":{"@id":"https:\/\/cbs-electro.com\/index.php\/produit\/tondeuse-a-gazon-sans-fil-37cm-batterie-lithium-ion-samsung-25ah-chargeur-voltr-autonomaxs-40v\/#breadcrumb"},"inLanguage":"fr-FR","potentialAction":[{"@type":"ReadAction","target":["https:\/\/cbs-electro.com\/index.php\/produit\/tondeuse-a-gazon-sans-fil-37cm-batterie-lithium-ion-samsung-25ah-chargeur-voltr-autonomaxs-40v\/"]}]},{"@type":"ImageObject","inLanguage":"fr-FR","@id":"https:\/\/cbs-electro.com\/index.php\/produit\/tondeuse-a-gazon-sans-fil-37cm-batterie-lithium-ion-samsung-25ah-chargeur-voltr-autonomaxs-40v\/#primaryimage","url":"https:\/\/cbs-electro.com\/wp-content\/uploads\/2023\/11\/a-262.jpg","contentUrl":"https:\/\/cbs-electro.com\/wp-content\/uploads\/2023\/11\/a-262.jpg","width":470,"height":470},{"@type":"BreadcrumbList","@id":"https:\/\/cbs-electro.com\/index.php\/produit\/tondeuse-a-gazon-sans-fil-37cm-batterie-lithium-ion-samsung-25ah-chargeur-voltr-autonomaxs-40v\/#breadcrumb","itemListElement":[{"@type":"ListItem","position":1,"name":"Accueil","item":"https:\/\/www.cbs-electro.com\/"},{"@type":"ListItem","position":2,"name":"Boutique","item":"https:\/\/www.cbs-electro.com\/index.php\/boutique\/"},{"@type":"ListItem","position":3,"name":"Tondeuse \u00e0 gazon sans fil 37cm batterie Lithium-ion Samsung 2,5Ah +chargeur \u2013 VOLTR AutonoMAX[S] 40V"}]},{"@type":"WebSite","@id":"https:\/\/www.cbs-electro.com\/#website","url":"https:\/\/www.cbs-electro.com\/","name":"CBS Electro","description":"Vente des produits neufs - Informatique, Smartphones, livres, jeux vid\u00e9o, photos, jouets et \u00e9lectrom\u00e9nager","potentialAction":[{"@type":"SearchAction","target":{"@type":"EntryPoint","urlTemplate":"https:\/\/www.cbs-electro.com\/?s={search_term_string}"},"query-input":{"@type":"PropertyValueSpecification","valueRequired":true,"valueName":"search_term_string"}}],"inLanguage":"fr-FR"}]}},"_links":{"self":[{"href":"https:\/\/cbs-electro.com\/index.php\/wp-json\/wp\/v2\/product\/14158","targetHints":{"allow":["GET"]}}],"collection":[{"href":"https:\/\/cbs-electro.com\/index.php\/wp-json\/wp\/v2\/product"}],"about":[{"href":"https:\/\/cbs-electro.com\/index.php\/wp-json\/wp\/v2\/types\/product"}],"version-history":[{"count":2,"href":"https:\/\/cbs-electro.com\/index.php\/wp-json\/wp\/v2\/product\/14158\/revisions"}],"predecessor-version":[{"id":14444,"href":"https:\/\/cbs-electro.com\/index.php\/wp-json\/wp\/v2\/product\/14158\/revisions\/14444"}],"wp:featuredmedia":[{"embeddable":true,"href":"https:\/\/cbs-electro.com\/index.php\/wp-json\/wp\/v2\/media\/14271"}],"wp:attachment":[{"href":"https:\/\/cbs-electro.com\/index.php\/wp-json\/wp\/v2\/media?parent=14158"}],"wp:term":[{"taxonomy":"product_brand","embeddable":true,"href":"https:\/\/cbs-electro.com\/index.php\/wp-json\/wp\/v2\/product_brand?post=14158"},{"taxonomy":"product_cat","embeddable":true,"href":"https:\/\/cbs-electro.com\/index.php\/wp-json\/wp\/v2\/product_cat?post=14158"},{"taxonomy":"product_tag","embeddable":true,"href":"https:\/\/cbs-electro.com\/index.php\/wp-json\/wp\/v2\/product_tag?post=14158"}],"curies":[{"name":"wp","href":"https:\/\/api.w.org\/{rel}","templated":true}]}}