{"id":13997,"date":"2023-11-15T14:47:45","date_gmt":"2023-11-15T13:47:45","guid":{"rendered":"https:\/?post_type=product&#038;p=13997"},"modified":"2023-11-15T14:48:59","modified_gmt":"2023-11-15T13:48:59","slug":"robot-tondeuse-415x-husqvarna","status":"publish","type":"product","link":"https:\/\/cbs-electro.com\/index.php\/produit\/robot-tondeuse-415x-husqvarna\/","title":{"rendered":"Robot tondeuse 415X HUSQVARNA"},"content":{"rendered":"<p>Description de l&rsquo;article Robot tondeuse 415X HUSQVARNA<br \/>\nMod\u00e8le fiable et hautes performances de la s\u00e9rie X-line, adapt\u00e9 aux petits jardins. Il garantit une pelouse parfaitement tondue sur les terrains m\u00eame complexes jusqu&rsquo;\u00e0 1500m\u00b2 gr\u00e2ce notamment \u00e0 des fonctionalit\u00e9s comme la tonte syst\u00e9matique dans les passages \u00e9troits \u00e0 partir de 60cm ou la gestion des pentes jusqu&rsquo;\u00e0 40% d&rsquo;inclinaison.<\/p>\n<p>Utilisation intuitive gr\u00e2ce au r\u00e9glage \u00e9lectrique de la hauteur de coupe, \u00e0 la fonction Cut Down mode, tonte adaptative et capteurs de gel. Facile \u00e0 nettoyer et \u00e0 laver au jet d&rsquo;eau. Il est \u00e9quip\u00e9 d&rsquo;origine d&rsquo;Automower\u00ae Connect et de la navigation assist\u00e9e par GPS. Acc\u00e8s \u00e0 toutes les fonctionnalit\u00e9s de l&rsquo;application Automower\u00ae Connect: contr\u00f4le de votre robot \u00e0 distance, g\u00e9olocalisation en temps r\u00e9el et int\u00e9gration facilit\u00e9e \u00e0 votre syst\u00e8me domotique. Conception et design X-line avec phares LED, pare-chocs et enjoliveurs color\u00e9s. \u00c9galement \u00e9quip\u00e9 de la technologie FOTA (mises \u00e0 jour logiciel automatiques).<\/p>\n<p>L&rsquo;application Automower\u00ae Connect vous permet de contr\u00f4ler enti\u00e8rement votre tondeuse depuis votre smartphone. Vous pouvez transmettre facilement des ordres de d\u00e9marrage, d&rsquo;arr\u00eat et de stationnement, mais aussi v\u00e9rifier et modifier les r\u00e9glages. Si n\u00e9cessaire, vous pouvez \u00e9galement recevoir des alertes et suivre la position de la tondeuse en temps r\u00e9el en cas de vol &#8211; o\u00f9 que vous vous trouviez.<\/p>\n<p>Un syst\u00e8me GPS embarqu\u00e9 \u00e9tablit une carte du jardin, y compris le trac\u00e9 de la limite et l&rsquo;installation des c\u00e2bles de guidage. L&rsquo;Husqvarna Automower\u00ae enregistre ensuite les parties du jardin qu&rsquo;elle a d\u00e9j\u00e0 tondues et adapte son sch\u00e9ma de tonte en cons\u00e9quence. Ceci permet une couverture optimale de la surface tondue et assure un excellent r\u00e9sultat de coupe.<\/p>\n<p>Feux \u00e0 LED \u00e9conomes en \u00e9nergie pour une meilleure visibilit\u00e9 et un meilleur contr\u00f4le, y compris dans le noir. Les feux clignotent \u00e9galement en cas de d\u00e9tection d&rsquo;une panne.<\/p>\n<p>&nbsp;<\/p>\n<p><strong>Fiche technique<\/strong><\/p>\n<p><strong>Avantages du produit<\/strong><\/p>\n<p>R\u00e9glage de hauteur de coupe \u00e9lectrique, capteurs de collision, soul\u00e8vement, pare-chocs renforc\u00e9, phares LED, minuterie adaptative, capteur de gel, lavable au jet d&rsquo;eau (IPX5)<\/p>\n<p><strong>Conseil du pro<\/strong><\/p>\n<p>Conception et design X-line avec phares LED, pare-chocs et enjoliveurs color\u00e9s, navigation assist\u00e9e par GPS<\/p>\n<p><strong>Poids<\/strong><\/p>\n<p>9.7 kg<\/p>\n<p><strong>Accessoire(s) inclu(s)<\/strong><\/p>\n<p>1 Station de charge + vis d&rsquo;ancrage, transformateur + c\u00e2ble basse tension, 6 lames de remplacement<\/p>\n<p><strong>Surface conseill\u00e9e max.<\/strong><\/p>\n<p>1500 m\u00b2<\/p>\n<p><strong>Garantie<\/strong><\/p>\n<p>2 ans<\/p>\n<p><strong>Indice de r\u00e9parabilit\u00e9<\/strong><\/p>\n<p>8.8<\/p>\n<p><strong>Mode de chargement<\/strong><\/p>\n<p>Automatique<\/p>\n<p><strong>Pente maximum %<\/strong><\/p>\n<p>40%<\/p>\n<p><strong>Temps de travail max jour (tonte + recharge)<\/strong><\/p>\n<p>24 heures<\/p>\n<p><strong>C\u00e2ble guide<\/strong><\/p>\n<p>1<\/p>\n<p><strong>M\u00e9thodes de retour \u00e0 la station de charge<\/strong><\/p>\n<p>C\u00e2ble p\u00e9riph\u00e9rique, C\u00e2ble guide, signal de station<\/p>\n<p><strong>Hauteur de coupe<\/strong><\/p>\n<p>2 \u00e0 5 cm<\/p>\n<p><strong>Largeur de coupe<\/strong><\/p>\n<p>22 cm<\/p>\n<p><strong>Connectivit\u00e9<\/strong><\/p>\n<p>Bluetooth + kit Connect<\/p>\n<p><strong>G\u00e9olocalisation \u00e0 distance par GPS<\/strong><\/p>\n<p>Oui<\/p>\n<p><strong>Capacit\u00e9 tonte horaire (tonte + charge)<\/strong><\/p>\n<p>63 m2\/h<\/p>\n<p>&nbsp;<\/p>\n","protected":false},"excerpt":{"rendered":"<p>Description de l&rsquo;article Robot tondeuse 415X HUSQVARNA Mod\u00e8le fiable et hautes performances de la s\u00e9rie X-line, adapt\u00e9 aux petits jardins.<\/p>\n","protected":false},"featured_media":14131,"template":"","meta":[],"product_brand":[],"product_cat":[74,80],"product_tag":[],"class_list":{"0":"post-13997","1":"product","2":"type-product","3":"status-publish","4":"has-post-thumbnail","6":"product_cat-maison-jardin","7":"product_cat-robot-tondeuse","9":"first","10":"instock","11":"sale","12":"taxable","13":"shipping-taxable","14":"purchasable","15":"product-type-simple"},"yoast_head":"<!-- This site is optimized with the Yoast SEO plugin v24.8.1 - https:\/\/yoast.com\/wordpress\/plugins\/seo\/ -->\n<title>Robot tondeuse 415X HUSQVARNA - CBS Electro<\/title>\n<meta name=\"robots\" content=\"index, follow, max-snippet:-1, max-image-preview:large, max-video-preview:-1\" \/>\n<link rel=\"canonical\" href=\"https:\/\/cbs-electro.com\/index.php\/produit\/robot-tondeuse-415x-husqvarna\/\" \/>\n<meta property=\"og:locale\" content=\"fr_FR\" \/>\n<meta property=\"og:type\" content=\"article\" \/>\n<meta property=\"og:title\" content=\"Robot tondeuse 415X HUSQVARNA - CBS Electro\" \/>\n<meta property=\"og:description\" content=\"Description de l&rsquo;article Robot tondeuse 415X HUSQVARNA Mod\u00e8le fiable et hautes performances de la s\u00e9rie X-line, adapt\u00e9 aux petits jardins.\" \/>\n<meta property=\"og:url\" content=\"https:\/\/cbs-electro.com\/index.php\/produit\/robot-tondeuse-415x-husqvarna\/\" \/>\n<meta property=\"og:site_name\" content=\"CBS Electro\" \/>\n<meta property=\"article:modified_time\" content=\"2023-11-15T13:48:59+00:00\" \/>\n<meta property=\"og:image\" content=\"https:\/\/cbs-electro.com\/wp-content\/uploads\/2023\/11\/robot-tondeuse-415x-husqvarna-1.png\" \/>\n\t<meta property=\"og:image:width\" content=\"600\" \/>\n\t<meta property=\"og:image:height\" content=\"600\" \/>\n\t<meta property=\"og:image:type\" content=\"image\/png\" \/>\n<meta name=\"twitter:card\" content=\"summary_large_image\" \/>\n<meta name=\"twitter:label1\" content=\"Dur\u00e9e de lecture estim\u00e9e\" \/>\n\t<meta name=\"twitter:data1\" content=\"2 minutes\" \/>\n<script type=\"application\/ld+json\" class=\"yoast-schema-graph\">{\"@context\":\"https:\/\/schema.org\",\"@graph\":[{\"@type\":\"WebPage\",\"@id\":\"https:\/\/cbs-electro.com\/index.php\/produit\/robot-tondeuse-415x-husqvarna\/\",\"url\":\"https:\/\/cbs-electro.com\/index.php\/produit\/robot-tondeuse-415x-husqvarna\/\",\"name\":\"Robot tondeuse 415X HUSQVARNA - CBS Electro\",\"isPartOf\":{\"@id\":\"https:\/\/www.cbs-electro.com\/#website\"},\"primaryImageOfPage\":{\"@id\":\"https:\/\/cbs-electro.com\/index.php\/produit\/robot-tondeuse-415x-husqvarna\/#primaryimage\"},\"image\":{\"@id\":\"https:\/\/cbs-electro.com\/index.php\/produit\/robot-tondeuse-415x-husqvarna\/#primaryimage\"},\"thumbnailUrl\":\"https:\/\/cbs-electro.com\/wp-content\/uploads\/2023\/11\/robot-tondeuse-415x-husqvarna-1.png\",\"datePublished\":\"2023-11-15T13:47:45+00:00\",\"dateModified\":\"2023-11-15T13:48:59+00:00\",\"breadcrumb\":{\"@id\":\"https:\/\/cbs-electro.com\/index.php\/produit\/robot-tondeuse-415x-husqvarna\/#breadcrumb\"},\"inLanguage\":\"fr-FR\",\"potentialAction\":[{\"@type\":\"ReadAction\",\"target\":[\"https:\/\/cbs-electro.com\/index.php\/produit\/robot-tondeuse-415x-husqvarna\/\"]}]},{\"@type\":\"ImageObject\",\"inLanguage\":\"fr-FR\",\"@id\":\"https:\/\/cbs-electro.com\/index.php\/produit\/robot-tondeuse-415x-husqvarna\/#primaryimage\",\"url\":\"https:\/\/cbs-electro.com\/wp-content\/uploads\/2023\/11\/robot-tondeuse-415x-husqvarna-1.png\",\"contentUrl\":\"https:\/\/cbs-electro.com\/wp-content\/uploads\/2023\/11\/robot-tondeuse-415x-husqvarna-1.png\",\"width\":600,\"height\":600},{\"@type\":\"BreadcrumbList\",\"@id\":\"https:\/\/cbs-electro.com\/index.php\/produit\/robot-tondeuse-415x-husqvarna\/#breadcrumb\",\"itemListElement\":[{\"@type\":\"ListItem\",\"position\":1,\"name\":\"Accueil\",\"item\":\"https:\/\/www.cbs-electro.com\/\"},{\"@type\":\"ListItem\",\"position\":2,\"name\":\"Boutique\",\"item\":\"https:\/\/www.cbs-electro.com\/index.php\/boutique\/\"},{\"@type\":\"ListItem\",\"position\":3,\"name\":\"Robot tondeuse 415X HUSQVARNA\"}]},{\"@type\":\"WebSite\",\"@id\":\"https:\/\/www.cbs-electro.com\/#website\",\"url\":\"https:\/\/www.cbs-electro.com\/\",\"name\":\"CBS Electro\",\"description\":\"Vente des produits neufs - Informatique, Smartphones, livres, jeux vid\u00e9o, photos, jouets et \u00e9lectrom\u00e9nager\",\"potentialAction\":[{\"@type\":\"SearchAction\",\"target\":{\"@type\":\"EntryPoint\",\"urlTemplate\":\"https:\/\/www.cbs-electro.com\/?s={search_term_string}\"},\"query-input\":{\"@type\":\"PropertyValueSpecification\",\"valueRequired\":true,\"valueName\":\"search_term_string\"}}],\"inLanguage\":\"fr-FR\"}]}<\/script>\n<!-- \/ Yoast SEO plugin. -->","yoast_head_json":{"title":"Robot tondeuse 415X HUSQVARNA - CBS Electro","robots":{"index":"index","follow":"follow","max-snippet":"max-snippet:-1","max-image-preview":"max-image-preview:large","max-video-preview":"max-video-preview:-1"},"canonical":"https:\/\/cbs-electro.com\/index.php\/produit\/robot-tondeuse-415x-husqvarna\/","og_locale":"fr_FR","og_type":"article","og_title":"Robot tondeuse 415X HUSQVARNA - CBS Electro","og_description":"Description de l&rsquo;article Robot tondeuse 415X HUSQVARNA Mod\u00e8le fiable et hautes performances de la s\u00e9rie X-line, adapt\u00e9 aux petits jardins.","og_url":"https:\/\/cbs-electro.com\/index.php\/produit\/robot-tondeuse-415x-husqvarna\/","og_site_name":"CBS Electro","article_modified_time":"2023-11-15T13:48:59+00:00","og_image":[{"width":600,"height":600,"url":"https:\/\/cbs-electro.com\/wp-content\/uploads\/2023\/11\/robot-tondeuse-415x-husqvarna-1.png","type":"image\/png"}],"twitter_card":"summary_large_image","twitter_misc":{"Dur\u00e9e de lecture estim\u00e9e":"2 minutes"},"schema":{"@context":"https:\/\/schema.org","@graph":[{"@type":"WebPage","@id":"https:\/\/cbs-electro.com\/index.php\/produit\/robot-tondeuse-415x-husqvarna\/","url":"https:\/\/cbs-electro.com\/index.php\/produit\/robot-tondeuse-415x-husqvarna\/","name":"Robot tondeuse 415X HUSQVARNA - CBS Electro","isPartOf":{"@id":"https:\/\/www.cbs-electro.com\/#website"},"primaryImageOfPage":{"@id":"https:\/\/cbs-electro.com\/index.php\/produit\/robot-tondeuse-415x-husqvarna\/#primaryimage"},"image":{"@id":"https:\/\/cbs-electro.com\/index.php\/produit\/robot-tondeuse-415x-husqvarna\/#primaryimage"},"thumbnailUrl":"https:\/\/cbs-electro.com\/wp-content\/uploads\/2023\/11\/robot-tondeuse-415x-husqvarna-1.png","datePublished":"2023-11-15T13:47:45+00:00","dateModified":"2023-11-15T13:48:59+00:00","breadcrumb":{"@id":"https:\/\/cbs-electro.com\/index.php\/produit\/robot-tondeuse-415x-husqvarna\/#breadcrumb"},"inLanguage":"fr-FR","potentialAction":[{"@type":"ReadAction","target":["https:\/\/cbs-electro.com\/index.php\/produit\/robot-tondeuse-415x-husqvarna\/"]}]},{"@type":"ImageObject","inLanguage":"fr-FR","@id":"https:\/\/cbs-electro.com\/index.php\/produit\/robot-tondeuse-415x-husqvarna\/#primaryimage","url":"https:\/\/cbs-electro.com\/wp-content\/uploads\/2023\/11\/robot-tondeuse-415x-husqvarna-1.png","contentUrl":"https:\/\/cbs-electro.com\/wp-content\/uploads\/2023\/11\/robot-tondeuse-415x-husqvarna-1.png","width":600,"height":600},{"@type":"BreadcrumbList","@id":"https:\/\/cbs-electro.com\/index.php\/produit\/robot-tondeuse-415x-husqvarna\/#breadcrumb","itemListElement":[{"@type":"ListItem","position":1,"name":"Accueil","item":"https:\/\/www.cbs-electro.com\/"},{"@type":"ListItem","position":2,"name":"Boutique","item":"https:\/\/www.cbs-electro.com\/index.php\/boutique\/"},{"@type":"ListItem","position":3,"name":"Robot tondeuse 415X HUSQVARNA"}]},{"@type":"WebSite","@id":"https:\/\/www.cbs-electro.com\/#website","url":"https:\/\/www.cbs-electro.com\/","name":"CBS Electro","description":"Vente des produits neufs - Informatique, Smartphones, livres, jeux vid\u00e9o, photos, jouets et \u00e9lectrom\u00e9nager","potentialAction":[{"@type":"SearchAction","target":{"@type":"EntryPoint","urlTemplate":"https:\/\/www.cbs-electro.com\/?s={search_term_string}"},"query-input":{"@type":"PropertyValueSpecification","valueRequired":true,"valueName":"search_term_string"}}],"inLanguage":"fr-FR"}]}},"_links":{"self":[{"href":"https:\/\/cbs-electro.com\/index.php\/wp-json\/wp\/v2\/product\/13997","targetHints":{"allow":["GET"]}}],"collection":[{"href":"https:\/\/cbs-electro.com\/index.php\/wp-json\/wp\/v2\/product"}],"about":[{"href":"https:\/\/cbs-electro.com\/index.php\/wp-json\/wp\/v2\/types\/product"}],"version-history":[{"count":1,"href":"https:\/\/cbs-electro.com\/index.php\/wp-json\/wp\/v2\/product\/13997\/revisions"}],"predecessor-version":[{"id":14135,"href":"https:\/\/cbs-electro.com\/index.php\/wp-json\/wp\/v2\/product\/13997\/revisions\/14135"}],"wp:featuredmedia":[{"embeddable":true,"href":"https:\/\/cbs-electro.com\/index.php\/wp-json\/wp\/v2\/media\/14131"}],"wp:attachment":[{"href":"https:\/\/cbs-electro.com\/index.php\/wp-json\/wp\/v2\/media?parent=13997"}],"wp:term":[{"taxonomy":"product_brand","embeddable":true,"href":"https:\/\/cbs-electro.com\/index.php\/wp-json\/wp\/v2\/product_brand?post=13997"},{"taxonomy":"product_cat","embeddable":true,"href":"https:\/\/cbs-electro.com\/index.php\/wp-json\/wp\/v2\/product_cat?post=13997"},{"taxonomy":"product_tag","embeddable":true,"href":"https:\/\/cbs-electro.com\/index.php\/wp-json\/wp\/v2\/product_tag?post=13997"}],"curies":[{"name":"wp","href":"https:\/\/api.w.org\/{rel}","templated":true}]}}