{"id":13925,"date":"2023-11-15T14:46:58","date_gmt":"2023-11-15T13:46:58","guid":{"rendered":"https:\/?post_type=product&#038;p=13925"},"modified":"2025-03-12T16:58:15","modified_gmt":"2025-03-12T15:58:15","slug":"robot-tondeuse-imow-rmi-422-2-stihl","status":"publish","type":"product","link":"https:\/\/cbs-electro.com\/index.php\/produit\/robot-tondeuse-imow-rmi-422-2-stihl\/","title":{"rendered":"Robot tondeuse IMOW RMI 422.2 STIHL"},"content":{"rendered":"<p>Avec les robots de tonte iMOW\u00ae STIHL, vous profitez d\u2019un gazon toujours parfaitement entretenu ! Les robots de tonte iMOW\u00ae STIHL multiplient les atouts. Ce sont des robots de tonte autonomes, qui se rechargent tout seuls en retournant \u00e0 leur base d\u00e8s que n\u00e9cessaire. Ils sont adapt\u00e9s \u00e0 tous les jardins, jusqu\u2019\u00e0 5 000 m\u00b2 : ils contournent les obstacles et montent les pentes avec aisance. Au passage du robot iMOW\u00ae, le gazon est finement moulu et r\u00e9pandu sur la pelouse afin que les substances nutritives r\u00e9int\u00e8grent le sol : c\u2019est le mulching. Le r\u00e9sultat ? Un gazon sain et beau en permanence. Et davantage de temps pour vous, votre famille, vos loisirs&#8230; Les robots de tonte iMOW\u00ae vous garantissent un confort de tonte exceptionnel.<\/p>\n<p>Compl\u00e8tement automatique, le robot de tonte RMI 422 STIHL est pr\u00e9vu pour les superficies moyennes allant jusqu\u2019\u00e0 800m2. Il coupe, hache et fertilise en tant que tondeuse mulching d\u2019une seule traite. Il b\u00e9n\u00e9ficie des atouts suivants :<\/p>\n<p>Capot mobile \u00e9quip\u00e9 de capteurs : le solide capot prot\u00e8ge le robot de tonte iMOW\u00ae des intemp\u00e9ries et des obstacles. Les capteurs int\u00e9gr\u00e9s d\u00e9tectent les obstacles et op\u00e8rent un changement de sens de l\u2019iMOW\u00ae.<\/p>\n<p>Plateau de coupe mulching : la lame mulching stable, r\u00e9sistante aux chocs, assure une coupe pr\u00e9cise, m\u00eame si l\u2019herbe est assez haute. Son sens de rotation change automatiquement \u00e0 chaque d\u00e9marrage du moteur. Cela permet d\u2019assurer une usure homog\u00e8ne des lames. Les lames peuvent \u00eatre remplac\u00e9es sans outil.<\/p>\n<p>Pente maximale : Le robot de tonte RMI 422 STIHL est capable de travailler sur des pentes abruptes allant jusqu\u2019\u00e0 35 %.<\/p>\n<p>R\u00e9gulation de la vitesse en pente : \u00e0 l\u2019aide du capteur d\u2019inclinaison, le robot de tonte iMOW\u00ae ajuste automatiquement sa vitesse sur les terrains accident\u00e9s, de mani\u00e8re constante.<\/p>\n<p>Console de commande : la console de commande dot\u00e9e d\u2019un \u00e9cran int\u00e9gr\u00e9 sert \u00e0 la configuration et \u00e0 afficher rapidement des informations relatives \u00e0 l\u2019appareil. La console est amovible sur les mod\u00e8les de la gamme RMI 6.<\/p>\n<p>Plan de tonte dynamique : le plan de tonte interactif vous permet de sp\u00e9cifier pour chaque jour les intervalles durant lesquels le robot de tonte iMOW\u00ae peut \u00eatre utilis\u00e9. Pendant ces temps actifs, l\u2019appareil d\u00e9cide lui-m\u00eame \u00e0 quel moment il vaut mieux tondre la pelouse pour un r\u00e9sultat optimal.<\/p>\n<p>* Fiche technique<\/p>\n<p>Avantages du produit<br \/>\nId\u00e9al pour les petites surfaces<\/p>\n<p>Poids<br \/>\n9 kg<\/p>\n<p>Accessoire(s) inclu(s)<br \/>\n1 station de charge, 1 bloc d&rsquo;alimentation,<\/p>\n<p>Surface conseill\u00e9e max.<br \/>\n800 m2<\/p>\n<p>Garantie<br \/>\n2 ans<\/p>\n<p>Indice de r\u00e9parabilit\u00e9<br \/>\n8.5<\/p>\n<p>Coupe<br \/>\nLargeur de coupe: 20 cm, lame Mulching<\/p>\n<p>Batterie<br \/>\nLithium-Ion 18,5V<\/p>\n","protected":false},"excerpt":{"rendered":"<p>Avec les robots de tonte iMOW\u00ae STIHL, vous profitez d\u2019un gazon toujours parfaitement entretenu ! Les robots de tonte iMOW\u00ae<\/p>\n","protected":false},"featured_media":14092,"template":"","meta":[],"product_brand":[],"product_cat":[74,80],"product_tag":[],"class_list":{"0":"post-13925","1":"product","2":"type-product","3":"status-publish","4":"has-post-thumbnail","6":"product_cat-maison-jardin","7":"product_cat-robot-tondeuse","9":"first","10":"instock","11":"taxable","12":"shipping-taxable","13":"purchasable","14":"product-type-simple"},"yoast_head":"<!-- This site is optimized with the Yoast SEO plugin v24.8.1 - https:\/\/yoast.com\/wordpress\/plugins\/seo\/ -->\n<title>Robot tondeuse IMOW RMI 422.2 STIHL - CBS Electro<\/title>\n<meta name=\"robots\" content=\"index, follow, max-snippet:-1, max-image-preview:large, max-video-preview:-1\" \/>\n<link rel=\"canonical\" href=\"https:\/\/cbs-electro.com\/index.php\/produit\/robot-tondeuse-imow-rmi-422-2-stihl\/\" \/>\n<meta property=\"og:locale\" content=\"fr_FR\" \/>\n<meta property=\"og:type\" content=\"article\" \/>\n<meta property=\"og:title\" content=\"Robot tondeuse IMOW RMI 422.2 STIHL - CBS Electro\" \/>\n<meta property=\"og:description\" content=\"Avec les robots de tonte iMOW\u00ae STIHL, vous profitez d\u2019un gazon toujours parfaitement entretenu ! Les robots de tonte iMOW\u00ae\" \/>\n<meta property=\"og:url\" content=\"https:\/\/cbs-electro.com\/index.php\/produit\/robot-tondeuse-imow-rmi-422-2-stihl\/\" \/>\n<meta property=\"og:site_name\" content=\"CBS Electro\" \/>\n<meta property=\"article:modified_time\" content=\"2025-03-12T15:58:15+00:00\" \/>\n<meta property=\"og:image\" content=\"https:\/\/cbs-electro.com\/wp-content\/uploads\/2023\/11\/robot-tondeuse-imow-rmi-4222-stihl.jpg\" \/>\n\t<meta property=\"og:image:width\" content=\"600\" \/>\n\t<meta property=\"og:image:height\" content=\"600\" \/>\n\t<meta property=\"og:image:type\" content=\"image\/jpeg\" \/>\n<meta name=\"twitter:card\" content=\"summary_large_image\" \/>\n<meta name=\"twitter:label1\" content=\"Dur\u00e9e de lecture estim\u00e9e\" \/>\n\t<meta name=\"twitter:data1\" content=\"2 minutes\" \/>\n<script type=\"application\/ld+json\" class=\"yoast-schema-graph\">{\"@context\":\"https:\/\/schema.org\",\"@graph\":[{\"@type\":\"WebPage\",\"@id\":\"https:\/\/cbs-electro.com\/index.php\/produit\/robot-tondeuse-imow-rmi-422-2-stihl\/\",\"url\":\"https:\/\/cbs-electro.com\/index.php\/produit\/robot-tondeuse-imow-rmi-422-2-stihl\/\",\"name\":\"Robot tondeuse IMOW RMI 422.2 STIHL - CBS Electro\",\"isPartOf\":{\"@id\":\"https:\/\/www.cbs-electro.com\/#website\"},\"primaryImageOfPage\":{\"@id\":\"https:\/\/cbs-electro.com\/index.php\/produit\/robot-tondeuse-imow-rmi-422-2-stihl\/#primaryimage\"},\"image\":{\"@id\":\"https:\/\/cbs-electro.com\/index.php\/produit\/robot-tondeuse-imow-rmi-422-2-stihl\/#primaryimage\"},\"thumbnailUrl\":\"https:\/\/cbs-electro.com\/wp-content\/uploads\/2023\/11\/robot-tondeuse-imow-rmi-4222-stihl.jpg\",\"datePublished\":\"2023-11-15T13:46:58+00:00\",\"dateModified\":\"2025-03-12T15:58:15+00:00\",\"breadcrumb\":{\"@id\":\"https:\/\/cbs-electro.com\/index.php\/produit\/robot-tondeuse-imow-rmi-422-2-stihl\/#breadcrumb\"},\"inLanguage\":\"fr-FR\",\"potentialAction\":[{\"@type\":\"ReadAction\",\"target\":[\"https:\/\/cbs-electro.com\/index.php\/produit\/robot-tondeuse-imow-rmi-422-2-stihl\/\"]}]},{\"@type\":\"ImageObject\",\"inLanguage\":\"fr-FR\",\"@id\":\"https:\/\/cbs-electro.com\/index.php\/produit\/robot-tondeuse-imow-rmi-422-2-stihl\/#primaryimage\",\"url\":\"https:\/\/cbs-electro.com\/wp-content\/uploads\/2023\/11\/robot-tondeuse-imow-rmi-4222-stihl.jpg\",\"contentUrl\":\"https:\/\/cbs-electro.com\/wp-content\/uploads\/2023\/11\/robot-tondeuse-imow-rmi-4222-stihl.jpg\",\"width\":600,\"height\":600},{\"@type\":\"BreadcrumbList\",\"@id\":\"https:\/\/cbs-electro.com\/index.php\/produit\/robot-tondeuse-imow-rmi-422-2-stihl\/#breadcrumb\",\"itemListElement\":[{\"@type\":\"ListItem\",\"position\":1,\"name\":\"Accueil\",\"item\":\"https:\/\/www.cbs-electro.com\/\"},{\"@type\":\"ListItem\",\"position\":2,\"name\":\"Boutique\",\"item\":\"https:\/\/www.cbs-electro.com\/index.php\/boutique\/\"},{\"@type\":\"ListItem\",\"position\":3,\"name\":\"Robot tondeuse IMOW RMI 422.2 STIHL\"}]},{\"@type\":\"WebSite\",\"@id\":\"https:\/\/www.cbs-electro.com\/#website\",\"url\":\"https:\/\/www.cbs-electro.com\/\",\"name\":\"CBS Electro\",\"description\":\"Vente des produits neufs - Informatique, Smartphones, livres, jeux vid\u00e9o, photos, jouets et \u00e9lectrom\u00e9nager\",\"potentialAction\":[{\"@type\":\"SearchAction\",\"target\":{\"@type\":\"EntryPoint\",\"urlTemplate\":\"https:\/\/www.cbs-electro.com\/?s={search_term_string}\"},\"query-input\":{\"@type\":\"PropertyValueSpecification\",\"valueRequired\":true,\"valueName\":\"search_term_string\"}}],\"inLanguage\":\"fr-FR\"}]}<\/script>\n<!-- \/ Yoast SEO plugin. -->","yoast_head_json":{"title":"Robot tondeuse IMOW RMI 422.2 STIHL - CBS Electro","robots":{"index":"index","follow":"follow","max-snippet":"max-snippet:-1","max-image-preview":"max-image-preview:large","max-video-preview":"max-video-preview:-1"},"canonical":"https:\/\/cbs-electro.com\/index.php\/produit\/robot-tondeuse-imow-rmi-422-2-stihl\/","og_locale":"fr_FR","og_type":"article","og_title":"Robot tondeuse IMOW RMI 422.2 STIHL - CBS Electro","og_description":"Avec les robots de tonte iMOW\u00ae STIHL, vous profitez d\u2019un gazon toujours parfaitement entretenu ! Les robots de tonte iMOW\u00ae","og_url":"https:\/\/cbs-electro.com\/index.php\/produit\/robot-tondeuse-imow-rmi-422-2-stihl\/","og_site_name":"CBS Electro","article_modified_time":"2025-03-12T15:58:15+00:00","og_image":[{"width":600,"height":600,"url":"https:\/\/cbs-electro.com\/wp-content\/uploads\/2023\/11\/robot-tondeuse-imow-rmi-4222-stihl.jpg","type":"image\/jpeg"}],"twitter_card":"summary_large_image","twitter_misc":{"Dur\u00e9e de lecture estim\u00e9e":"2 minutes"},"schema":{"@context":"https:\/\/schema.org","@graph":[{"@type":"WebPage","@id":"https:\/\/cbs-electro.com\/index.php\/produit\/robot-tondeuse-imow-rmi-422-2-stihl\/","url":"https:\/\/cbs-electro.com\/index.php\/produit\/robot-tondeuse-imow-rmi-422-2-stihl\/","name":"Robot tondeuse IMOW RMI 422.2 STIHL - CBS Electro","isPartOf":{"@id":"https:\/\/www.cbs-electro.com\/#website"},"primaryImageOfPage":{"@id":"https:\/\/cbs-electro.com\/index.php\/produit\/robot-tondeuse-imow-rmi-422-2-stihl\/#primaryimage"},"image":{"@id":"https:\/\/cbs-electro.com\/index.php\/produit\/robot-tondeuse-imow-rmi-422-2-stihl\/#primaryimage"},"thumbnailUrl":"https:\/\/cbs-electro.com\/wp-content\/uploads\/2023\/11\/robot-tondeuse-imow-rmi-4222-stihl.jpg","datePublished":"2023-11-15T13:46:58+00:00","dateModified":"2025-03-12T15:58:15+00:00","breadcrumb":{"@id":"https:\/\/cbs-electro.com\/index.php\/produit\/robot-tondeuse-imow-rmi-422-2-stihl\/#breadcrumb"},"inLanguage":"fr-FR","potentialAction":[{"@type":"ReadAction","target":["https:\/\/cbs-electro.com\/index.php\/produit\/robot-tondeuse-imow-rmi-422-2-stihl\/"]}]},{"@type":"ImageObject","inLanguage":"fr-FR","@id":"https:\/\/cbs-electro.com\/index.php\/produit\/robot-tondeuse-imow-rmi-422-2-stihl\/#primaryimage","url":"https:\/\/cbs-electro.com\/wp-content\/uploads\/2023\/11\/robot-tondeuse-imow-rmi-4222-stihl.jpg","contentUrl":"https:\/\/cbs-electro.com\/wp-content\/uploads\/2023\/11\/robot-tondeuse-imow-rmi-4222-stihl.jpg","width":600,"height":600},{"@type":"BreadcrumbList","@id":"https:\/\/cbs-electro.com\/index.php\/produit\/robot-tondeuse-imow-rmi-422-2-stihl\/#breadcrumb","itemListElement":[{"@type":"ListItem","position":1,"name":"Accueil","item":"https:\/\/www.cbs-electro.com\/"},{"@type":"ListItem","position":2,"name":"Boutique","item":"https:\/\/www.cbs-electro.com\/index.php\/boutique\/"},{"@type":"ListItem","position":3,"name":"Robot tondeuse IMOW RMI 422.2 STIHL"}]},{"@type":"WebSite","@id":"https:\/\/www.cbs-electro.com\/#website","url":"https:\/\/www.cbs-electro.com\/","name":"CBS Electro","description":"Vente des produits neufs - Informatique, Smartphones, livres, jeux vid\u00e9o, photos, jouets et \u00e9lectrom\u00e9nager","potentialAction":[{"@type":"SearchAction","target":{"@type":"EntryPoint","urlTemplate":"https:\/\/www.cbs-electro.com\/?s={search_term_string}"},"query-input":{"@type":"PropertyValueSpecification","valueRequired":true,"valueName":"search_term_string"}}],"inLanguage":"fr-FR"}]}},"_links":{"self":[{"href":"https:\/\/cbs-electro.com\/index.php\/wp-json\/wp\/v2\/product\/13925","targetHints":{"allow":["GET"]}}],"collection":[{"href":"https:\/\/cbs-electro.com\/index.php\/wp-json\/wp\/v2\/product"}],"about":[{"href":"https:\/\/cbs-electro.com\/index.php\/wp-json\/wp\/v2\/types\/product"}],"version-history":[{"count":1,"href":"https:\/\/cbs-electro.com\/index.php\/wp-json\/wp\/v2\/product\/13925\/revisions"}],"predecessor-version":[{"id":14094,"href":"https:\/\/cbs-electro.com\/index.php\/wp-json\/wp\/v2\/product\/13925\/revisions\/14094"}],"wp:featuredmedia":[{"embeddable":true,"href":"https:\/\/cbs-electro.com\/index.php\/wp-json\/wp\/v2\/media\/14092"}],"wp:attachment":[{"href":"https:\/\/cbs-electro.com\/index.php\/wp-json\/wp\/v2\/media?parent=13925"}],"wp:term":[{"taxonomy":"product_brand","embeddable":true,"href":"https:\/\/cbs-electro.com\/index.php\/wp-json\/wp\/v2\/product_brand?post=13925"},{"taxonomy":"product_cat","embeddable":true,"href":"https:\/\/cbs-electro.com\/index.php\/wp-json\/wp\/v2\/product_cat?post=13925"},{"taxonomy":"product_tag","embeddable":true,"href":"https:\/\/cbs-electro.com\/index.php\/wp-json\/wp\/v2\/product_tag?post=13925"}],"curies":[{"name":"wp","href":"https:\/\/api.w.org\/{rel}","templated":true}]}}