{"id":13877,"date":"2023-11-15T14:46:34","date_gmt":"2023-11-15T13:46:34","guid":{"rendered":"https:\/?post_type=product&#038;p=13877"},"modified":"2023-11-15T14:48:14","modified_gmt":"2023-11-15T13:48:14","slug":"hitway-velo-electrique20-vtt-fat-bike-electrique-adulte-pliablebatterie-36v-112ahmoteur-250wportee-35-90kmshimano-7-vitessese-bike-ville","status":"publish","type":"product","link":"https:\/\/cbs-electro.com\/index.php\/produit\/hitway-velo-electrique20-vtt-fat-bike-electrique-adulte-pliablebatterie-36v-112ahmoteur-250wportee-35-90kmshimano-7-vitessese-bike-ville\/","title":{"rendered":"HITWAY V\u00e9lo \u00c9lectrique,20&Prime; VTT Fat Bike Electrique Adulte Pliable,Batterie 36V\/11,2Ah,Moteur 250W,Port\u00e9e 35-90km,Shimano 7 Vitesses,E Bike Ville"},"content":{"rendered":"<p>Type de v\u00e9lo V\u00e9lo pliable<br \/>\nTranche d&rsquo;\u00e2ge (description) Adulte<br \/>\nMarque HITWAY<br \/>\nNombre de vitesses 7<br \/>\nCouleur Argent-Nouveau-L\u00e9gal<br \/>\nMat\u00e9riau du cadre Acier au carbone<br \/>\nType de suspension Suspension fourche<br \/>\nCaract\u00e9ristique sp\u00e9ciale Affichage num\u00e9rique<br \/>\nComposants inclus V\u00e9lo \u00e9lectrique \u00d7 1, pompe \u00e0 v\u00e9lo \u00d7 1, cadenas de v\u00e9lo \u00d7 1, chargeur \u00d7 1<br \/>\nStyle de frein Disque<\/p>\n<p>* Description du produit<\/p>\n<p>Mat\u00e9riau du corps : Alliage d&rsquo;aluminium<br \/>\nTaille de pliage : 930*500*720mm<br \/>\nTaille de d\u00e9pliage : 1770*530*1200mm<br \/>\nDistance des p\u00e9dales au sol : 120mm<br \/>\nTaille des roues : 20 pouces<br \/>\nTaille d&#8217;emballage : 965*380*810mm<br \/>\nCaract\u00e9ristiques:<br \/>\nPoids : Brut : 30,9 kg 68,1 lb Poids net : 26,6 kg 58,6 lb<br \/>\nCharge maximale : 120 kg 264 lb<br \/>\nCharge de la tablette arri\u00e8re : moins de 15kg<br \/>\nVitesse maximale : 25 km\/h (15,5 MPH)<br \/>\nAutonomie : 35 KM-90 KM (\u00e0 75 kg et 25 \u00b0 C, le kilom\u00e9trage peut atteindre 35KM en mode \u00e9lectrique pur, et le kilom\u00e9trage du cyclomoteur d\u00e9pend de la charge et du style de conduite)<br \/>\nConsommation d&rsquo;\u00e9nergie par cent kilom\u00e8tres : 1,08 KW\/h\/100 KM<br \/>\nAngle d&rsquo;escalade maximum : 25 degr\u00e9s<br \/>\nTemp\u00e9rature de fonctionnement : -10~45\u2103<br \/>\nDegr\u00e9 d&rsquo;\u00e9tanch\u00e9it\u00e9 : IP54<\/p>\n","protected":false},"excerpt":{"rendered":"<p>Type de v\u00e9lo V\u00e9lo pliable Tranche d&rsquo;\u00e2ge (description) Adulte Marque HITWAY Nombre de vitesses 7 Couleur Argent-Nouveau-L\u00e9gal Mat\u00e9riau du cadre<\/p>\n","protected":false},"featured_media":14043,"template":"","meta":[],"product_brand":[],"product_cat":[77,78],"product_tag":[],"class_list":{"0":"post-13877","1":"product","2":"type-product","3":"status-publish","4":"has-post-thumbnail","6":"product_cat-sports-loisirs","7":"product_cat-velo-electrique","9":"first","10":"instock","11":"sale","12":"taxable","13":"shipping-taxable","14":"purchasable","15":"product-type-simple"},"yoast_head":"<!-- This site is optimized with the Yoast SEO plugin v24.8.1 - https:\/\/yoast.com\/wordpress\/plugins\/seo\/ -->\n<title>HITWAY V\u00e9lo \u00c9lectrique,20&quot; VTT Fat Bike Electrique Adulte Pliable,Batterie 36V\/11,2Ah,Moteur 250W,Port\u00e9e 35-90km,Shimano 7 Vitesses,E Bike Ville - CBS Electro<\/title>\n<meta name=\"robots\" content=\"index, follow, max-snippet:-1, max-image-preview:large, max-video-preview:-1\" \/>\n<link rel=\"canonical\" href=\"https:\/\/cbs-electro.com\/index.php\/produit\/hitway-velo-electrique20-vtt-fat-bike-electrique-adulte-pliablebatterie-36v-112ahmoteur-250wportee-35-90kmshimano-7-vitessese-bike-ville\/\" \/>\n<meta property=\"og:locale\" content=\"fr_FR\" \/>\n<meta property=\"og:type\" content=\"article\" \/>\n<meta property=\"og:title\" content=\"HITWAY V\u00e9lo \u00c9lectrique,20&quot; VTT Fat Bike Electrique Adulte Pliable,Batterie 36V\/11,2Ah,Moteur 250W,Port\u00e9e 35-90km,Shimano 7 Vitesses,E Bike Ville - CBS Electro\" \/>\n<meta property=\"og:description\" content=\"Type de v\u00e9lo V\u00e9lo pliable Tranche d&rsquo;\u00e2ge (description) Adulte Marque HITWAY Nombre de vitesses 7 Couleur Argent-Nouveau-L\u00e9gal Mat\u00e9riau du cadre\" \/>\n<meta property=\"og:url\" content=\"https:\/\/cbs-electro.com\/index.php\/produit\/hitway-velo-electrique20-vtt-fat-bike-electrique-adulte-pliablebatterie-36v-112ahmoteur-250wportee-35-90kmshimano-7-vitessese-bike-ville\/\" \/>\n<meta property=\"og:site_name\" content=\"CBS Electro\" \/>\n<meta property=\"article:modified_time\" content=\"2023-11-15T13:48:14+00:00\" \/>\n<meta property=\"og:image\" content=\"https:\/\/cbs-electro.com\/wp-content\/uploads\/2023\/11\/71aSoG33V6L._AC_SL1500_.jpg\" \/>\n\t<meta property=\"og:image:width\" content=\"1391\" \/>\n\t<meta property=\"og:image:height\" content=\"1500\" \/>\n\t<meta property=\"og:image:type\" content=\"image\/jpeg\" \/>\n<meta name=\"twitter:card\" content=\"summary_large_image\" \/>\n<meta name=\"twitter:label1\" content=\"Dur\u00e9e de lecture estim\u00e9e\" \/>\n\t<meta name=\"twitter:data1\" content=\"1 minute\" \/>\n<script type=\"application\/ld+json\" class=\"yoast-schema-graph\">{\"@context\":\"https:\/\/schema.org\",\"@graph\":[{\"@type\":\"WebPage\",\"@id\":\"https:\/\/cbs-electro.com\/index.php\/produit\/hitway-velo-electrique20-vtt-fat-bike-electrique-adulte-pliablebatterie-36v-112ahmoteur-250wportee-35-90kmshimano-7-vitessese-bike-ville\/\",\"url\":\"https:\/\/cbs-electro.com\/index.php\/produit\/hitway-velo-electrique20-vtt-fat-bike-electrique-adulte-pliablebatterie-36v-112ahmoteur-250wportee-35-90kmshimano-7-vitessese-bike-ville\/\",\"name\":\"HITWAY V\u00e9lo \u00c9lectrique,20\\\" VTT Fat Bike Electrique Adulte Pliable,Batterie 36V\/11,2Ah,Moteur 250W,Port\u00e9e 35-90km,Shimano 7 Vitesses,E Bike Ville - CBS Electro\",\"isPartOf\":{\"@id\":\"https:\/\/www.cbs-electro.com\/#website\"},\"primaryImageOfPage\":{\"@id\":\"https:\/\/cbs-electro.com\/index.php\/produit\/hitway-velo-electrique20-vtt-fat-bike-electrique-adulte-pliablebatterie-36v-112ahmoteur-250wportee-35-90kmshimano-7-vitessese-bike-ville\/#primaryimage\"},\"image\":{\"@id\":\"https:\/\/cbs-electro.com\/index.php\/produit\/hitway-velo-electrique20-vtt-fat-bike-electrique-adulte-pliablebatterie-36v-112ahmoteur-250wportee-35-90kmshimano-7-vitessese-bike-ville\/#primaryimage\"},\"thumbnailUrl\":\"https:\/\/cbs-electro.com\/wp-content\/uploads\/2023\/11\/71aSoG33V6L._AC_SL1500_.jpg\",\"datePublished\":\"2023-11-15T13:46:34+00:00\",\"dateModified\":\"2023-11-15T13:48:14+00:00\",\"breadcrumb\":{\"@id\":\"https:\/\/cbs-electro.com\/index.php\/produit\/hitway-velo-electrique20-vtt-fat-bike-electrique-adulte-pliablebatterie-36v-112ahmoteur-250wportee-35-90kmshimano-7-vitessese-bike-ville\/#breadcrumb\"},\"inLanguage\":\"fr-FR\",\"potentialAction\":[{\"@type\":\"ReadAction\",\"target\":[\"https:\/\/cbs-electro.com\/index.php\/produit\/hitway-velo-electrique20-vtt-fat-bike-electrique-adulte-pliablebatterie-36v-112ahmoteur-250wportee-35-90kmshimano-7-vitessese-bike-ville\/\"]}]},{\"@type\":\"ImageObject\",\"inLanguage\":\"fr-FR\",\"@id\":\"https:\/\/cbs-electro.com\/index.php\/produit\/hitway-velo-electrique20-vtt-fat-bike-electrique-adulte-pliablebatterie-36v-112ahmoteur-250wportee-35-90kmshimano-7-vitessese-bike-ville\/#primaryimage\",\"url\":\"https:\/\/cbs-electro.com\/wp-content\/uploads\/2023\/11\/71aSoG33V6L._AC_SL1500_.jpg\",\"contentUrl\":\"https:\/\/cbs-electro.com\/wp-content\/uploads\/2023\/11\/71aSoG33V6L._AC_SL1500_.jpg\",\"width\":1391,\"height\":1500},{\"@type\":\"BreadcrumbList\",\"@id\":\"https:\/\/cbs-electro.com\/index.php\/produit\/hitway-velo-electrique20-vtt-fat-bike-electrique-adulte-pliablebatterie-36v-112ahmoteur-250wportee-35-90kmshimano-7-vitessese-bike-ville\/#breadcrumb\",\"itemListElement\":[{\"@type\":\"ListItem\",\"position\":1,\"name\":\"Accueil\",\"item\":\"https:\/\/www.cbs-electro.com\/\"},{\"@type\":\"ListItem\",\"position\":2,\"name\":\"Boutique\",\"item\":\"https:\/\/www.cbs-electro.com\/index.php\/boutique\/\"},{\"@type\":\"ListItem\",\"position\":3,\"name\":\"HITWAY V\u00e9lo \u00c9lectrique,20&Prime; VTT Fat Bike Electrique Adulte Pliable,Batterie 36V\/11,2Ah,Moteur 250W,Port\u00e9e 35-90km,Shimano 7 Vitesses,E Bike Ville\"}]},{\"@type\":\"WebSite\",\"@id\":\"https:\/\/www.cbs-electro.com\/#website\",\"url\":\"https:\/\/www.cbs-electro.com\/\",\"name\":\"CBS Electro\",\"description\":\"Vente des produits neufs - Informatique, Smartphones, livres, jeux vid\u00e9o, photos, jouets et \u00e9lectrom\u00e9nager\",\"potentialAction\":[{\"@type\":\"SearchAction\",\"target\":{\"@type\":\"EntryPoint\",\"urlTemplate\":\"https:\/\/www.cbs-electro.com\/?s={search_term_string}\"},\"query-input\":{\"@type\":\"PropertyValueSpecification\",\"valueRequired\":true,\"valueName\":\"search_term_string\"}}],\"inLanguage\":\"fr-FR\"}]}<\/script>\n<!-- \/ Yoast SEO plugin. -->","yoast_head_json":{"title":"HITWAY V\u00e9lo \u00c9lectrique,20\" VTT Fat Bike Electrique Adulte Pliable,Batterie 36V\/11,2Ah,Moteur 250W,Port\u00e9e 35-90km,Shimano 7 Vitesses,E Bike Ville - CBS Electro","robots":{"index":"index","follow":"follow","max-snippet":"max-snippet:-1","max-image-preview":"max-image-preview:large","max-video-preview":"max-video-preview:-1"},"canonical":"https:\/\/cbs-electro.com\/index.php\/produit\/hitway-velo-electrique20-vtt-fat-bike-electrique-adulte-pliablebatterie-36v-112ahmoteur-250wportee-35-90kmshimano-7-vitessese-bike-ville\/","og_locale":"fr_FR","og_type":"article","og_title":"HITWAY V\u00e9lo \u00c9lectrique,20\" VTT Fat Bike Electrique Adulte Pliable,Batterie 36V\/11,2Ah,Moteur 250W,Port\u00e9e 35-90km,Shimano 7 Vitesses,E Bike Ville - CBS Electro","og_description":"Type de v\u00e9lo V\u00e9lo pliable Tranche d&rsquo;\u00e2ge (description) Adulte Marque HITWAY Nombre de vitesses 7 Couleur Argent-Nouveau-L\u00e9gal Mat\u00e9riau du cadre","og_url":"https:\/\/cbs-electro.com\/index.php\/produit\/hitway-velo-electrique20-vtt-fat-bike-electrique-adulte-pliablebatterie-36v-112ahmoteur-250wportee-35-90kmshimano-7-vitessese-bike-ville\/","og_site_name":"CBS Electro","article_modified_time":"2023-11-15T13:48:14+00:00","og_image":[{"width":1391,"height":1500,"url":"https:\/\/cbs-electro.com\/wp-content\/uploads\/2023\/11\/71aSoG33V6L._AC_SL1500_.jpg","type":"image\/jpeg"}],"twitter_card":"summary_large_image","twitter_misc":{"Dur\u00e9e de lecture estim\u00e9e":"1 minute"},"schema":{"@context":"https:\/\/schema.org","@graph":[{"@type":"WebPage","@id":"https:\/\/cbs-electro.com\/index.php\/produit\/hitway-velo-electrique20-vtt-fat-bike-electrique-adulte-pliablebatterie-36v-112ahmoteur-250wportee-35-90kmshimano-7-vitessese-bike-ville\/","url":"https:\/\/cbs-electro.com\/index.php\/produit\/hitway-velo-electrique20-vtt-fat-bike-electrique-adulte-pliablebatterie-36v-112ahmoteur-250wportee-35-90kmshimano-7-vitessese-bike-ville\/","name":"HITWAY V\u00e9lo \u00c9lectrique,20\" VTT Fat Bike Electrique Adulte Pliable,Batterie 36V\/11,2Ah,Moteur 250W,Port\u00e9e 35-90km,Shimano 7 Vitesses,E Bike Ville - CBS Electro","isPartOf":{"@id":"https:\/\/www.cbs-electro.com\/#website"},"primaryImageOfPage":{"@id":"https:\/\/cbs-electro.com\/index.php\/produit\/hitway-velo-electrique20-vtt-fat-bike-electrique-adulte-pliablebatterie-36v-112ahmoteur-250wportee-35-90kmshimano-7-vitessese-bike-ville\/#primaryimage"},"image":{"@id":"https:\/\/cbs-electro.com\/index.php\/produit\/hitway-velo-electrique20-vtt-fat-bike-electrique-adulte-pliablebatterie-36v-112ahmoteur-250wportee-35-90kmshimano-7-vitessese-bike-ville\/#primaryimage"},"thumbnailUrl":"https:\/\/cbs-electro.com\/wp-content\/uploads\/2023\/11\/71aSoG33V6L._AC_SL1500_.jpg","datePublished":"2023-11-15T13:46:34+00:00","dateModified":"2023-11-15T13:48:14+00:00","breadcrumb":{"@id":"https:\/\/cbs-electro.com\/index.php\/produit\/hitway-velo-electrique20-vtt-fat-bike-electrique-adulte-pliablebatterie-36v-112ahmoteur-250wportee-35-90kmshimano-7-vitessese-bike-ville\/#breadcrumb"},"inLanguage":"fr-FR","potentialAction":[{"@type":"ReadAction","target":["https:\/\/cbs-electro.com\/index.php\/produit\/hitway-velo-electrique20-vtt-fat-bike-electrique-adulte-pliablebatterie-36v-112ahmoteur-250wportee-35-90kmshimano-7-vitessese-bike-ville\/"]}]},{"@type":"ImageObject","inLanguage":"fr-FR","@id":"https:\/\/cbs-electro.com\/index.php\/produit\/hitway-velo-electrique20-vtt-fat-bike-electrique-adulte-pliablebatterie-36v-112ahmoteur-250wportee-35-90kmshimano-7-vitessese-bike-ville\/#primaryimage","url":"https:\/\/cbs-electro.com\/wp-content\/uploads\/2023\/11\/71aSoG33V6L._AC_SL1500_.jpg","contentUrl":"https:\/\/cbs-electro.com\/wp-content\/uploads\/2023\/11\/71aSoG33V6L._AC_SL1500_.jpg","width":1391,"height":1500},{"@type":"BreadcrumbList","@id":"https:\/\/cbs-electro.com\/index.php\/produit\/hitway-velo-electrique20-vtt-fat-bike-electrique-adulte-pliablebatterie-36v-112ahmoteur-250wportee-35-90kmshimano-7-vitessese-bike-ville\/#breadcrumb","itemListElement":[{"@type":"ListItem","position":1,"name":"Accueil","item":"https:\/\/www.cbs-electro.com\/"},{"@type":"ListItem","position":2,"name":"Boutique","item":"https:\/\/www.cbs-electro.com\/index.php\/boutique\/"},{"@type":"ListItem","position":3,"name":"HITWAY V\u00e9lo \u00c9lectrique,20&Prime; VTT Fat Bike Electrique Adulte Pliable,Batterie 36V\/11,2Ah,Moteur 250W,Port\u00e9e 35-90km,Shimano 7 Vitesses,E Bike Ville"}]},{"@type":"WebSite","@id":"https:\/\/www.cbs-electro.com\/#website","url":"https:\/\/www.cbs-electro.com\/","name":"CBS Electro","description":"Vente des produits neufs - Informatique, Smartphones, livres, jeux vid\u00e9o, photos, jouets et \u00e9lectrom\u00e9nager","potentialAction":[{"@type":"SearchAction","target":{"@type":"EntryPoint","urlTemplate":"https:\/\/www.cbs-electro.com\/?s={search_term_string}"},"query-input":{"@type":"PropertyValueSpecification","valueRequired":true,"valueName":"search_term_string"}}],"inLanguage":"fr-FR"}]}},"_links":{"self":[{"href":"https:\/\/cbs-electro.com\/index.php\/wp-json\/wp\/v2\/product\/13877","targetHints":{"allow":["GET"]}}],"collection":[{"href":"https:\/\/cbs-electro.com\/index.php\/wp-json\/wp\/v2\/product"}],"about":[{"href":"https:\/\/cbs-electro.com\/index.php\/wp-json\/wp\/v2\/types\/product"}],"version-history":[{"count":1,"href":"https:\/\/cbs-electro.com\/index.php\/wp-json\/wp\/v2\/product\/13877\/revisions"}],"predecessor-version":[{"id":14048,"href":"https:\/\/cbs-electro.com\/index.php\/wp-json\/wp\/v2\/product\/13877\/revisions\/14048"}],"wp:featuredmedia":[{"embeddable":true,"href":"https:\/\/cbs-electro.com\/index.php\/wp-json\/wp\/v2\/media\/14043"}],"wp:attachment":[{"href":"https:\/\/cbs-electro.com\/index.php\/wp-json\/wp\/v2\/media?parent=13877"}],"wp:term":[{"taxonomy":"product_brand","embeddable":true,"href":"https:\/\/cbs-electro.com\/index.php\/wp-json\/wp\/v2\/product_brand?post=13877"},{"taxonomy":"product_cat","embeddable":true,"href":"https:\/\/cbs-electro.com\/index.php\/wp-json\/wp\/v2\/product_cat?post=13877"},{"taxonomy":"product_tag","embeddable":true,"href":"https:\/\/cbs-electro.com\/index.php\/wp-json\/wp\/v2\/product_tag?post=13877"}],"curies":[{"name":"wp","href":"https:\/\/api.w.org\/{rel}","templated":true}]}}