{"id":13875,"date":"2023-11-15T14:46:33","date_gmt":"2023-11-15T13:46:33","guid":{"rendered":"https:\/?post_type=product&#038;p=13875"},"modified":"2025-03-12T16:42:40","modified_gmt":"2025-03-12T15:42:40","slug":"velo-electrique-26-velobecane-7-vitesses-freins-a-disque-autonomie-40km-blanc","status":"publish","type":"product","link":"https:\/\/cbs-electro.com\/index.php\/produit\/velo-electrique-26-velobecane-7-vitesses-freins-a-disque-autonomie-40km-blanc\/","title":{"rendered":"V\u00e9lo \u00c9lectrique 26&prime; VELOBECANE-7 Vitesses-Freins \u00c0 Disque-Autonomie 40km-Blanc"},"content":{"rendered":"<p>V\u00e9lo \u00c9lectrique 26&prime; VELOBECANE-7 Vitesses-Freins \u00c0 Disque-Autonomie 40km-Blanc<br \/>\nV\u00e9lo assistance \u00e9lectrique &#8211; 26 \u00a0\u00bb Type de cadre : CITY dame 26&Prime; Autonomie : 50 km Nombre de vitesses : 6 vitesses Noir Garantie (\u00b2) 2 ans &#8211; pi\u00e8ces, main d\u2019\u0153uvre<\/p>\n","protected":false},"excerpt":{"rendered":"<p>V\u00e9lo \u00c9lectrique 26&prime; VELOBECANE-7 Vitesses-Freins \u00c0 Disque-Autonomie 40km-Blanc V\u00e9lo assistance \u00e9lectrique &#8211; 26 \u00a0\u00bb Type de cadre : CITY dame<\/p>\n","protected":false},"featured_media":14029,"template":"","meta":[],"product_brand":[],"product_cat":[77,78],"product_tag":[],"class_list":{"0":"post-13875","1":"product","2":"type-product","3":"status-publish","4":"has-post-thumbnail","6":"product_cat-sports-loisirs","7":"product_cat-velo-electrique","9":"first","10":"instock","11":"taxable","12":"shipping-taxable","13":"purchasable","14":"product-type-simple"},"yoast_head":"<!-- This site is optimized with the Yoast SEO plugin v24.8.1 - https:\/\/yoast.com\/wordpress\/plugins\/seo\/ -->\n<title>V\u00e9lo \u00c9lectrique 26&#039; VELOBECANE-7 Vitesses-Freins \u00c0 Disque-Autonomie 40km-Blanc - CBS Electro<\/title>\n<meta name=\"robots\" content=\"index, follow, max-snippet:-1, max-image-preview:large, max-video-preview:-1\" \/>\n<link rel=\"canonical\" href=\"https:\/\/cbs-electro.com\/index.php\/produit\/velo-electrique-26-velobecane-7-vitesses-freins-a-disque-autonomie-40km-blanc\/\" \/>\n<meta property=\"og:locale\" content=\"fr_FR\" \/>\n<meta property=\"og:type\" content=\"article\" \/>\n<meta property=\"og:title\" content=\"V\u00e9lo \u00c9lectrique 26&#039; VELOBECANE-7 Vitesses-Freins \u00c0 Disque-Autonomie 40km-Blanc - CBS Electro\" \/>\n<meta property=\"og:description\" content=\"V\u00e9lo \u00c9lectrique 26&prime; VELOBECANE-7 Vitesses-Freins \u00c0 Disque-Autonomie 40km-Blanc V\u00e9lo assistance \u00e9lectrique &#8211; 26 \u00a0\u00bb Type de cadre : CITY dame\" \/>\n<meta property=\"og:url\" content=\"https:\/\/cbs-electro.com\/index.php\/produit\/velo-electrique-26-velobecane-7-vitesses-freins-a-disque-autonomie-40km-blanc\/\" \/>\n<meta property=\"og:site_name\" content=\"CBS Electro\" \/>\n<meta property=\"article:modified_time\" content=\"2025-03-12T15:42:40+00:00\" \/>\n<meta property=\"og:image\" content=\"https:\/\/cbs-electro.com\/wp-content\/uploads\/2023\/11\/velo-electrique-26-velobecane-7-vitesses-freins-a-disque-autonomie-40km-blanc.jpg\" \/>\n\t<meta property=\"og:image:width\" content=\"800\" \/>\n\t<meta property=\"og:image:height\" content=\"800\" \/>\n\t<meta property=\"og:image:type\" content=\"image\/jpeg\" \/>\n<meta name=\"twitter:card\" content=\"summary_large_image\" \/>\n<script type=\"application\/ld+json\" class=\"yoast-schema-graph\">{\"@context\":\"https:\/\/schema.org\",\"@graph\":[{\"@type\":\"WebPage\",\"@id\":\"https:\/\/cbs-electro.com\/index.php\/produit\/velo-electrique-26-velobecane-7-vitesses-freins-a-disque-autonomie-40km-blanc\/\",\"url\":\"https:\/\/cbs-electro.com\/index.php\/produit\/velo-electrique-26-velobecane-7-vitesses-freins-a-disque-autonomie-40km-blanc\/\",\"name\":\"V\u00e9lo \u00c9lectrique 26' VELOBECANE-7 Vitesses-Freins \u00c0 Disque-Autonomie 40km-Blanc - CBS Electro\",\"isPartOf\":{\"@id\":\"https:\/\/www.cbs-electro.com\/#website\"},\"primaryImageOfPage\":{\"@id\":\"https:\/\/cbs-electro.com\/index.php\/produit\/velo-electrique-26-velobecane-7-vitesses-freins-a-disque-autonomie-40km-blanc\/#primaryimage\"},\"image\":{\"@id\":\"https:\/\/cbs-electro.com\/index.php\/produit\/velo-electrique-26-velobecane-7-vitesses-freins-a-disque-autonomie-40km-blanc\/#primaryimage\"},\"thumbnailUrl\":\"https:\/\/cbs-electro.com\/wp-content\/uploads\/2023\/11\/velo-electrique-26-velobecane-7-vitesses-freins-a-disque-autonomie-40km-blanc.jpg\",\"datePublished\":\"2023-11-15T13:46:33+00:00\",\"dateModified\":\"2025-03-12T15:42:40+00:00\",\"breadcrumb\":{\"@id\":\"https:\/\/cbs-electro.com\/index.php\/produit\/velo-electrique-26-velobecane-7-vitesses-freins-a-disque-autonomie-40km-blanc\/#breadcrumb\"},\"inLanguage\":\"fr-FR\",\"potentialAction\":[{\"@type\":\"ReadAction\",\"target\":[\"https:\/\/cbs-electro.com\/index.php\/produit\/velo-electrique-26-velobecane-7-vitesses-freins-a-disque-autonomie-40km-blanc\/\"]}]},{\"@type\":\"ImageObject\",\"inLanguage\":\"fr-FR\",\"@id\":\"https:\/\/cbs-electro.com\/index.php\/produit\/velo-electrique-26-velobecane-7-vitesses-freins-a-disque-autonomie-40km-blanc\/#primaryimage\",\"url\":\"https:\/\/cbs-electro.com\/wp-content\/uploads\/2023\/11\/velo-electrique-26-velobecane-7-vitesses-freins-a-disque-autonomie-40km-blanc.jpg\",\"contentUrl\":\"https:\/\/cbs-electro.com\/wp-content\/uploads\/2023\/11\/velo-electrique-26-velobecane-7-vitesses-freins-a-disque-autonomie-40km-blanc.jpg\",\"width\":800,\"height\":800},{\"@type\":\"BreadcrumbList\",\"@id\":\"https:\/\/cbs-electro.com\/index.php\/produit\/velo-electrique-26-velobecane-7-vitesses-freins-a-disque-autonomie-40km-blanc\/#breadcrumb\",\"itemListElement\":[{\"@type\":\"ListItem\",\"position\":1,\"name\":\"Accueil\",\"item\":\"https:\/\/www.cbs-electro.com\/\"},{\"@type\":\"ListItem\",\"position\":2,\"name\":\"Boutique\",\"item\":\"https:\/\/www.cbs-electro.com\/index.php\/boutique\/\"},{\"@type\":\"ListItem\",\"position\":3,\"name\":\"V\u00e9lo \u00c9lectrique 26&prime; VELOBECANE-7 Vitesses-Freins \u00c0 Disque-Autonomie 40km-Blanc\"}]},{\"@type\":\"WebSite\",\"@id\":\"https:\/\/www.cbs-electro.com\/#website\",\"url\":\"https:\/\/www.cbs-electro.com\/\",\"name\":\"CBS Electro\",\"description\":\"Vente des produits neufs - Informatique, Smartphones, livres, jeux vid\u00e9o, photos, jouets et \u00e9lectrom\u00e9nager\",\"potentialAction\":[{\"@type\":\"SearchAction\",\"target\":{\"@type\":\"EntryPoint\",\"urlTemplate\":\"https:\/\/www.cbs-electro.com\/?s={search_term_string}\"},\"query-input\":{\"@type\":\"PropertyValueSpecification\",\"valueRequired\":true,\"valueName\":\"search_term_string\"}}],\"inLanguage\":\"fr-FR\"}]}<\/script>\n<!-- \/ Yoast SEO plugin. -->","yoast_head_json":{"title":"V\u00e9lo \u00c9lectrique 26' VELOBECANE-7 Vitesses-Freins \u00c0 Disque-Autonomie 40km-Blanc - CBS Electro","robots":{"index":"index","follow":"follow","max-snippet":"max-snippet:-1","max-image-preview":"max-image-preview:large","max-video-preview":"max-video-preview:-1"},"canonical":"https:\/\/cbs-electro.com\/index.php\/produit\/velo-electrique-26-velobecane-7-vitesses-freins-a-disque-autonomie-40km-blanc\/","og_locale":"fr_FR","og_type":"article","og_title":"V\u00e9lo \u00c9lectrique 26' VELOBECANE-7 Vitesses-Freins \u00c0 Disque-Autonomie 40km-Blanc - CBS Electro","og_description":"V\u00e9lo \u00c9lectrique 26&prime; VELOBECANE-7 Vitesses-Freins \u00c0 Disque-Autonomie 40km-Blanc V\u00e9lo assistance \u00e9lectrique &#8211; 26 \u00a0\u00bb Type de cadre : CITY dame","og_url":"https:\/\/cbs-electro.com\/index.php\/produit\/velo-electrique-26-velobecane-7-vitesses-freins-a-disque-autonomie-40km-blanc\/","og_site_name":"CBS Electro","article_modified_time":"2025-03-12T15:42:40+00:00","og_image":[{"width":800,"height":800,"url":"https:\/\/cbs-electro.com\/wp-content\/uploads\/2023\/11\/velo-electrique-26-velobecane-7-vitesses-freins-a-disque-autonomie-40km-blanc.jpg","type":"image\/jpeg"}],"twitter_card":"summary_large_image","schema":{"@context":"https:\/\/schema.org","@graph":[{"@type":"WebPage","@id":"https:\/\/cbs-electro.com\/index.php\/produit\/velo-electrique-26-velobecane-7-vitesses-freins-a-disque-autonomie-40km-blanc\/","url":"https:\/\/cbs-electro.com\/index.php\/produit\/velo-electrique-26-velobecane-7-vitesses-freins-a-disque-autonomie-40km-blanc\/","name":"V\u00e9lo \u00c9lectrique 26' VELOBECANE-7 Vitesses-Freins \u00c0 Disque-Autonomie 40km-Blanc - CBS Electro","isPartOf":{"@id":"https:\/\/www.cbs-electro.com\/#website"},"primaryImageOfPage":{"@id":"https:\/\/cbs-electro.com\/index.php\/produit\/velo-electrique-26-velobecane-7-vitesses-freins-a-disque-autonomie-40km-blanc\/#primaryimage"},"image":{"@id":"https:\/\/cbs-electro.com\/index.php\/produit\/velo-electrique-26-velobecane-7-vitesses-freins-a-disque-autonomie-40km-blanc\/#primaryimage"},"thumbnailUrl":"https:\/\/cbs-electro.com\/wp-content\/uploads\/2023\/11\/velo-electrique-26-velobecane-7-vitesses-freins-a-disque-autonomie-40km-blanc.jpg","datePublished":"2023-11-15T13:46:33+00:00","dateModified":"2025-03-12T15:42:40+00:00","breadcrumb":{"@id":"https:\/\/cbs-electro.com\/index.php\/produit\/velo-electrique-26-velobecane-7-vitesses-freins-a-disque-autonomie-40km-blanc\/#breadcrumb"},"inLanguage":"fr-FR","potentialAction":[{"@type":"ReadAction","target":["https:\/\/cbs-electro.com\/index.php\/produit\/velo-electrique-26-velobecane-7-vitesses-freins-a-disque-autonomie-40km-blanc\/"]}]},{"@type":"ImageObject","inLanguage":"fr-FR","@id":"https:\/\/cbs-electro.com\/index.php\/produit\/velo-electrique-26-velobecane-7-vitesses-freins-a-disque-autonomie-40km-blanc\/#primaryimage","url":"https:\/\/cbs-electro.com\/wp-content\/uploads\/2023\/11\/velo-electrique-26-velobecane-7-vitesses-freins-a-disque-autonomie-40km-blanc.jpg","contentUrl":"https:\/\/cbs-electro.com\/wp-content\/uploads\/2023\/11\/velo-electrique-26-velobecane-7-vitesses-freins-a-disque-autonomie-40km-blanc.jpg","width":800,"height":800},{"@type":"BreadcrumbList","@id":"https:\/\/cbs-electro.com\/index.php\/produit\/velo-electrique-26-velobecane-7-vitesses-freins-a-disque-autonomie-40km-blanc\/#breadcrumb","itemListElement":[{"@type":"ListItem","position":1,"name":"Accueil","item":"https:\/\/www.cbs-electro.com\/"},{"@type":"ListItem","position":2,"name":"Boutique","item":"https:\/\/www.cbs-electro.com\/index.php\/boutique\/"},{"@type":"ListItem","position":3,"name":"V\u00e9lo \u00c9lectrique 26&prime; VELOBECANE-7 Vitesses-Freins \u00c0 Disque-Autonomie 40km-Blanc"}]},{"@type":"WebSite","@id":"https:\/\/www.cbs-electro.com\/#website","url":"https:\/\/www.cbs-electro.com\/","name":"CBS Electro","description":"Vente des produits neufs - Informatique, Smartphones, livres, jeux vid\u00e9o, photos, jouets et \u00e9lectrom\u00e9nager","potentialAction":[{"@type":"SearchAction","target":{"@type":"EntryPoint","urlTemplate":"https:\/\/www.cbs-electro.com\/?s={search_term_string}"},"query-input":{"@type":"PropertyValueSpecification","valueRequired":true,"valueName":"search_term_string"}}],"inLanguage":"fr-FR"}]}},"_links":{"self":[{"href":"https:\/\/cbs-electro.com\/index.php\/wp-json\/wp\/v2\/product\/13875","targetHints":{"allow":["GET"]}}],"collection":[{"href":"https:\/\/cbs-electro.com\/index.php\/wp-json\/wp\/v2\/product"}],"about":[{"href":"https:\/\/cbs-electro.com\/index.php\/wp-json\/wp\/v2\/types\/product"}],"version-history":[{"count":1,"href":"https:\/\/cbs-electro.com\/index.php\/wp-json\/wp\/v2\/product\/13875\/revisions"}],"predecessor-version":[{"id":14033,"href":"https:\/\/cbs-electro.com\/index.php\/wp-json\/wp\/v2\/product\/13875\/revisions\/14033"}],"wp:featuredmedia":[{"embeddable":true,"href":"https:\/\/cbs-electro.com\/index.php\/wp-json\/wp\/v2\/media\/14029"}],"wp:attachment":[{"href":"https:\/\/cbs-electro.com\/index.php\/wp-json\/wp\/v2\/media?parent=13875"}],"wp:term":[{"taxonomy":"product_brand","embeddable":true,"href":"https:\/\/cbs-electro.com\/index.php\/wp-json\/wp\/v2\/product_brand?post=13875"},{"taxonomy":"product_cat","embeddable":true,"href":"https:\/\/cbs-electro.com\/index.php\/wp-json\/wp\/v2\/product_cat?post=13875"},{"taxonomy":"product_tag","embeddable":true,"href":"https:\/\/cbs-electro.com\/index.php\/wp-json\/wp\/v2\/product_tag?post=13875"}],"curies":[{"name":"wp","href":"https:\/\/api.w.org\/{rel}","templated":true}]}}