{"id":13859,"date":"2023-11-15T14:46:33","date_gmt":"2023-11-15T13:46:33","guid":{"rendered":"https:\/?post_type=product&#038;p=13859"},"modified":"2023-11-15T14:47:03","modified_gmt":"2023-11-15T13:47:03","slug":"t-7-plus-t-racer-le-nettoyeur-de-surfaces","status":"publish","type":"product","link":"https:\/\/cbs-electro.com\/index.php\/produit\/t-7-plus-t-racer-le-nettoyeur-de-surfaces\/","title":{"rendered":"T 7 Plus\u00a0T-Racer\u00a0Le nettoyeur de surfaces"},"content":{"rendered":"<p>Le nettoyeur de surfaces T 7 Plus\u00a0<span class=\"fix-spelling\">T-Racer<\/span>\u00a0permet de nettoyer efficacement et sans \u00e9claboussures les superficies \u00e9tendues en ext\u00e9rieur. Le bras rotatif Twin-Jet assure une \u00e9limination \u00e9tendue de la salet\u00e9, offrant un gain de temps de travail d&rsquo;environ 50 pour cent en comparaison avec le nettoyage \u00e0 la lance d&rsquo;arrosage. La Powerbuse suppl\u00e9mentaire permet en outre un nettoyage efficace des recoins et des bords. Et \u00e0 l&rsquo;aide de la buse de rin\u00e7age int\u00e9gr\u00e9e, la salet\u00e9 d\u00e9tach\u00e9e s&rsquo;enl\u00e8ve simplement en rin\u00e7ant la surface nettoy\u00e9e, sans aucune retouche p\u00e9nible. En r\u00e9glant l&rsquo;\u00e9cart entre les buses et l&rsquo;objet \u00e0 nettoyer, les surfaces dures telles que la pierre et le b\u00e9ton, ou plus d\u00e9licates, comme le bois, peuvent \u00eatre nettoy\u00e9es dans le respect des mat\u00e9riaux. Gr\u00e2ce \u00e0 l&rsquo;effet hydroglisseur, le\u00a0<span class=\"fix-spelling\">T-Racer<\/span>\u00a0est particuli\u00e8rement facile \u00e0 man\u0153uvrer. Les diff\u00e9rentes fonctions peuvent \u00eatre command\u00e9es confortablement en actionnant les p\u00e9dales. M\u00eame les surfaces verticales comme les portes de garage sont nettoy\u00e9es en un clin d&rsquo;\u0153il gr\u00e2ce \u00e0 une poign\u00e9e maniable. Convient pour les nettoyeurs haute pression des classes K\u00a04 \u00e0 K\u00a07.<\/p>\n<p>Poids (kg) 1,9<br \/>\nPoids (emballage inclus) (kg) 2,9<br \/>\nDimensions (L x l x h) (mm) 769 x 288 x 996<\/p>\n","protected":false},"excerpt":{"rendered":"<p>Le nettoyeur de surfaces T 7 Plus\u00a0T-Racer\u00a0permet de nettoyer efficacement et sans \u00e9claboussures les superficies \u00e9tendues en ext\u00e9rieur. Le bras<\/p>\n","protected":false},"featured_media":13930,"template":"","meta":[],"product_brand":[],"product_cat":[74,73],"product_tag":[],"class_list":{"0":"post-13859","1":"product","2":"type-product","3":"status-publish","4":"has-post-thumbnail","6":"product_cat-maison-jardin","7":"product_cat-nettoyeur-haute-pression","9":"first","10":"instock","11":"taxable","12":"shipping-taxable","13":"purchasable","14":"product-type-simple"},"yoast_head":"<!-- This site is optimized with the Yoast SEO plugin v24.8.1 - https:\/\/yoast.com\/wordpress\/plugins\/seo\/ -->\n<title>T 7 Plus\u00a0T-Racer\u00a0Le nettoyeur de surfaces - CBS Electro<\/title>\n<meta name=\"robots\" content=\"index, follow, max-snippet:-1, max-image-preview:large, max-video-preview:-1\" \/>\n<link rel=\"canonical\" href=\"https:\/\/cbs-electro.com\/index.php\/produit\/t-7-plus-t-racer-le-nettoyeur-de-surfaces\/\" \/>\n<meta property=\"og:locale\" content=\"fr_FR\" \/>\n<meta property=\"og:type\" content=\"article\" \/>\n<meta property=\"og:title\" content=\"T 7 Plus\u00a0T-Racer\u00a0Le nettoyeur de surfaces - CBS Electro\" \/>\n<meta property=\"og:description\" content=\"Le nettoyeur de surfaces T 7 Plus\u00a0T-Racer\u00a0permet de nettoyer efficacement et sans \u00e9claboussures les superficies \u00e9tendues en ext\u00e9rieur. Le bras\" \/>\n<meta property=\"og:url\" content=\"https:\/\/cbs-electro.com\/index.php\/produit\/t-7-plus-t-racer-le-nettoyeur-de-surfaces\/\" \/>\n<meta property=\"og:site_name\" content=\"CBS Electro\" \/>\n<meta property=\"article:modified_time\" content=\"2023-11-15T13:47:03+00:00\" \/>\n<meta property=\"og:image\" content=\"https:\/\/cbs-electro.com\/wp-content\/uploads\/2023\/11\/d1-5.jpg\" \/>\n\t<meta property=\"og:image:width\" content=\"1200\" \/>\n\t<meta property=\"og:image:height\" content=\"1200\" \/>\n\t<meta property=\"og:image:type\" content=\"image\/jpeg\" \/>\n<meta name=\"twitter:card\" content=\"summary_large_image\" \/>\n<meta name=\"twitter:label1\" content=\"Dur\u00e9e de lecture estim\u00e9e\" \/>\n\t<meta name=\"twitter:data1\" content=\"1 minute\" \/>\n<script type=\"application\/ld+json\" class=\"yoast-schema-graph\">{\"@context\":\"https:\/\/schema.org\",\"@graph\":[{\"@type\":\"WebPage\",\"@id\":\"https:\/\/cbs-electro.com\/index.php\/produit\/t-7-plus-t-racer-le-nettoyeur-de-surfaces\/\",\"url\":\"https:\/\/cbs-electro.com\/index.php\/produit\/t-7-plus-t-racer-le-nettoyeur-de-surfaces\/\",\"name\":\"T 7 Plus\u00a0T-Racer\u00a0Le nettoyeur de surfaces - CBS Electro\",\"isPartOf\":{\"@id\":\"https:\/\/www.cbs-electro.com\/#website\"},\"primaryImageOfPage\":{\"@id\":\"https:\/\/cbs-electro.com\/index.php\/produit\/t-7-plus-t-racer-le-nettoyeur-de-surfaces\/#primaryimage\"},\"image\":{\"@id\":\"https:\/\/cbs-electro.com\/index.php\/produit\/t-7-plus-t-racer-le-nettoyeur-de-surfaces\/#primaryimage\"},\"thumbnailUrl\":\"https:\/\/cbs-electro.com\/wp-content\/uploads\/2023\/11\/d1-5.jpg\",\"datePublished\":\"2023-11-15T13:46:33+00:00\",\"dateModified\":\"2023-11-15T13:47:03+00:00\",\"breadcrumb\":{\"@id\":\"https:\/\/cbs-electro.com\/index.php\/produit\/t-7-plus-t-racer-le-nettoyeur-de-surfaces\/#breadcrumb\"},\"inLanguage\":\"fr-FR\",\"potentialAction\":[{\"@type\":\"ReadAction\",\"target\":[\"https:\/\/cbs-electro.com\/index.php\/produit\/t-7-plus-t-racer-le-nettoyeur-de-surfaces\/\"]}]},{\"@type\":\"ImageObject\",\"inLanguage\":\"fr-FR\",\"@id\":\"https:\/\/cbs-electro.com\/index.php\/produit\/t-7-plus-t-racer-le-nettoyeur-de-surfaces\/#primaryimage\",\"url\":\"https:\/\/cbs-electro.com\/wp-content\/uploads\/2023\/11\/d1-5.jpg\",\"contentUrl\":\"https:\/\/cbs-electro.com\/wp-content\/uploads\/2023\/11\/d1-5.jpg\",\"width\":1200,\"height\":1200},{\"@type\":\"BreadcrumbList\",\"@id\":\"https:\/\/cbs-electro.com\/index.php\/produit\/t-7-plus-t-racer-le-nettoyeur-de-surfaces\/#breadcrumb\",\"itemListElement\":[{\"@type\":\"ListItem\",\"position\":1,\"name\":\"Accueil\",\"item\":\"https:\/\/www.cbs-electro.com\/\"},{\"@type\":\"ListItem\",\"position\":2,\"name\":\"Boutique\",\"item\":\"https:\/\/www.cbs-electro.com\/index.php\/boutique\/\"},{\"@type\":\"ListItem\",\"position\":3,\"name\":\"T 7 Plus\u00a0T-Racer\u00a0Le nettoyeur de surfaces\"}]},{\"@type\":\"WebSite\",\"@id\":\"https:\/\/www.cbs-electro.com\/#website\",\"url\":\"https:\/\/www.cbs-electro.com\/\",\"name\":\"CBS Electro\",\"description\":\"Vente des produits neufs - Informatique, Smartphones, livres, jeux vid\u00e9o, photos, jouets et \u00e9lectrom\u00e9nager\",\"potentialAction\":[{\"@type\":\"SearchAction\",\"target\":{\"@type\":\"EntryPoint\",\"urlTemplate\":\"https:\/\/www.cbs-electro.com\/?s={search_term_string}\"},\"query-input\":{\"@type\":\"PropertyValueSpecification\",\"valueRequired\":true,\"valueName\":\"search_term_string\"}}],\"inLanguage\":\"fr-FR\"}]}<\/script>\n<!-- \/ Yoast SEO plugin. -->","yoast_head_json":{"title":"T 7 Plus\u00a0T-Racer\u00a0Le nettoyeur de surfaces - CBS Electro","robots":{"index":"index","follow":"follow","max-snippet":"max-snippet:-1","max-image-preview":"max-image-preview:large","max-video-preview":"max-video-preview:-1"},"canonical":"https:\/\/cbs-electro.com\/index.php\/produit\/t-7-plus-t-racer-le-nettoyeur-de-surfaces\/","og_locale":"fr_FR","og_type":"article","og_title":"T 7 Plus\u00a0T-Racer\u00a0Le nettoyeur de surfaces - CBS Electro","og_description":"Le nettoyeur de surfaces T 7 Plus\u00a0T-Racer\u00a0permet de nettoyer efficacement et sans \u00e9claboussures les superficies \u00e9tendues en ext\u00e9rieur. Le bras","og_url":"https:\/\/cbs-electro.com\/index.php\/produit\/t-7-plus-t-racer-le-nettoyeur-de-surfaces\/","og_site_name":"CBS Electro","article_modified_time":"2023-11-15T13:47:03+00:00","og_image":[{"width":1200,"height":1200,"url":"https:\/\/cbs-electro.com\/wp-content\/uploads\/2023\/11\/d1-5.jpg","type":"image\/jpeg"}],"twitter_card":"summary_large_image","twitter_misc":{"Dur\u00e9e de lecture estim\u00e9e":"1 minute"},"schema":{"@context":"https:\/\/schema.org","@graph":[{"@type":"WebPage","@id":"https:\/\/cbs-electro.com\/index.php\/produit\/t-7-plus-t-racer-le-nettoyeur-de-surfaces\/","url":"https:\/\/cbs-electro.com\/index.php\/produit\/t-7-plus-t-racer-le-nettoyeur-de-surfaces\/","name":"T 7 Plus\u00a0T-Racer\u00a0Le nettoyeur de surfaces - CBS Electro","isPartOf":{"@id":"https:\/\/www.cbs-electro.com\/#website"},"primaryImageOfPage":{"@id":"https:\/\/cbs-electro.com\/index.php\/produit\/t-7-plus-t-racer-le-nettoyeur-de-surfaces\/#primaryimage"},"image":{"@id":"https:\/\/cbs-electro.com\/index.php\/produit\/t-7-plus-t-racer-le-nettoyeur-de-surfaces\/#primaryimage"},"thumbnailUrl":"https:\/\/cbs-electro.com\/wp-content\/uploads\/2023\/11\/d1-5.jpg","datePublished":"2023-11-15T13:46:33+00:00","dateModified":"2023-11-15T13:47:03+00:00","breadcrumb":{"@id":"https:\/\/cbs-electro.com\/index.php\/produit\/t-7-plus-t-racer-le-nettoyeur-de-surfaces\/#breadcrumb"},"inLanguage":"fr-FR","potentialAction":[{"@type":"ReadAction","target":["https:\/\/cbs-electro.com\/index.php\/produit\/t-7-plus-t-racer-le-nettoyeur-de-surfaces\/"]}]},{"@type":"ImageObject","inLanguage":"fr-FR","@id":"https:\/\/cbs-electro.com\/index.php\/produit\/t-7-plus-t-racer-le-nettoyeur-de-surfaces\/#primaryimage","url":"https:\/\/cbs-electro.com\/wp-content\/uploads\/2023\/11\/d1-5.jpg","contentUrl":"https:\/\/cbs-electro.com\/wp-content\/uploads\/2023\/11\/d1-5.jpg","width":1200,"height":1200},{"@type":"BreadcrumbList","@id":"https:\/\/cbs-electro.com\/index.php\/produit\/t-7-plus-t-racer-le-nettoyeur-de-surfaces\/#breadcrumb","itemListElement":[{"@type":"ListItem","position":1,"name":"Accueil","item":"https:\/\/www.cbs-electro.com\/"},{"@type":"ListItem","position":2,"name":"Boutique","item":"https:\/\/www.cbs-electro.com\/index.php\/boutique\/"},{"@type":"ListItem","position":3,"name":"T 7 Plus\u00a0T-Racer\u00a0Le nettoyeur de surfaces"}]},{"@type":"WebSite","@id":"https:\/\/www.cbs-electro.com\/#website","url":"https:\/\/www.cbs-electro.com\/","name":"CBS Electro","description":"Vente des produits neufs - Informatique, Smartphones, livres, jeux vid\u00e9o, photos, jouets et \u00e9lectrom\u00e9nager","potentialAction":[{"@type":"SearchAction","target":{"@type":"EntryPoint","urlTemplate":"https:\/\/www.cbs-electro.com\/?s={search_term_string}"},"query-input":{"@type":"PropertyValueSpecification","valueRequired":true,"valueName":"search_term_string"}}],"inLanguage":"fr-FR"}]}},"_links":{"self":[{"href":"https:\/\/cbs-electro.com\/index.php\/wp-json\/wp\/v2\/product\/13859","targetHints":{"allow":["GET"]}}],"collection":[{"href":"https:\/\/cbs-electro.com\/index.php\/wp-json\/wp\/v2\/product"}],"about":[{"href":"https:\/\/cbs-electro.com\/index.php\/wp-json\/wp\/v2\/types\/product"}],"version-history":[{"count":1,"href":"https:\/\/cbs-electro.com\/index.php\/wp-json\/wp\/v2\/product\/13859\/revisions"}],"predecessor-version":[{"id":13935,"href":"https:\/\/cbs-electro.com\/index.php\/wp-json\/wp\/v2\/product\/13859\/revisions\/13935"}],"wp:featuredmedia":[{"embeddable":true,"href":"https:\/\/cbs-electro.com\/index.php\/wp-json\/wp\/v2\/media\/13930"}],"wp:attachment":[{"href":"https:\/\/cbs-electro.com\/index.php\/wp-json\/wp\/v2\/media?parent=13859"}],"wp:term":[{"taxonomy":"product_brand","embeddable":true,"href":"https:\/\/cbs-electro.com\/index.php\/wp-json\/wp\/v2\/product_brand?post=13859"},{"taxonomy":"product_cat","embeddable":true,"href":"https:\/\/cbs-electro.com\/index.php\/wp-json\/wp\/v2\/product_cat?post=13859"},{"taxonomy":"product_tag","embeddable":true,"href":"https:\/\/cbs-electro.com\/index.php\/wp-json\/wp\/v2\/product_tag?post=13859"}],"curies":[{"name":"wp","href":"https:\/\/api.w.org\/{rel}","templated":true}]}}