{"id":13853,"date":"2023-11-15T14:46:32","date_gmt":"2023-11-15T13:46:32","guid":{"rendered":"https:\/?post_type=product&#038;p=13853"},"modified":"2023-11-15T14:46:40","modified_gmt":"2023-11-15T13:46:40","slug":"console-playstation-5-edition-standard","status":"publish","type":"product","link":"https:\/\/cbs-electro.com\/index.php\/produit\/console-playstation-5-edition-standard\/","title":{"rendered":"Console PlayStation 5 \u00c9dition Standard"},"content":{"rendered":"<p>Type de Produit Console de jeux<\/p>\n<p>M\u00e9moire interne 825 Go SSD<\/p>\n<p>Support Ultra HD Blu-ray<\/p>\n<p>Processeur 1 x AMD Ryzen Zen 2 3.5 GHz &#8211; 8 c\u00bfurs<\/p>\n<p>RAM 16 Go GDDR6 SDRAM \u00e0 448 Go\/s<\/p>\n<p>Processeur graphique AMD RDNA 2<\/p>\n<p>Performance en virgule flottante 10.3 Tflops<\/p>\n<p>R\u00e9seau Gigabit Ethernet, 802.11a\/b\/g\/n\/ac, Bluetooth 5.1<\/p>\n<p>Fonctions Tempest 3D AudioTech, Acc\u00e9l\u00e9ration du tra\u00e7age des rayons, 4K 120 images\/seconde<\/p>\n<p>Diffusion HD Oui<\/p>\n<p>Largeur 39 cm<\/p>\n<p>Profondeur 26 cm<\/p>\n<p>Hauteur 10.4 cm<\/p>\n<p>Poids 4.5 kg<\/p>\n<p>Contr\u00f4leur<\/p>\n<p>Type DualSense &#8211; sans fil<\/p>\n<p>Commandes Bouton PS, boutons directionnels, boutons d&rsquo;action, pav\u00e9 tactile, pav\u00e9 tactile double pointage, bouton d&rsquo;options, Right stick, Left stick, bouton L1, bouton L3, bouton R1, bouton R3, bouton R2, bouton L2, Bouton Cr\u00e9er, Bouton muet<\/p>\n<p>Caract\u00e9ristiques Capteur de mouvement (6 axes), haut-parleur int\u00e9gr\u00e9, port de casque micro, microphone int\u00e9gr\u00e9, pav\u00e9 tactile capacitif, M\u00e9canisme de clic, r\u00e9troaction haptique, d\u00e9clencheurs adaptatifs<\/p>\n<p>Sortie vid\u00e9o<\/p>\n<p>Connexion TV HDMI<\/p>\n<p>R\u00e9solution 8K (4320p)<\/p>\n<p>Capacit\u00e9 HDR Oui<\/p>\n<p>Interfaces<\/p>\n<p>Type de connecteur Sortie HDMI &#8211; USB 2.0 &#8211; 2 x USB &#8211; USB &#8211; LAN<\/p>\n<p>Divers<\/p>\n<p>Consommation en fonctionnement 350 Watt<\/p>\n","protected":false},"excerpt":{"rendered":"<p>Type de Produit Console de jeux M\u00e9moire interne 825 Go SSD Support Ultra HD Blu-ray Processeur 1 x AMD Ryzen<\/p>\n","protected":false},"featured_media":13894,"template":"","meta":[],"product_brand":[],"product_cat":[70,72],"product_tag":[],"class_list":{"0":"post-13853","1":"product","2":"type-product","3":"status-publish","4":"has-post-thumbnail","6":"product_cat-consoles-jeux-videos","7":"product_cat-playstation","9":"first","10":"instock","11":"taxable","12":"shipping-taxable","13":"purchasable","14":"product-type-simple"},"yoast_head":"<!-- This site is optimized with the Yoast SEO plugin v24.8.1 - https:\/\/yoast.com\/wordpress\/plugins\/seo\/ -->\n<title>Console PlayStation 5 \u00c9dition Standard - CBS Electro<\/title>\n<meta name=\"robots\" content=\"index, follow, max-snippet:-1, max-image-preview:large, max-video-preview:-1\" \/>\n<link rel=\"canonical\" href=\"https:\/\/cbs-electro.com\/index.php\/produit\/console-playstation-5-edition-standard\/\" \/>\n<meta property=\"og:locale\" content=\"fr_FR\" \/>\n<meta property=\"og:type\" content=\"article\" \/>\n<meta property=\"og:title\" content=\"Console PlayStation 5 \u00c9dition Standard - CBS Electro\" \/>\n<meta property=\"og:description\" content=\"Type de Produit Console de jeux M\u00e9moire interne 825 Go SSD Support Ultra HD Blu-ray Processeur 1 x AMD Ryzen\" \/>\n<meta property=\"og:url\" content=\"https:\/\/cbs-electro.com\/index.php\/produit\/console-playstation-5-edition-standard\/\" \/>\n<meta property=\"og:site_name\" content=\"CBS Electro\" \/>\n<meta property=\"article:modified_time\" content=\"2023-11-15T13:46:40+00:00\" \/>\n<meta property=\"og:image\" content=\"https:\/\/cbs-electro.com\/wp-content\/uploads\/2023\/11\/108-large_default.jpg\" \/>\n\t<meta property=\"og:image:width\" content=\"800\" \/>\n\t<meta property=\"og:image:height\" content=\"800\" \/>\n\t<meta property=\"og:image:type\" content=\"image\/jpeg\" \/>\n<meta name=\"twitter:card\" content=\"summary_large_image\" \/>\n<meta name=\"twitter:label1\" content=\"Dur\u00e9e de lecture estim\u00e9e\" \/>\n\t<meta name=\"twitter:data1\" content=\"1 minute\" \/>\n<script type=\"application\/ld+json\" class=\"yoast-schema-graph\">{\"@context\":\"https:\/\/schema.org\",\"@graph\":[{\"@type\":\"WebPage\",\"@id\":\"https:\/\/cbs-electro.com\/index.php\/produit\/console-playstation-5-edition-standard\/\",\"url\":\"https:\/\/cbs-electro.com\/index.php\/produit\/console-playstation-5-edition-standard\/\",\"name\":\"Console PlayStation 5 \u00c9dition Standard - CBS Electro\",\"isPartOf\":{\"@id\":\"https:\/\/www.cbs-electro.com\/#website\"},\"primaryImageOfPage\":{\"@id\":\"https:\/\/cbs-electro.com\/index.php\/produit\/console-playstation-5-edition-standard\/#primaryimage\"},\"image\":{\"@id\":\"https:\/\/cbs-electro.com\/index.php\/produit\/console-playstation-5-edition-standard\/#primaryimage\"},\"thumbnailUrl\":\"https:\/\/cbs-electro.com\/wp-content\/uploads\/2023\/11\/108-large_default.jpg\",\"datePublished\":\"2023-11-15T13:46:32+00:00\",\"dateModified\":\"2023-11-15T13:46:40+00:00\",\"breadcrumb\":{\"@id\":\"https:\/\/cbs-electro.com\/index.php\/produit\/console-playstation-5-edition-standard\/#breadcrumb\"},\"inLanguage\":\"fr-FR\",\"potentialAction\":[{\"@type\":\"ReadAction\",\"target\":[\"https:\/\/cbs-electro.com\/index.php\/produit\/console-playstation-5-edition-standard\/\"]}]},{\"@type\":\"ImageObject\",\"inLanguage\":\"fr-FR\",\"@id\":\"https:\/\/cbs-electro.com\/index.php\/produit\/console-playstation-5-edition-standard\/#primaryimage\",\"url\":\"https:\/\/cbs-electro.com\/wp-content\/uploads\/2023\/11\/108-large_default.jpg\",\"contentUrl\":\"https:\/\/cbs-electro.com\/wp-content\/uploads\/2023\/11\/108-large_default.jpg\",\"width\":800,\"height\":800},{\"@type\":\"BreadcrumbList\",\"@id\":\"https:\/\/cbs-electro.com\/index.php\/produit\/console-playstation-5-edition-standard\/#breadcrumb\",\"itemListElement\":[{\"@type\":\"ListItem\",\"position\":1,\"name\":\"Accueil\",\"item\":\"https:\/\/www.cbs-electro.com\/\"},{\"@type\":\"ListItem\",\"position\":2,\"name\":\"Boutique\",\"item\":\"https:\/\/www.cbs-electro.com\/index.php\/boutique\/\"},{\"@type\":\"ListItem\",\"position\":3,\"name\":\"Console PlayStation 5 \u00c9dition Standard\"}]},{\"@type\":\"WebSite\",\"@id\":\"https:\/\/www.cbs-electro.com\/#website\",\"url\":\"https:\/\/www.cbs-electro.com\/\",\"name\":\"CBS Electro\",\"description\":\"Vente des produits neufs - Informatique, Smartphones, livres, jeux vid\u00e9o, photos, jouets et \u00e9lectrom\u00e9nager\",\"potentialAction\":[{\"@type\":\"SearchAction\",\"target\":{\"@type\":\"EntryPoint\",\"urlTemplate\":\"https:\/\/www.cbs-electro.com\/?s={search_term_string}\"},\"query-input\":{\"@type\":\"PropertyValueSpecification\",\"valueRequired\":true,\"valueName\":\"search_term_string\"}}],\"inLanguage\":\"fr-FR\"}]}<\/script>\n<!-- \/ Yoast SEO plugin. -->","yoast_head_json":{"title":"Console PlayStation 5 \u00c9dition Standard - CBS Electro","robots":{"index":"index","follow":"follow","max-snippet":"max-snippet:-1","max-image-preview":"max-image-preview:large","max-video-preview":"max-video-preview:-1"},"canonical":"https:\/\/cbs-electro.com\/index.php\/produit\/console-playstation-5-edition-standard\/","og_locale":"fr_FR","og_type":"article","og_title":"Console PlayStation 5 \u00c9dition Standard - CBS Electro","og_description":"Type de Produit Console de jeux M\u00e9moire interne 825 Go SSD Support Ultra HD Blu-ray Processeur 1 x AMD Ryzen","og_url":"https:\/\/cbs-electro.com\/index.php\/produit\/console-playstation-5-edition-standard\/","og_site_name":"CBS Electro","article_modified_time":"2023-11-15T13:46:40+00:00","og_image":[{"width":800,"height":800,"url":"https:\/\/cbs-electro.com\/wp-content\/uploads\/2023\/11\/108-large_default.jpg","type":"image\/jpeg"}],"twitter_card":"summary_large_image","twitter_misc":{"Dur\u00e9e de lecture estim\u00e9e":"1 minute"},"schema":{"@context":"https:\/\/schema.org","@graph":[{"@type":"WebPage","@id":"https:\/\/cbs-electro.com\/index.php\/produit\/console-playstation-5-edition-standard\/","url":"https:\/\/cbs-electro.com\/index.php\/produit\/console-playstation-5-edition-standard\/","name":"Console PlayStation 5 \u00c9dition Standard - CBS Electro","isPartOf":{"@id":"https:\/\/www.cbs-electro.com\/#website"},"primaryImageOfPage":{"@id":"https:\/\/cbs-electro.com\/index.php\/produit\/console-playstation-5-edition-standard\/#primaryimage"},"image":{"@id":"https:\/\/cbs-electro.com\/index.php\/produit\/console-playstation-5-edition-standard\/#primaryimage"},"thumbnailUrl":"https:\/\/cbs-electro.com\/wp-content\/uploads\/2023\/11\/108-large_default.jpg","datePublished":"2023-11-15T13:46:32+00:00","dateModified":"2023-11-15T13:46:40+00:00","breadcrumb":{"@id":"https:\/\/cbs-electro.com\/index.php\/produit\/console-playstation-5-edition-standard\/#breadcrumb"},"inLanguage":"fr-FR","potentialAction":[{"@type":"ReadAction","target":["https:\/\/cbs-electro.com\/index.php\/produit\/console-playstation-5-edition-standard\/"]}]},{"@type":"ImageObject","inLanguage":"fr-FR","@id":"https:\/\/cbs-electro.com\/index.php\/produit\/console-playstation-5-edition-standard\/#primaryimage","url":"https:\/\/cbs-electro.com\/wp-content\/uploads\/2023\/11\/108-large_default.jpg","contentUrl":"https:\/\/cbs-electro.com\/wp-content\/uploads\/2023\/11\/108-large_default.jpg","width":800,"height":800},{"@type":"BreadcrumbList","@id":"https:\/\/cbs-electro.com\/index.php\/produit\/console-playstation-5-edition-standard\/#breadcrumb","itemListElement":[{"@type":"ListItem","position":1,"name":"Accueil","item":"https:\/\/www.cbs-electro.com\/"},{"@type":"ListItem","position":2,"name":"Boutique","item":"https:\/\/www.cbs-electro.com\/index.php\/boutique\/"},{"@type":"ListItem","position":3,"name":"Console PlayStation 5 \u00c9dition Standard"}]},{"@type":"WebSite","@id":"https:\/\/www.cbs-electro.com\/#website","url":"https:\/\/www.cbs-electro.com\/","name":"CBS Electro","description":"Vente des produits neufs - Informatique, Smartphones, livres, jeux vid\u00e9o, photos, jouets et \u00e9lectrom\u00e9nager","potentialAction":[{"@type":"SearchAction","target":{"@type":"EntryPoint","urlTemplate":"https:\/\/www.cbs-electro.com\/?s={search_term_string}"},"query-input":{"@type":"PropertyValueSpecification","valueRequired":true,"valueName":"search_term_string"}}],"inLanguage":"fr-FR"}]}},"_links":{"self":[{"href":"https:\/\/cbs-electro.com\/index.php\/wp-json\/wp\/v2\/product\/13853","targetHints":{"allow":["GET"]}}],"collection":[{"href":"https:\/\/cbs-electro.com\/index.php\/wp-json\/wp\/v2\/product"}],"about":[{"href":"https:\/\/cbs-electro.com\/index.php\/wp-json\/wp\/v2\/types\/product"}],"version-history":[{"count":1,"href":"https:\/\/cbs-electro.com\/index.php\/wp-json\/wp\/v2\/product\/13853\/revisions"}],"predecessor-version":[{"id":13896,"href":"https:\/\/cbs-electro.com\/index.php\/wp-json\/wp\/v2\/product\/13853\/revisions\/13896"}],"wp:featuredmedia":[{"embeddable":true,"href":"https:\/\/cbs-electro.com\/index.php\/wp-json\/wp\/v2\/media\/13894"}],"wp:attachment":[{"href":"https:\/\/cbs-electro.com\/index.php\/wp-json\/wp\/v2\/media?parent=13853"}],"wp:term":[{"taxonomy":"product_brand","embeddable":true,"href":"https:\/\/cbs-electro.com\/index.php\/wp-json\/wp\/v2\/product_brand?post=13853"},{"taxonomy":"product_cat","embeddable":true,"href":"https:\/\/cbs-electro.com\/index.php\/wp-json\/wp\/v2\/product_cat?post=13853"},{"taxonomy":"product_tag","embeddable":true,"href":"https:\/\/cbs-electro.com\/index.php\/wp-json\/wp\/v2\/product_tag?post=13853"}],"curies":[{"name":"wp","href":"https:\/\/api.w.org\/{rel}","templated":true}]}}