{"id":14382,"date":"2023-11-16T13:02:52","date_gmt":"2023-11-16T12:02:52","guid":{"rendered":"https:\/?page_id=14382"},"modified":"2025-04-11T00:39:33","modified_gmt":"2025-04-10T22:39:33","slug":"mentions-legales","status":"publish","type":"page","link":"https:\/\/cbs-electro.com\/index.php\/mentions-legales\/","title":{"rendered":"Mentions l\u00e9gales"},"content":{"rendered":"\n<h2 class=\"wp-block-heading\">Mentions l\u00e9gales<\/h2>\n\n\n\n<p>CBS ELEC Soci\u00e9t\u00e9 \u00e9ditrice du site www.cbs-electro.com<\/p>\n\n\n\n<p>SIREN : 813060944<br>SIRET : 81306094400028<br>Num\u00e9ro de TVA :  FR86813060944<\/p>\n\n\n\n<p>Si\u00e8ge social : 100 Avenue du G\u00e9n\u00e9ral Leclerc, 93500 Pantin France<\/p>\n\n\n\n<p>Pour toute information ou conseil, vous pouvez nous contacter:<\/p>\n\n\n\n<p>En Ligne, via votre Espace Client.<br>Nous mettons tout en \u0153uvre pour offrir \u00e0 ses utilisateurs la meilleure exp\u00e9rience de navigation possible ainsi que des informations compl\u00e8tes et pertinentes. Dans le cas o\u00f9 vous remarqueriez un contenu inappropri\u00e9 ou illicite, nous vous invitons \u00e0 nous le signaler sur notre page \u201cNous contacter\u201d.<\/p>\n\n\n\n<p>CBS ELECTRO est propri\u00e9taire et\/ou dispose des autorisations n\u00e9cessaires pour diffuser l\u2019int\u00e9gralit\u00e9 du contenu du Site ou rendu disponible \u00e0 travers le Site et notamment, les textes, dessins, graphiques, images, photos, marques et logos. Ces contenus sont prot\u00e9g\u00e9s par des droits de propri\u00e9t\u00e9 intellectuelle ; il vous est par cons\u00e9quent interdit de copier, modifier, retranscrire, extraire, r\u00e9utiliser et d\u2019une mani\u00e8re g\u00e9n\u00e9rale reproduire et diffuser lesdits contenus sans notre autorisation.<\/p>\n\n\n\n<p>Nous attirons votre attention sur le fait que la violation des droits de propri\u00e9t\u00e9 intellectuelle est constitutive du d\u00e9lit de contrefa\u00e7on, p\u00e9nalement sanctionn\u00e9.<br>Nous vous rappelons que nos conditions g\u00e9n\u00e9rales de vente et d\u2019abonnement sont accessibles \u00e0 tout moment pendant votre navigation au bas de chacune des pages de notre Site, en cliquant sur le lien \u00ab Conditions G\u00e9n\u00e9rales de Vente \u00bb.<br>Afin d\u2019avoir plus d\u2019informations sur la protection et le traitement de vos donn\u00e9es \u00e0 caract\u00e8re personnel ainsi que sur les cookies, nous vous invitons \u00e0 consulter notre page \u00ab Protection de la vie priv\u00e9e et cookies \u00bb accessible au bas de chaque page du Site.<\/p>\n\n\n\n<p>Droits d\u2019auteur<br>Toutes les informations ou documents contenus dans le Site ainsi que tous les \u00e9l\u00e9ments cr\u00e9\u00e9s pour le Site sont soit la propri\u00e9t\u00e9 de la soci\u00e9t\u00e9 \u00e9ditrice du Site, soit font l\u2019objet de droits d\u2019utilisation, de reproduction et de repr\u00e9sentation consentis au profit des ces derni\u00e8res. Ces informations, documents ou \u00e9l\u00e9ments sont soumises aux lois prot\u00e9geant le droit d\u2019auteur d\u00e8s lors qu\u2019elles sont mises \u00e0 la disposition du public sur ce Site. Les copies des documents contenus dans ce Site ne peuvent \u00eatre faites qu\u2019\u00e0 titre d\u2019information et exclusivement pour un seul usage strictement priv\u00e9. Aucune licence, ni aucun droit autre que celui de consulter le Site, n\u2019est conf\u00e9r\u00e9 \u00e0 quiconque au regard des droits de propri\u00e9t\u00e9 intellectuelle. La reproduction des documents du Site est autoris\u00e9e \u00e0 des fins exclusives d\u2019information pour un usage personnel et priv\u00e9 : toute reproduction et toute utilisation de copie r\u00e9alis\u00e9e \u00e0 d\u2019autres fins est express\u00e9ment interdite et soumise \u00e0 l\u2019autorisation pr\u00e9alable et expresse de la soci\u00e9t\u00e9 \u00e9ditrice du Site. Dans tous les cas, la reproduction autoris\u00e9e des informations contenues dans ce Site devra indiquer la source et la mention de propri\u00e9t\u00e9 ad\u00e9quates.<\/p>\n","protected":false},"excerpt":{"rendered":"<p>Mentions l\u00e9gales CBS ELEC Soci\u00e9t\u00e9 \u00e9ditrice du site www.cbs-electro.com SIREN : 813060944SIRET : 81306094400028Num\u00e9ro de TVA : FR86813060944 Si\u00e8ge social<\/p>\n","protected":false},"author":1,"featured_media":0,"parent":0,"menu_order":0,"comment_status":"closed","ping_status":"closed","template":"","meta":{"footnotes":""},"class_list":["post-14382","page","type-page","status-publish","hentry"],"yoast_head":"<!-- This site is optimized with the Yoast SEO plugin v24.8.1 - https:\/\/yoast.com\/wordpress\/plugins\/seo\/ -->\n<title>Mentions l\u00e9gales - CBS Electro<\/title>\n<meta name=\"robots\" content=\"index, follow, max-snippet:-1, max-image-preview:large, max-video-preview:-1\" \/>\n<link rel=\"canonical\" href=\"https:\/\/cbs-electro.com\/index.php\/mentions-legales\/\" \/>\n<meta property=\"og:locale\" content=\"fr_FR\" \/>\n<meta property=\"og:type\" content=\"article\" \/>\n<meta property=\"og:title\" content=\"Mentions l\u00e9gales - CBS Electro\" \/>\n<meta property=\"og:description\" content=\"Mentions l\u00e9gales CBS ELEC Soci\u00e9t\u00e9 \u00e9ditrice du site www.cbs-electro.com SIREN : 813060944SIRET : 81306094400028Num\u00e9ro de TVA : FR86813060944 Si\u00e8ge social\" \/>\n<meta property=\"og:url\" content=\"https:\/\/cbs-electro.com\/index.php\/mentions-legales\/\" \/>\n<meta property=\"og:site_name\" content=\"CBS Electro\" \/>\n<meta property=\"article:modified_time\" content=\"2025-04-10T22:39:33+00:00\" \/>\n<meta name=\"twitter:card\" content=\"summary_large_image\" \/>\n<meta name=\"twitter:label1\" content=\"Dur\u00e9e de lecture estim\u00e9e\" \/>\n\t<meta name=\"twitter:data1\" content=\"3 minutes\" \/>\n<script type=\"application\/ld+json\" class=\"yoast-schema-graph\">{\"@context\":\"https:\/\/schema.org\",\"@graph\":[{\"@type\":\"WebPage\",\"@id\":\"https:\/\/cbs-electro.com\/index.php\/mentions-legales\/\",\"url\":\"https:\/\/cbs-electro.com\/index.php\/mentions-legales\/\",\"name\":\"Mentions l\u00e9gales - CBS Electro\",\"isPartOf\":{\"@id\":\"https:\/\/www.cbs-electro.com\/#website\"},\"datePublished\":\"2023-11-16T12:02:52+00:00\",\"dateModified\":\"2025-04-10T22:39:33+00:00\",\"breadcrumb\":{\"@id\":\"https:\/\/cbs-electro.com\/index.php\/mentions-legales\/#breadcrumb\"},\"inLanguage\":\"fr-FR\",\"potentialAction\":[{\"@type\":\"ReadAction\",\"target\":[\"https:\/\/cbs-electro.com\/index.php\/mentions-legales\/\"]}]},{\"@type\":\"BreadcrumbList\",\"@id\":\"https:\/\/cbs-electro.com\/index.php\/mentions-legales\/#breadcrumb\",\"itemListElement\":[{\"@type\":\"ListItem\",\"position\":1,\"name\":\"Accueil\",\"item\":\"https:\/\/www.cbs-electro.com\/\"},{\"@type\":\"ListItem\",\"position\":2,\"name\":\"Mentions l\u00e9gales\"}]},{\"@type\":\"WebSite\",\"@id\":\"https:\/\/www.cbs-electro.com\/#website\",\"url\":\"https:\/\/www.cbs-electro.com\/\",\"name\":\"CBS Electro\",\"description\":\"Vente des produits neufs - Informatique, Smartphones, livres, jeux vid\u00e9o, photos, jouets et \u00e9lectrom\u00e9nager\",\"potentialAction\":[{\"@type\":\"SearchAction\",\"target\":{\"@type\":\"EntryPoint\",\"urlTemplate\":\"https:\/\/www.cbs-electro.com\/?s={search_term_string}\"},\"query-input\":{\"@type\":\"PropertyValueSpecification\",\"valueRequired\":true,\"valueName\":\"search_term_string\"}}],\"inLanguage\":\"fr-FR\"}]}<\/script>\n<!-- \/ Yoast SEO plugin. -->","yoast_head_json":{"title":"Mentions l\u00e9gales - CBS Electro","robots":{"index":"index","follow":"follow","max-snippet":"max-snippet:-1","max-image-preview":"max-image-preview:large","max-video-preview":"max-video-preview:-1"},"canonical":"https:\/\/cbs-electro.com\/index.php\/mentions-legales\/","og_locale":"fr_FR","og_type":"article","og_title":"Mentions l\u00e9gales - CBS Electro","og_description":"Mentions l\u00e9gales CBS ELEC Soci\u00e9t\u00e9 \u00e9ditrice du site www.cbs-electro.com SIREN : 813060944SIRET : 81306094400028Num\u00e9ro de TVA : FR86813060944 Si\u00e8ge social","og_url":"https:\/\/cbs-electro.com\/index.php\/mentions-legales\/","og_site_name":"CBS Electro","article_modified_time":"2025-04-10T22:39:33+00:00","twitter_card":"summary_large_image","twitter_misc":{"Dur\u00e9e de lecture estim\u00e9e":"3 minutes"},"schema":{"@context":"https:\/\/schema.org","@graph":[{"@type":"WebPage","@id":"https:\/\/cbs-electro.com\/index.php\/mentions-legales\/","url":"https:\/\/cbs-electro.com\/index.php\/mentions-legales\/","name":"Mentions l\u00e9gales - CBS Electro","isPartOf":{"@id":"https:\/\/www.cbs-electro.com\/#website"},"datePublished":"2023-11-16T12:02:52+00:00","dateModified":"2025-04-10T22:39:33+00:00","breadcrumb":{"@id":"https:\/\/cbs-electro.com\/index.php\/mentions-legales\/#breadcrumb"},"inLanguage":"fr-FR","potentialAction":[{"@type":"ReadAction","target":["https:\/\/cbs-electro.com\/index.php\/mentions-legales\/"]}]},{"@type":"BreadcrumbList","@id":"https:\/\/cbs-electro.com\/index.php\/mentions-legales\/#breadcrumb","itemListElement":[{"@type":"ListItem","position":1,"name":"Accueil","item":"https:\/\/www.cbs-electro.com\/"},{"@type":"ListItem","position":2,"name":"Mentions l\u00e9gales"}]},{"@type":"WebSite","@id":"https:\/\/www.cbs-electro.com\/#website","url":"https:\/\/www.cbs-electro.com\/","name":"CBS Electro","description":"Vente des produits neufs - Informatique, Smartphones, livres, jeux vid\u00e9o, photos, jouets et \u00e9lectrom\u00e9nager","potentialAction":[{"@type":"SearchAction","target":{"@type":"EntryPoint","urlTemplate":"https:\/\/www.cbs-electro.com\/?s={search_term_string}"},"query-input":{"@type":"PropertyValueSpecification","valueRequired":true,"valueName":"search_term_string"}}],"inLanguage":"fr-FR"}]}},"_links":{"self":[{"href":"https:\/\/cbs-electro.com\/index.php\/wp-json\/wp\/v2\/pages\/14382","targetHints":{"allow":["GET"]}}],"collection":[{"href":"https:\/\/cbs-electro.com\/index.php\/wp-json\/wp\/v2\/pages"}],"about":[{"href":"https:\/\/cbs-electro.com\/index.php\/wp-json\/wp\/v2\/types\/page"}],"author":[{"embeddable":true,"href":"https:\/\/cbs-electro.com\/index.php\/wp-json\/wp\/v2\/users\/1"}],"replies":[{"embeddable":true,"href":"https:\/\/cbs-electro.com\/index.php\/wp-json\/wp\/v2\/comments?post=14382"}],"version-history":[{"count":9,"href":"https:\/\/cbs-electro.com\/index.php\/wp-json\/wp\/v2\/pages\/14382\/revisions"}],"predecessor-version":[{"id":17769,"href":"https:\/\/cbs-electro.com\/index.php\/wp-json\/wp\/v2\/pages\/14382\/revisions\/17769"}],"wp:attachment":[{"href":"https:\/\/cbs-electro.com\/index.php\/wp-json\/wp\/v2\/media?parent=14382"}],"curies":[{"name":"wp","href":"https:\/\/api.w.org\/{rel}","templated":true}]}}